{"id":17232,"date":"2026-01-17T21:47:07","date_gmt":"2026-01-17T20:47:07","guid":{"rendered":"https:\/\/oponyonline.shop\/xef5\/produkt\/2x-255-30r20-opona-petlas-velox-sport-pt741-xl-fr-92y\/"},"modified":"2026-01-17T21:47:07","modified_gmt":"2026-01-17T20:47:07","slug":"2x-255-30r20-opona-petlas-velox-sport-pt741-xl-fr-92y","status":"publish","type":"product","link":"https:\/\/oponixo.shop\/tire\/produkt\/2x-255-30r20-opona-petlas-velox-sport-pt741-xl-fr-92y\/","title":{"rendered":"2x 255\/30R20 opona PETLAS VELOX SPORT PT741 XL FR 92Y"},"content":{"rendered":"<div style=\"font-family: Arial, sans-serif; line-height: 1.6; color: #333; padding: 20px; clear: both; display: block; width: 100%; float: none; position: static; overflow: hidden;\">\n<div style=\"clear: both; display: block; margin: 10px 0;\">\n<div style=\"clear: both; display: block; margin: 10px 0;\">\n<div style=\"clear: both; display: block; margin: 10px 0;\">\n<h2>1x PETLAS VELOX SPORT PT741 255\/30R20 92 Y<\/h2>\n<\/div>\n<\/div>\n<\/div>\n<div style=\"clear: both; display: block; margin: 10px 0;\">\n<div style=\"clear: both; display: block; margin: 10px 0;\">\n<div style=\"clear: both; display: block; margin: 10px 0;\">\n<div  style=\"max-width:920px;max-height:1120px\">\n<div style=\"clear: both; display: block; margin: 10px 0;\">\n<div style=\"clear: both; width: 100%; display: block; margin: 20px 0; padding: 0; float: none; position: static; text-align: center;\"><img decoding=\"async\"  src=\"https:\/\/a.allegroimg.com\/original\/11bac1\/edc8679f460ca2fa41ae56160261\/2x-255-30R20-opona-PETLAS-VELOX-SPORT-PT741-XL-FR-92Y\" srcset=\"https:\/\/a.allegroimg.com\/original\/11bac1\/edc8679f460ca2fa41ae56160261\/2x-255-30R20-opona-PETLAS-VELOX-SPORT-PT741-XL-FR-92Y 295w,https:\/\/a.allegroimg.com\/original\/11bac1\/edc8679f460ca2fa41ae56160261\/2x-255-30R20-opona-PETLAS-VELOX-SPORT-PT741-XL-FR-92Y 591w,https:\/\/a.allegroimg.com\/original\/11bac1\/edc8679f460ca2fa41ae56160261\/2x-255-30R20-opona-PETLAS-VELOX-SPORT-PT741-XL-FR-92Y 841w,https:\/\/a.allegroimg.com\/original\/11bac1\/edc8679f460ca2fa41ae56160261\/2x-255-30R20-opona-PETLAS-VELOX-SPORT-PT741-XL-FR-92Y 920w,https:\/\/a.allegroimg.com\/original\/11bac1\/edc8679f460ca2fa41ae56160261\/2x-255-30R20-opona-PETLAS-VELOX-SPORT-PT741-XL-FR-92Y 920w\" sizes=\"(min-width: 1200px) 560px, (min-width: 992px) 50vw, 100vw\" width=\"920px\" alt=\"2x 255\/30R20 opona PETLAS VELOX SPORT PT741 XL FR 92Y\" style=\"max-width: 100%; height: auto; display: block; margin: 0 auto;\"><\/div>\n<\/div>\n<\/div>\n<\/div>\n<\/div>\n<div style=\"clear: both; display: block; margin: 10px 0;\">\n<div style=\"clear: both; display: block; margin: 10px 0;\">\n<h2>Letnia opona PETLAS VELOX SPORT PT741 XL FR 255\/30 R20 92 Y<\/h2>\n<p style=\"margin: 15px 0; line-height: 1.8; clear: both; display: block; width: 100%; float: none; position: static;\">Opona PETLAS VELOX SPORT PT741 XL FR to znacz\u0105cy model w portfolio producenta.&nbsp;<\/p>\n<p style=\"margin: 15px 0; line-height: 1.8; clear: both; display: block; width: 100%; float: none; position: static;\">Opony klasy ekonomicznej maj\u0105 \u015bwietny stosunek jako\u015bci do ceny.<\/p>\n<ul style=\"margin: 15px 0; padding-left: 20px; clear: both; display: block; width: 100%; float: none; position: static;\">\n<li style=\"margin: 5px 0; padding: 2px 0; clear: both; display: list-item; float: none; position: static;\"><b>Stan:<\/b>&nbsp;Nowy<\/li>\n<li style=\"margin: 5px 0; padding: 2px 0; clear: both; display: list-item; float: none; position: static;\"><b>EAN:<\/b>&nbsp;8680830030525<\/li>\n<li style=\"margin: 5px 0; padding: 2px 0; clear: both; display: list-item; float: none; position: static;\"><b>Producent:<\/b> PETLAS<\/li>\n<li style=\"margin: 5px 0; padding: 2px 0; clear: both; display: list-item; float: none; position: static;\"><b>Model:<\/b> VELOX SPORT PT741 XL FR<\/li>\n<li style=\"margin: 5px 0; padding: 2px 0; clear: both; display: list-item; float: none; position: static;\"><b>Rozmiar:<\/b> 255\/30 R20<\/li>\n<li style=\"margin: 5px 0; padding: 2px 0; clear: both; display: list-item; float: none; position: static;\"><b>Indeks no\u015bno\u015bci:<\/b> 92<\/li>\n<li style=\"margin: 5px 0; padding: 2px 0; clear: both; display: list-item; float: none; position: static;\"><b>Indeks pr\u0119dko\u015bci:<\/b> Y<\/li>\n<li style=\"margin: 5px 0; padding: 2px 0; clear: both; display: list-item; float: none; position: static;\"><b>Ha\u0142as db:<\/b>&nbsp;72<\/li>\n<li style=\"margin: 5px 0; padding: 2px 0; clear: both; display: list-item; float: none; position: static;\"><b>Sezon:<\/b> Letnie<\/li>\n<li style=\"margin: 5px 0; padding: 2px 0; clear: both; display: list-item; float: none; position: static;\"><b>Przeznaczenie:<\/b> Osobowe<\/li>\n<li style=\"margin: 5px 0; padding: 2px 0; clear: both; display: list-item; float: none; position: static;\"><b>Kl. przycz. na mokrej naw.:<\/b>&nbsp;B<\/li>\n<li style=\"margin: 5px 0; padding: 2px 0; clear: both; display: list-item; float: none; position: static;\"><b>Kl. efekt. paliwowej:&nbsp;<\/b>D<\/li>\n<\/ul>\n<\/div>\n<\/div>\n<\/div>\n<div style=\"clear: both; display: block; margin: 10px 0;\">\n<div style=\"clear: both; display: block; margin: 10px 0;\">\n<div style=\"clear: both; display: block; margin: 10px 0;\">\n<p style=\"margin: 15px 0; line-height: 1.8; clear: both; display: block; width: 100%; float: none; position: static;\">Firma oferuje szeroki zakres opon, w tym letnie, zimowe, terenowe i ci\u0119\u017carowe, dostosowane do r\u00f3\u017cnych rodzaj\u00f3w pojazd\u00f3w i zastosowa\u0144.<\/p>\n<p style=\"margin: 15px 0; line-height: 1.8; clear: both; display: block; width: 100%; float: none; position: static;\">Opony PETLAS ciesz\u0105 si\u0119 renom\u0105 jako produkty solidne, trwa\u0142e i zdolne do radzenia sobie w r\u00f3\u017cnych warunkach drogowych. Firma ta inwestuje w rozwijanie nowoczesnych technologii i przeprowadza rygorystyczne testy jako\u015bci, aby spe\u0142ni\u0107 oczekiwania klient\u00f3w.<\/p>\n<p style=\"margin: 15px 0; line-height: 1.8; clear: both; display: block; width: 100%; float: none; position: static;\">PETLAS to marka, kt\u00f3ra zdoby\u0142a uznanie na rynku opon jako dostawca wysokiej jako\u015bci produkt\u00f3w, oferuj\u0105cy r\u00f3wnocze\u015bnie konkurencyjne ceny.<\/p>\n<\/div>\n<\/div>\n<\/div>\n<\/div>\n<\/div>\n<\/div>\n<div style=\"clear: both; display: block; margin: 10px 0;\">\n","protected":false},"excerpt":{"rendered":"<p>1x PETLAS VELOX SPORT PT741 255\/30R20 92 Y<\/p>\n<p>Letnia opona PETLAS VELOX SPORT PT741 XL FR 255\/30 R20 92 Y<\/p>\n<p>Opona PETLAS VELOX SPORT PT741 XL FR to znacz\u0105cy model w portfolio producenta.&nbsp;<\/p>\n<p>Opony klasy ekonomicznej maj\u0105 \u015bwietny stosunek jako\u015bci do ceny.<\/p>\n<p>Stan:&nbsp;Nowy<\/p>\n<p>EAN:&nbsp;8680830030525<\/p>\n<p>Producent: PETLAS<\/p>\n<p>Model: VELOX SPORT PT741 XL FR<\/p>\n","protected":false},"featured_media":17233,"template":"","meta":{"_uag_custom_page_level_css":""},"product_brand":[460],"product_cat":[414,418,413,412],"product_tag":[],"class_list":{"0":"post-17232","1":"product","2":"type-product","3":"status-publish","4":"has-post-thumbnail","6":"product_brand-petlas","7":"product_cat-do-samochodow-osobowych-i-suv","8":"product_cat-letnie","9":"product_cat-opony","10":"product_cat-opony-i-felgi","12":"first","13":"instock","14":"shipping-taxable","15":"purchasable","16":"product-type-simple"},"uagb_featured_image_src":{"full":["https:\/\/oponixo.shop\/tire\/wp-content\/uploads\/2026\/01\/allegro-image-17232.jpg",920,1120,false],"thumbnail":["https:\/\/oponixo.shop\/tire\/wp-content\/uploads\/2026\/01\/allegro-image-17232-150x150.jpg",150,150,true],"medium":["https:\/\/oponixo.shop\/tire\/wp-content\/uploads\/2026\/01\/allegro-image-17232-246x300.jpg",246,300,true],"medium_large":["https:\/\/oponixo.shop\/tire\/wp-content\/uploads\/2026\/01\/allegro-image-17232-768x935.jpg",768,935,true],"large":["https:\/\/oponixo.shop\/tire\/wp-content\/uploads\/2026\/01\/allegro-image-17232-841x1024.jpg",841,1024,true],"1536x1536":["https:\/\/oponixo.shop\/tire\/wp-content\/uploads\/2026\/01\/allegro-image-17232.jpg",920,1120,false],"2048x2048":["https:\/\/oponixo.shop\/tire\/wp-content\/uploads\/2026\/01\/allegro-image-17232.jpg",920,1120,false],"woocommerce_thumbnail":["https:\/\/oponixo.shop\/tire\/wp-content\/uploads\/2026\/01\/allegro-image-17232-300x300.jpg",300,300,true],"woocommerce_single":["https:\/\/oponixo.shop\/tire\/wp-content\/uploads\/2026\/01\/allegro-image-17232-600x730.jpg",600,730,true],"woocommerce_gallery_thumbnail":["https:\/\/oponixo.shop\/tire\/wp-content\/uploads\/2026\/01\/allegro-image-17232-100x100.jpg",100,100,true]},"uagb_author_info":{"display_name":"admin","author_link":"https:\/\/oponixo.shop\/tire\/author\/"},"uagb_comment_info":0,"uagb_excerpt":"1x PETLAS VELOX SPORT PT741 255\/30R20 92 Y Letnia opona PETLAS VELOX SPORT PT741 XL FR 255\/30 R20 92 Y Opona PETLAS VELOX SPORT PT741 XL FR to znacz\u0105cy model w portfolio producenta.&nbsp; Opony klasy ekonomicznej maj\u0105 \u015bwietny stosunek jako\u015bci do ceny. Stan:&nbsp;Nowy EAN:&nbsp;8680830030525 Producent: PETLAS Model: VELOX SPORT PT741 XL FR","_links":{"self":[{"href":"https:\/\/oponixo.shop\/tire\/wp-json\/wp\/v2\/product\/17232","targetHints":{"allow":["GET"]}}],"collection":[{"href":"https:\/\/oponixo.shop\/tire\/wp-json\/wp\/v2\/product"}],"about":[{"href":"https:\/\/oponixo.shop\/tire\/wp-json\/wp\/v2\/types\/product"}],"wp:featuredmedia":[{"embeddable":true,"href":"https:\/\/oponixo.shop\/tire\/wp-json\/wp\/v2\/media\/17233"}],"wp:attachment":[{"href":"https:\/\/oponixo.shop\/tire\/wp-json\/wp\/v2\/media?parent=17232"}],"wp:term":[{"taxonomy":"product_brand","embeddable":true,"href":"https:\/\/oponixo.shop\/tire\/wp-json\/wp\/v2\/product_brand?post=17232"},{"taxonomy":"product_cat","embeddable":true,"href":"https:\/\/oponixo.shop\/tire\/wp-json\/wp\/v2\/product_cat?post=17232"},{"taxonomy":"product_tag","embeddable":true,"href":"https:\/\/oponixo.shop\/tire\/wp-json\/wp\/v2\/product_tag?post=17232"}],"curies":[{"name":"wp","href":"https:\/\/api.w.org\/{rel}","templated":true}]}}