{"id":17288,"date":"2026-01-17T21:47:24","date_gmt":"2026-01-17T20:47:24","guid":{"rendered":"https:\/\/oponyonline.shop\/xef5\/produkt\/2x-245-35r20-continental-wintercontact-ts-860-s-95v-nowe-zima\/"},"modified":"2026-01-17T21:47:25","modified_gmt":"2026-01-17T20:47:25","slug":"2x-245-35r20-continental-wintercontact-ts-860-s-95v-nowe-zima","status":"publish","type":"product","link":"https:\/\/oponixo.shop\/tire\/produkt\/2x-245-35r20-continental-wintercontact-ts-860-s-95v-nowe-zima\/","title":{"rendered":"2x 245\/35R20 CONTINENTAL WinterContact TS 860 S 95V NOWE ZIMA"},"content":{"rendered":"<div style=\"font-family: Arial, sans-serif; line-height: 1.6; color: #333; padding: 20px; clear: both; display: block; width: 100%; float: none; position: static; overflow: hidden;\">\n<div style=\"clear: both; display: block; margin: 10px 0;\">\n<div style=\"clear: both; display: block; margin: 10px 0;\">\n<div style=\"clear: both; display: block; margin: 10px 0;\">\n<div  style=\"max-width:2560px;max-height:456px\">\n<div style=\"clear: both; display: block; margin: 10px 0;\">\n<div style=\"clear: both; width: 100%; display: block; margin: 20px 0; padding: 0; float: none; position: static; text-align: center;\"><img decoding=\"async\"  src=\"https:\/\/a.allegroimg.com\/original\/118635\/b0f87fd44c38a5358d47fcb0dd24\/2x-245-35R20-CONTINENTAL-WinterContact-TS-860-S-95V-NOWE-ZIMA-Rok-produkcji-2024\" srcset=\"https:\/\/a.allegroimg.com\/original\/118635\/b0f87fd44c38a5358d47fcb0dd24\/2x-245-35R20-CONTINENTAL-WinterContact-TS-860-S-95V-NOWE-ZIMA-Rok-produkcji-2024 360w,https:\/\/a.allegroimg.com\/original\/118635\/b0f87fd44c38a5358d47fcb0dd24\/2x-245-35R20-CONTINENTAL-WinterContact-TS-860-S-95V-NOWE-ZIMA-Rok-produkcji-2024 720w,https:\/\/a.allegroimg.com\/original\/118635\/b0f87fd44c38a5358d47fcb0dd24\/2x-245-35R20-CONTINENTAL-WinterContact-TS-860-S-95V-NOWE-ZIMA-Rok-produkcji-2024 1024w,https:\/\/a.allegroimg.com\/original\/118635\/b0f87fd44c38a5358d47fcb0dd24\/2x-245-35R20-CONTINENTAL-WinterContact-TS-860-S-95V-NOWE-ZIMA-Rok-produkcji-2024 1440w,https:\/\/a.allegroimg.com\/original\/118635\/b0f87fd44c38a5358d47fcb0dd24\/2x-245-35R20-CONTINENTAL-WinterContact-TS-860-S-95V-NOWE-ZIMA-Rok-produkcji-2024 2560w\" sizes=\"100vw\" width=\"2560px\" alt=\"2x 245\/35R20 CONTINENTAL WinterContact TS 860 S 95V NOWE ZIMA Rok produkcji 2024\" style=\"max-width: 100%; height: auto; display: block; margin: 0 auto;\"><\/div>\n<\/div>\n<\/div>\n<\/div>\n<\/div>\n<\/div>\n<div style=\"clear: both; display: block; margin: 10px 0;\">\n<div style=\"clear: both; display: block; margin: 10px 0;\">\n<div style=\"clear: both; display: block; margin: 10px 0;\">\n<div  style=\"max-width:1000px;max-height:1000px\">\n<div style=\"clear: both; display: block; margin: 10px 0;\">\n<div style=\"clear: both; width: 100%; display: block; margin: 20px 0; padding: 0; float: none; position: static; text-align: center;\"><img decoding=\"async\"  src=\"https:\/\/a.allegroimg.com\/original\/11f5e8\/a9c0e4ec4dc0aa38e8d1605d4f95\/2x-245-35R20-CONTINENTAL-WinterContact-TS-860-S-95V-NOWE-ZIMA\" srcset=\"https:\/\/a.allegroimg.com\/original\/11f5e8\/a9c0e4ec4dc0aa38e8d1605d4f95\/2x-245-35R20-CONTINENTAL-WinterContact-TS-860-S-95V-NOWE-ZIMA 360w,https:\/\/a.allegroimg.com\/original\/11f5e8\/a9c0e4ec4dc0aa38e8d1605d4f95\/2x-245-35R20-CONTINENTAL-WinterContact-TS-860-S-95V-NOWE-ZIMA 720w,https:\/\/a.allegroimg.com\/original\/11f5e8\/a9c0e4ec4dc0aa38e8d1605d4f95\/2x-245-35R20-CONTINENTAL-WinterContact-TS-860-S-95V-NOWE-ZIMA 1000w,https:\/\/a.allegroimg.com\/original\/11f5e8\/a9c0e4ec4dc0aa38e8d1605d4f95\/2x-245-35R20-CONTINENTAL-WinterContact-TS-860-S-95V-NOWE-ZIMA 1000w\" sizes=\"(min-width: 1200px) 560px, (min-width: 992px) 50vw, 100vw\" width=\"1000px\" alt=\"2x 245\/35R20 CONTINENTAL WinterContact TS 860 S 95V NOWE ZIMA\" style=\"max-width: 100%; height: auto; display: block; margin: 0 auto;\"><\/div>\n<\/div>\n<\/div>\n<\/div>\n<\/div>\n<div style=\"clear: both; display: block; margin: 10px 0;\">\n<div style=\"clear: both; display: block; margin: 10px 0;\">\n<h3 style=\"color: #2c5aa0; font-size: 18px; margin: 30px 0 15px 0; font-weight: bold; clear: both; display: block; width: 100%; float: none; position: static;\">PARAMETRY OPON:<\/h3>\n<p style=\"margin: 15px 0; line-height: 1.8; clear: both; display: block; width: 100%; float: none; position: static;\">Producent: CONTINENTAL<\/p>\n<p style=\"margin: 15px 0; line-height: 1.8; clear: both; display: block; width: 100%; float: none; position: static;\">Kod producenta: 03553790000<\/p>\n<p style=\"margin: 15px 0; line-height: 1.8; clear: both; display: block; width: 100%; float: none; position: static;\">EAN (GTIN): 4019238029086<\/p>\n<p style=\"margin: 15px 0; line-height: 1.8; clear: both; display: block; width: 100%; float: none; position: static;\">Rozmiar: 245\/35R20<\/p>\n<p style=\"margin: 15px 0; line-height: 1.8; clear: both; display: block; width: 100%; float: none; position: static;\">Model: WinterContact TS 860 S<\/p>\n<p style=\"margin: 15px 0; line-height: 1.8; clear: both; display: block; width: 100%; float: none; position: static;\">Indeks no\u015bno\u015bci: 95 &#8211; 690 kg<\/p>\n<p style=\"margin: 15px 0; line-height: 1.8; clear: both; display: block; width: 100%; float: none; position: static;\">Indeks pr\u0119dko\u015bci: V do 240 km\/h<\/p>\n<p style=\"margin: 15px 0; line-height: 1.8; clear: both; display: block; width: 100%; float: none; position: static;\">Homologacja: NA0<\/p>\n<p style=\"margin: 15px 0; line-height: 1.8; clear: both; display: block; width: 100%; float: none; position: static;\">Rok produkcji: 2024<\/p>\n<\/div>\n<\/div>\n<\/div>\n<div style=\"clear: both; display: block; margin: 10px 0;\">\n<div style=\"clear: both; display: block; margin: 10px 0;\">\n<div style=\"clear: both; display: block; margin: 10px 0;\">\n<p style=\"margin: 15px 0; line-height: 1.8; clear: both; display: block; width: 100%; float: none; position: static;\">Continental WinterContact TS 860 S \u2013 zimowa precyzja i sportowa kontrola<\/p>\n<h3 style=\"color: #2c5aa0; font-size: 18px; margin: 30px 0 15px 0; font-weight: bold; clear: both; display: block; width: 100%; float: none; position: static;\">Continental WinterContact TS 860 S to wysokiej klasy opona zimowa zaprojektowana z my\u015bl\u0105 o maksymalnym bezpiecze\u0144stwie, przyczepno\u015bci i precyzji prowadzenia nawet w najbardziej wymagaj\u0105cych warunkach.<\/h3>\n<p style=\"margin: 15px 0; line-height: 1.8; clear: both; display: block; width: 100%; float: none; position: static;\">Dlaczego warto wybra\u0107 Continental WinterContact TS 860 S?<\/p>\n<ul style=\"margin: 15px 0; padding-left: 20px; clear: both; display: block; width: 100%; float: none; position: static;\">\n<li style=\"margin: 5px 0; padding: 2px 0; clear: both; display: list-item; float: none; position: static;\"><b>Wyj\u0105tkowe zachowanie na \u015bniegu<\/b> \u2013 specjalna konstrukcja lameli i nowo zaprojektowane rowki \u015bniegowe zapewniaj\u0105 lepsze zaz\u0119bianie si\u0119 ze \u015bniegiem, co przek\u0142ada si\u0119 na pewniejsze prowadzenie na za\u015bnie\u017conych drogach.<\/li>\n<li style=\"margin: 5px 0; padding: 2px 0; clear: both; display: list-item; float: none; position: static;\"><b>Najlepsza skuteczno\u015b\u0107 hamowania<\/b> \u2013 sztywne \u017cebro centralne, utworzone dzi\u0119ki cienkim bocznym rowkom, gwarantuje kr\u00f3tsz\u0105 drog\u0119 hamowania, szczeg\u00f3lnie przy dynamicznej je\u017adzie zim\u0105.<\/li>\n<li style=\"margin: 5px 0; padding: 2px 0; clear: both; display: list-item; float: none; position: static;\"><b>Precyzyjne prowadzenie na suchej nawierzchni<\/b> \u2013 wi\u0119ksze i szersze bloki na zewn\u0119trznym barku zwi\u0119kszaj\u0105 powierzchni\u0119 kontaktu, co zapewnia znakomit\u0105 kontrol\u0119 podczas pokonywania zakr\u0119t\u00f3w.<\/li>\n<li style=\"margin: 5px 0; padding: 2px 0; clear: both; display: list-item; float: none; position: static;\"><b>Niskie opory toczenia<\/b> \u2013 nowoczesna mieszanka i zoptymalizowany profil bie\u017cnika zmniejszaj\u0105 zu\u017cycie paliwa, zapewniaj\u0105c jednocze\u015bnie pe\u0142ne bezpiecze\u0144stwo zim\u0105.<\/li>\n<\/ul>\n<h3 style=\"color: #2c5aa0; font-size: 18px; margin: 30px 0 15px 0; font-weight: bold; clear: both; display: block; width: 100%; float: none; position: static;\">Postaw na Continental WinterContact TS 860 S \u2013 opon\u0119 zimow\u0105 stworzon\u0105 z my\u015bl\u0105 o kierowcach oczekuj\u0105cych sportowej precyzji i maksymalnego bezpiecze\u0144stwa na \u015bniegu i suchych zimowych drogach.<\/h3>\n<\/div>\n<\/div>\n<\/div>\n<div style=\"clear: both; display: block; margin: 10px 0;\">\n<div style=\"clear: both; display: block; margin: 10px 0;\">\n<div style=\"clear: both; display: block; margin: 10px 0;\">\n<div  style=\"max-width:391px;max-height:900px\">\n<div style=\"clear: both; display: block; margin: 10px 0;\">\n<div style=\"clear: both; width: 100%; display: block; margin: 20px 0; padding: 0; float: none; position: static; text-align: center;\"><img decoding=\"async\"  src=\"https:\/\/a.allegroimg.com\/original\/113100\/dbb04f144d5f934f7b111a724740\/2x-245-35R20-CONTINENTAL-WinterContact-TS-860-S-95V-NOWE-ZIMA-Liczba-opon-w-ofercie-2-szt\" srcset=\"https:\/\/a.allegroimg.com\/original\/113100\/dbb04f144d5f934f7b111a724740\/2x-245-35R20-CONTINENTAL-WinterContact-TS-860-S-95V-NOWE-ZIMA-Liczba-opon-w-ofercie-2-szt 156w,https:\/\/a.allegroimg.com\/original\/113100\/dbb04f144d5f934f7b111a724740\/2x-245-35R20-CONTINENTAL-WinterContact-TS-860-S-95V-NOWE-ZIMA-Liczba-opon-w-ofercie-2-szt 312w,https:\/\/a.allegroimg.com\/original\/113100\/dbb04f144d5f934f7b111a724740\/2x-245-35R20-CONTINENTAL-WinterContact-TS-860-S-95V-NOWE-ZIMA-Liczba-opon-w-ofercie-2-szt 391w,https:\/\/a.allegroimg.com\/original\/113100\/dbb04f144d5f934f7b111a724740\/2x-245-35R20-CONTINENTAL-WinterContact-TS-860-S-95V-NOWE-ZIMA-Liczba-opon-w-ofercie-2-szt 391w\" sizes=\"100vw\" width=\"391px\" alt=\"2x 245\/35R20 CONTINENTAL WinterContact TS 860 S 95V NOWE ZIMA Liczba opon w ofercie 2 szt.\" style=\"max-width: 100%; height: auto; display: block; margin: 0 auto;\"><\/div>\n<\/div>\n<\/div>\n<\/div>\n<\/div>\n<\/div>\n<\/div>\n<\/div>\n<\/div>\n<div style=\"clear: both; display: block; margin: 10px 0;\">\n","protected":false},"excerpt":{"rendered":"<p>PARAMETRY OPON:<\/p>\n<p>Producent: CONTINENTAL<\/p>\n<p>Kod producenta: 03553790000<\/p>\n<p>EAN (GTIN): 4019238029086<\/p>\n<p>Rozmiar: 245\/35R20<\/p>\n<p>Model: WinterContact TS 860 S<\/p>\n<p>Indeks no\u015bno\u015bci: 95 &#8211; 690 kg<\/p>\n<p>Indeks pr\u0119dko\u015bci: V do 240 km\/h<\/p>\n","protected":false},"featured_media":17289,"template":"","meta":{"_uag_custom_page_level_css":""},"product_brand":[396],"product_cat":[414,413,412,415],"product_tag":[],"class_list":{"0":"post-17288","1":"product","2":"type-product","3":"status-publish","4":"has-post-thumbnail","6":"product_brand-continental","7":"product_cat-do-samochodow-osobowych-i-suv","8":"product_cat-opony","9":"product_cat-opony-i-felgi","10":"product_cat-zimowe","12":"first","13":"instock","14":"shipping-taxable","15":"purchasable","16":"product-type-simple"},"uagb_featured_image_src":{"full":["https:\/\/oponixo.shop\/tire\/wp-content\/uploads\/2026\/01\/allegro-image-17288.jpg",1000,1000,false],"thumbnail":["https:\/\/oponixo.shop\/tire\/wp-content\/uploads\/2026\/01\/allegro-image-17288-150x150.jpg",150,150,true],"medium":["https:\/\/oponixo.shop\/tire\/wp-content\/uploads\/2026\/01\/allegro-image-17288-300x300.jpg",300,300,true],"medium_large":["https:\/\/oponixo.shop\/tire\/wp-content\/uploads\/2026\/01\/allegro-image-17288-768x768.jpg",768,768,true],"large":["https:\/\/oponixo.shop\/tire\/wp-content\/uploads\/2026\/01\/allegro-image-17288.jpg",1000,1000,false],"1536x1536":["https:\/\/oponixo.shop\/tire\/wp-content\/uploads\/2026\/01\/allegro-image-17288.jpg",1000,1000,false],"2048x2048":["https:\/\/oponixo.shop\/tire\/wp-content\/uploads\/2026\/01\/allegro-image-17288.jpg",1000,1000,false],"woocommerce_thumbnail":["https:\/\/oponixo.shop\/tire\/wp-content\/uploads\/2026\/01\/allegro-image-17288-300x300.jpg",300,300,true],"woocommerce_single":["https:\/\/oponixo.shop\/tire\/wp-content\/uploads\/2026\/01\/allegro-image-17288-600x600.jpg",600,600,true],"woocommerce_gallery_thumbnail":["https:\/\/oponixo.shop\/tire\/wp-content\/uploads\/2026\/01\/allegro-image-17288-100x100.jpg",100,100,true]},"uagb_author_info":{"display_name":"admin","author_link":"https:\/\/oponixo.shop\/tire\/author\/"},"uagb_comment_info":0,"uagb_excerpt":"PARAMETRY OPON: Producent: CONTINENTAL Kod producenta: 03553790000 EAN (GTIN): 4019238029086 Rozmiar: 245\/35R20 Model: WinterContact TS 860 S Indeks no\u015bno\u015bci: 95 - 690 kg Indeks pr\u0119dko\u015bci: V do 240 km\/h","_links":{"self":[{"href":"https:\/\/oponixo.shop\/tire\/wp-json\/wp\/v2\/product\/17288","targetHints":{"allow":["GET"]}}],"collection":[{"href":"https:\/\/oponixo.shop\/tire\/wp-json\/wp\/v2\/product"}],"about":[{"href":"https:\/\/oponixo.shop\/tire\/wp-json\/wp\/v2\/types\/product"}],"wp:featuredmedia":[{"embeddable":true,"href":"https:\/\/oponixo.shop\/tire\/wp-json\/wp\/v2\/media\/17289"}],"wp:attachment":[{"href":"https:\/\/oponixo.shop\/tire\/wp-json\/wp\/v2\/media?parent=17288"}],"wp:term":[{"taxonomy":"product_brand","embeddable":true,"href":"https:\/\/oponixo.shop\/tire\/wp-json\/wp\/v2\/product_brand?post=17288"},{"taxonomy":"product_cat","embeddable":true,"href":"https:\/\/oponixo.shop\/tire\/wp-json\/wp\/v2\/product_cat?post=17288"},{"taxonomy":"product_tag","embeddable":true,"href":"https:\/\/oponixo.shop\/tire\/wp-json\/wp\/v2\/product_tag?post=17288"}],"curies":[{"name":"wp","href":"https:\/\/api.w.org\/{rel}","templated":true}]}}