{"id":17292,"date":"2026-01-17T21:47:26","date_gmt":"2026-01-17T20:47:26","guid":{"rendered":"https:\/\/oponyonline.shop\/xef5\/produkt\/2x-opony-letnie-vredestein-ultrac-pro-245-35r20-95y-xl-rant\/"},"modified":"2026-01-17T21:47:26","modified_gmt":"2026-01-17T20:47:26","slug":"2x-opony-letnie-vredestein-ultrac-pro-245-35r20-95y-xl-rant","status":"publish","type":"product","link":"https:\/\/oponixo.shop\/tire\/produkt\/2x-opony-letnie-vredestein-ultrac-pro-245-35r20-95y-xl-rant\/","title":{"rendered":"2x opony letnie Vredestein Ultrac Pro 245\/35R20 95Y XL rant"},"content":{"rendered":"<div style=\"font-family: Arial, sans-serif; line-height: 1.6; color: #333; padding: 20px; clear: both; display: block; width: 100%; float: none; position: static; overflow: hidden;\">\n<div style=\"clear: both; display: block; margin: 10px 0;\">\n<div style=\"clear: both; display: block; margin: 10px 0;\">\n<div style=\"clear: both; display: block; margin: 10px 0;\">\n<div  style=\"max-width:500px;max-height:175px\">\n<div style=\"clear: both; display: block; margin: 10px 0;\">\n<div style=\"clear: both; width: 100%; display: block; margin: 20px 0; padding: 0; float: none; position: static; text-align: center;\"><img decoding=\"async\"  src=\"https:\/\/a.allegroimg.com\/original\/11271f\/5f48509d416680848cb53f5d00f2\/2x-opony-letnie-Vredestein-Ultrac-Pro-245-35R20-95Y-XL-rant-Rok-produkcji-2023\" srcset=\"https:\/\/a.allegroimg.com\/original\/11271f\/5f48509d416680848cb53f5d00f2\/2x-opony-letnie-Vredestein-Ultrac-Pro-245-35R20-95Y-XL-rant-Rok-produkcji-2023 360w,https:\/\/a.allegroimg.com\/original\/11271f\/5f48509d416680848cb53f5d00f2\/2x-opony-letnie-Vredestein-Ultrac-Pro-245-35R20-95Y-XL-rant-Rok-produkcji-2023 500w,https:\/\/a.allegroimg.com\/original\/11271f\/5f48509d416680848cb53f5d00f2\/2x-opony-letnie-Vredestein-Ultrac-Pro-245-35R20-95Y-XL-rant-Rok-produkcji-2023 500w\" sizes=\"100vw\" width=\"500px\" alt=\"2x opony letnie Vredestein Ultrac Pro 245\/35R20 95Y XL rant Rok produkcji 2023\" style=\"max-width: 100%; height: auto; display: block; margin: 0 auto;\"><\/div>\n<\/div>\n<\/div>\n<\/div>\n<\/div>\n<\/div>\n<div style=\"clear: both; display: block; margin: 10px 0;\">\n<div style=\"clear: both; display: block; margin: 10px 0;\">\n<div style=\"clear: both; display: block; margin: 10px 0;\">\n<h1>zestaw 2 sztuk nowych opon letnich<\/h1>\n<h1>Vredestein Ultrac Pro 245\/35R20 95Y XL FSL<\/h1>\n<p style=\"margin: 15px 0; line-height: 1.8; clear: both; display: block; width: 100%; float: none; position: static;\">\n<\/div>\n<\/div>\n<\/div>\n<div style=\"clear: both; display: block; margin: 10px 0;\">\n<div style=\"clear: both; display: block; margin: 10px 0;\">\n<div style=\"clear: both; display: block; margin: 10px 0;\">\n<div  style=\"max-width:392px;max-height:600px\">\n<div style=\"clear: both; display: block; margin: 10px 0;\">\n<div style=\"clear: both; width: 100%; display: block; margin: 20px 0; padding: 0; float: none; position: static; text-align: center;\"><img decoding=\"async\"  src=\"https:\/\/a.allegroimg.com\/original\/119ede\/18c99bcc44409e1cb2f4d63c7f2d\/2x-opony-letnie-Vredestein-Ultrac-Pro-245-35R20-95Y-XL-rant\" srcset=\"https:\/\/a.allegroimg.com\/original\/119ede\/18c99bcc44409e1cb2f4d63c7f2d\/2x-opony-letnie-Vredestein-Ultrac-Pro-245-35R20-95Y-XL-rant 235w,https:\/\/a.allegroimg.com\/original\/119ede\/18c99bcc44409e1cb2f4d63c7f2d\/2x-opony-letnie-Vredestein-Ultrac-Pro-245-35R20-95Y-XL-rant 392w,https:\/\/a.allegroimg.com\/original\/119ede\/18c99bcc44409e1cb2f4d63c7f2d\/2x-opony-letnie-Vredestein-Ultrac-Pro-245-35R20-95Y-XL-rant 392w\" sizes=\"(min-width: 1200px) 560px, (min-width: 992px) 50vw, 100vw\" width=\"392px\" alt=\"2x opony letnie Vredestein Ultrac Pro 245\/35R20 95Y XL rant\" style=\"max-width: 100%; height: auto; display: block; margin: 0 auto;\"><\/div>\n<\/div>\n<\/div>\n<\/div>\n<\/div>\n<div style=\"clear: both; display: block; margin: 10px 0;\">\n<div style=\"clear: both; display: block; margin: 10px 0;\">\n<p style=\"margin: 15px 0; line-height: 1.8; clear: both; display: block; width: 100%; float: none; position: static;\"><b>Vredestein Ultrac Pro<\/b> to opony <b>letnie<\/b> przeznaczone do samochod\u00f3w <b>osobowych<\/b> oraz suv-\u00f3w. Oryginalny produkt klasy <b>premium<\/b> renomowanej marki <b>Vredestein<\/b>. Bezkompromisowa jako\u015b\u0107. Opony klasy UHP (Ultra High Performance) do pojazd\u00f3w o wi\u0119kszej mocy silnika, przeznaczone dla kierowc\u00f3w preferuj\u0105cych dynamiczny styl jazdy.<\/p>\n<ul style=\"margin: 15px 0; padding-left: 20px; clear: both; display: block; width: 100%; float: none; position: static;\">\n<li style=\"margin: 5px 0; padding: 2px 0; clear: both; display: list-item; float: none; position: static;\">rok produkcji: nie starsze ni\u017c <b>2023<\/b><\/li>\n<li style=\"margin: 5px 0; padding: 2px 0; clear: both; display: list-item; float: none; position: static;\">opony <b>nowe<\/b>, oryginalne, z gwarancj\u0105<\/li>\n<li style=\"margin: 5px 0; padding: 2px 0; clear: both; display: list-item; float: none; position: static;\"><b>FSL<\/b> &#8211; opony posiadaj\u0105 rant chroni\u0105cy felg\u0119<\/li>\n<li style=\"margin: 5px 0; padding: 2px 0; clear: both; display: list-item; float: none; position: static;\">opony wzmocnione <b>XL<\/b><\/li>\n<li style=\"margin: 5px 0; padding: 2px 0; clear: both; display: list-item; float: none; position: static;\">komfortowa, cicha praca<\/li>\n<li style=\"margin: 5px 0; padding: 2px 0; clear: both; display: list-item; float: none; position: static;\">doskona\u0142a trakcja, precyzyjne sterowanie &#8211; r\u00f3wnie\u017c przy du\u017cych pr\u0119dko\u015bciach<\/li>\n<li style=\"margin: 5px 0; padding: 2px 0; clear: both; display: list-item; float: none; position: static;\">d\u0142ugie przebiegi<\/li>\n<li style=\"margin: 5px 0; padding: 2px 0; clear: both; display: list-item; float: none; position: static;\">bie\u017cnik zu\u017cywa si\u0119 r\u00f3wnomiernie<\/li>\n<li style=\"margin: 5px 0; padding: 2px 0; clear: both; display: list-item; float: none; position: static;\">kr\u00f3tka droga hamowania zar\u00f3wno na suchej jak i mokrej nawierzchni<\/li>\n<li style=\"margin: 5px 0; padding: 2px 0; clear: both; display: list-item; float: none; position: static;\">bardzo dobre odprowadzanie wody<\/li>\n<li style=\"margin: 5px 0; padding: 2px 0; clear: both; display: list-item; float: none; position: static;\">zabezpieczenie przed po\u015blizgiem na wodzie (aquaplaning)<\/li>\n<\/ul>\n<\/div>\n<\/div>\n<\/div>\n<div style=\"clear: both; display: block; margin: 10px 0;\">\n<div style=\"clear: both; display: block; margin: 10px 0;\">\n<div style=\"clear: both; display: block; margin: 10px 0;\">\n<div  style=\"max-width:480px;max-height:733px\">\n<div style=\"clear: both; display: block; margin: 10px 0;\">\n<div style=\"clear: both; width: 100%; display: block; margin: 20px 0; padding: 0; float: none; position: static; text-align: center;\"><img decoding=\"async\"  src=\"https:\/\/a.allegroimg.com\/original\/11b1ea\/d9ee33294659924a70822a78b29b\/2x-opony-letnie-Vredestein-Ultrac-Pro-245-35R20-95Y-XL-rant-Liczba-opon-w-ofercie-2-szt\" srcset=\"https:\/\/a.allegroimg.com\/original\/11b1ea\/d9ee33294659924a70822a78b29b\/2x-opony-letnie-Vredestein-Ultrac-Pro-245-35R20-95Y-XL-rant-Liczba-opon-w-ofercie-2-szt 235w,https:\/\/a.allegroimg.com\/original\/11b1ea\/d9ee33294659924a70822a78b29b\/2x-opony-letnie-Vredestein-Ultrac-Pro-245-35R20-95Y-XL-rant-Liczba-opon-w-ofercie-2-szt 471w,https:\/\/a.allegroimg.com\/original\/11b1ea\/d9ee33294659924a70822a78b29b\/2x-opony-letnie-Vredestein-Ultrac-Pro-245-35R20-95Y-XL-rant-Liczba-opon-w-ofercie-2-szt 480w,https:\/\/a.allegroimg.com\/original\/11b1ea\/d9ee33294659924a70822a78b29b\/2x-opony-letnie-Vredestein-Ultrac-Pro-245-35R20-95Y-XL-rant-Liczba-opon-w-ofercie-2-szt 480w\" sizes=\"100vw\" width=\"480px\" alt=\"2x opony letnie Vredestein Ultrac Pro 245\/35R20 95Y XL rant Liczba opon w ofercie 2 szt.\" style=\"max-width: 100%; height: auto; display: block; margin: 0 auto;\"><\/div>\n<\/div>\n<\/div>\n<\/div>\n<\/div>\n<\/div>\n<\/div>\n<\/div>\n<\/div>\n<div style=\"clear: both; display: block; margin: 10px 0;\">\n","protected":false},"excerpt":{"rendered":"<p>zestaw 2 sztuk nowych opon letnich<\/p>\n<p>Vredestein Ultrac Pro 245\/35R20 95Y XL FSL<\/p>\n<p>Vredestein Ultrac Pro to opony letnie przeznaczone do samochod\u00f3w osobowych oraz suv-\u00f3w. Oryginalny produkt klasy premium renomowanej marki Vredestein. Bezkompromisowa jako\u015b\u0107. Opony klasy UHP (Ultra High Performance) do pojazd\u00f3w o wi\u0119kszej mocy silnika, przeznaczone dla kierowc\u00f3w preferuj\u0105cych dynamiczny styl jazdy.<\/p>\n<p>rok produkcji: nie starsze ni\u017c 2023<\/p>\n<p>opony nowe, oryginalne, z gwarancj\u0105<\/p>\n<p>FSL &#8211; opony posiadaj\u0105 rant chroni\u0105cy felg\u0119<\/p>\n<p>opony wzmocnione XL<\/p>\n<p>komfortowa, cicha praca<\/p>\n","protected":false},"featured_media":17293,"template":"","meta":{"_uag_custom_page_level_css":""},"product_brand":[436],"product_cat":[414,418,413,412],"product_tag":[],"class_list":{"0":"post-17292","1":"product","2":"type-product","3":"status-publish","4":"has-post-thumbnail","6":"product_brand-vredestein","7":"product_cat-do-samochodow-osobowych-i-suv","8":"product_cat-letnie","9":"product_cat-opony","10":"product_cat-opony-i-felgi","12":"first","13":"instock","14":"shipping-taxable","15":"purchasable","16":"product-type-simple"},"uagb_featured_image_src":{"full":["https:\/\/oponixo.shop\/tire\/wp-content\/uploads\/2026\/01\/allegro-image-17292.jpg",392,600,false],"thumbnail":["https:\/\/oponixo.shop\/tire\/wp-content\/uploads\/2026\/01\/allegro-image-17292-150x150.jpg",150,150,true],"medium":["https:\/\/oponixo.shop\/tire\/wp-content\/uploads\/2026\/01\/allegro-image-17292-196x300.jpg",196,300,true],"medium_large":["https:\/\/oponixo.shop\/tire\/wp-content\/uploads\/2026\/01\/allegro-image-17292.jpg",392,600,false],"large":["https:\/\/oponixo.shop\/tire\/wp-content\/uploads\/2026\/01\/allegro-image-17292.jpg",392,600,false],"1536x1536":["https:\/\/oponixo.shop\/tire\/wp-content\/uploads\/2026\/01\/allegro-image-17292.jpg",392,600,false],"2048x2048":["https:\/\/oponixo.shop\/tire\/wp-content\/uploads\/2026\/01\/allegro-image-17292.jpg",392,600,false],"woocommerce_thumbnail":["https:\/\/oponixo.shop\/tire\/wp-content\/uploads\/2026\/01\/allegro-image-17292-300x300.jpg",300,300,true],"woocommerce_single":["https:\/\/oponixo.shop\/tire\/wp-content\/uploads\/2026\/01\/allegro-image-17292.jpg",392,600,false],"woocommerce_gallery_thumbnail":["https:\/\/oponixo.shop\/tire\/wp-content\/uploads\/2026\/01\/allegro-image-17292-100x100.jpg",100,100,true]},"uagb_author_info":{"display_name":"admin","author_link":"https:\/\/oponixo.shop\/tire\/author\/"},"uagb_comment_info":0,"uagb_excerpt":"zestaw 2 sztuk nowych opon letnich Vredestein Ultrac Pro 245\/35R20 95Y XL FSL Vredestein Ultrac Pro to opony letnie przeznaczone do samochod\u00f3w osobowych oraz suv-\u00f3w. Oryginalny produkt klasy premium renomowanej marki Vredestein. Bezkompromisowa jako\u015b\u0107. Opony klasy UHP (Ultra High Performance) do pojazd\u00f3w o wi\u0119kszej mocy silnika, przeznaczone dla kierowc\u00f3w preferuj\u0105cych dynamiczny styl jazdy. rok produkcji:&hellip;","_links":{"self":[{"href":"https:\/\/oponixo.shop\/tire\/wp-json\/wp\/v2\/product\/17292","targetHints":{"allow":["GET"]}}],"collection":[{"href":"https:\/\/oponixo.shop\/tire\/wp-json\/wp\/v2\/product"}],"about":[{"href":"https:\/\/oponixo.shop\/tire\/wp-json\/wp\/v2\/types\/product"}],"wp:featuredmedia":[{"embeddable":true,"href":"https:\/\/oponixo.shop\/tire\/wp-json\/wp\/v2\/media\/17293"}],"wp:attachment":[{"href":"https:\/\/oponixo.shop\/tire\/wp-json\/wp\/v2\/media?parent=17292"}],"wp:term":[{"taxonomy":"product_brand","embeddable":true,"href":"https:\/\/oponixo.shop\/tire\/wp-json\/wp\/v2\/product_brand?post=17292"},{"taxonomy":"product_cat","embeddable":true,"href":"https:\/\/oponixo.shop\/tire\/wp-json\/wp\/v2\/product_cat?post=17292"},{"taxonomy":"product_tag","embeddable":true,"href":"https:\/\/oponixo.shop\/tire\/wp-json\/wp\/v2\/product_tag?post=17292"}],"curies":[{"name":"wp","href":"https:\/\/api.w.org\/{rel}","templated":true}]}}

<div style="font-family: Arial, sans-serif; line-height: 1.6; color: #333; padding: 20px; clear: both; display: block; width: 100%; float: none; position: static; overflow: hidden;">
<div style="clear: both; display: block; margin: 10px 0;">
<div style="clear: both; display: block; margin: 10px 0;">
<div style="clear: both; display: block; margin: 10px 0;">
<div  style="max-width:500px;max-height:175px">
<div style="clear: both; display: block; margin: 10px 0;">
<div style="clear: both; width: 100%; display: block; margin: 20px 0; padding: 0; float: none; position: static; text-align: center;"><img decoding="async"  src="https://a.allegroimg.com/original/11271f/5f48509d416680848cb53f5d00f2/2x-opony-letnie-Vredestein-Ultrac-Pro-245-35R20-95Y-XL-rant-Rok-produkcji-2023" srcset="https://a.allegroimg.com/original/11271f/5f48509d416680848cb53f5d00f2/2x-opony-letnie-Vredestein-Ultrac-Pro-245-35R20-95Y-XL-rant-Rok-produkcji-2023 360w,https://a.allegroimg.com/original/11271f/5f48509d416680848cb53f5d00f2/2x-opony-letnie-Vredestein-Ultrac-Pro-245-35R20-95Y-XL-rant-Rok-produkcji-2023 500w,https://a.allegroimg.com/original/11271f/5f48509d416680848cb53f5d00f2/2x-opony-letnie-Vredestein-Ultrac-Pro-245-35R20-95Y-XL-rant-Rok-produkcji-2023 500w" sizes="100vw" width="500px" alt="2x opony letnie Vredestein Ultrac Pro 245/35R20 95Y XL rant Rok produkcji 2023" style="max-width: 100%; height: auto; display: block; margin: 0 auto;"></div>
</div>
</div>
</div>
</div>
</div>
<div style="clear: both; display: block; margin: 10px 0;">
<div style="clear: both; display: block; margin: 10px 0;">
<div style="clear: both; display: block; margin: 10px 0;">
<h1>zestaw 2 sztuk nowych opon letnich</h1>
<h1>Vredestein Ultrac Pro 245/35R20 95Y XL FSL</h1>
<p style="margin: 15px 0; line-height: 1.8; clear: both; display: block; width: 100%; float: none; position: static;">
</div>
</div>
</div>
<div style="clear: both; display: block; margin: 10px 0;">
<div style="clear: both; display: block; margin: 10px 0;">
<div style="clear: both; display: block; margin: 10px 0;">
<div  style="max-width:392px;max-height:600px">
<div style="clear: both; display: block; margin: 10px 0;">
<div style="clear: both; width: 100%; display: block; margin: 20px 0; padding: 0; float: none; position: static; text-align: center;"><img decoding="async"  src="https://a.allegroimg.com/original/119ede/18c99bcc44409e1cb2f4d63c7f2d/2x-opony-letnie-Vredestein-Ultrac-Pro-245-35R20-95Y-XL-rant" srcset="https://a.allegroimg.com/original/119ede/18c99bcc44409e1cb2f4d63c7f2d/2x-opony-letnie-Vredestein-Ultrac-Pro-245-35R20-95Y-XL-rant 235w,https://a.allegroimg.com/original/119ede/18c99bcc44409e1cb2f4d63c7f2d/2x-opony-letnie-Vredestein-Ultrac-Pro-245-35R20-95Y-XL-rant 392w,https://a.allegroimg.com/original/119ede/18c99bcc44409e1cb2f4d63c7f2d/2x-opony-letnie-Vredestein-Ultrac-Pro-245-35R20-95Y-XL-rant 392w" sizes="(min-width: 1200px) 560px, (min-width: 992px) 50vw, 100vw" width="392px" alt="2x opony letnie Vredestein Ultrac Pro 245/35R20 95Y XL rant" style="max-width: 100%; height: auto; display: block; margin: 0 auto;"></div>
</div>
</div>
</div>
</div>
<div style="clear: both; display: block; margin: 10px 0;">
<div style="clear: both; display: block; margin: 10px 0;">
<p style="margin: 15px 0; line-height: 1.8; clear: both; display: block; width: 100%; float: none; position: static;"><b>Vredestein Ultrac Pro</b> to opony <b>letnie</b> przeznaczone do samochodów <b>osobowych</b> oraz suv-ów. Oryginalny produkt klasy <b>premium</b> renomowanej marki <b>Vredestein</b>. Bezkompromisowa jakość. Opony klasy UHP (Ultra High Performance) do pojazdów o większej mocy silnika, przeznaczone dla kierowców preferujących dynamiczny styl jazdy.</p>
<ul style="margin: 15px 0; padding-left: 20px; clear: both; display: block; width: 100%; float: none; position: static;">
<li style="margin: 5px 0; padding: 2px 0; clear: both; display: list-item; float: none; position: static;">rok produkcji: nie starsze niż <b>2023</b></li>
<li style="margin: 5px 0; padding: 2px 0; clear: both; display: list-item; float: none; position: static;">opony <b>nowe</b>, oryginalne, z gwarancją</li>
<li style="margin: 5px 0; padding: 2px 0; clear: both; display: list-item; float: none; position: static;"><b>FSL</b> &#8211; opony posiadają rant chroniący felgę</li>
<li style="margin: 5px 0; padding: 2px 0; clear: both; display: list-item; float: none; position: static;">opony wzmocnione <b>XL</b></li>
<li style="margin: 5px 0; padding: 2px 0; clear: both; display: list-item; float: none; position: static;">komfortowa, cicha praca</li>
<li style="margin: 5px 0; padding: 2px 0; clear: both; display: list-item; float: none; position: static;">doskonała trakcja, precyzyjne sterowanie &#8211; również przy dużych prędkościach</li>
<li style="margin: 5px 0; padding: 2px 0; clear: both; display: list-item; float: none; position: static;">długie przebiegi</li>
<li style="margin: 5px 0; padding: 2px 0; clear: both; display: list-item; float: none; position: static;">bieżnik zużywa się równomiernie</li>
<li style="margin: 5px 0; padding: 2px 0; clear: both; display: list-item; float: none; position: static;">krótka droga hamowania zarówno na suchej jak i mokrej nawierzchni</li>
<li style="margin: 5px 0; padding: 2px 0; clear: both; display: list-item; float: none; position: static;">bardzo dobre odprowadzanie wody</li>
<li style="margin: 5px 0; padding: 2px 0; clear: both; display: list-item; float: none; position: static;">zabezpieczenie przed poślizgiem na wodzie (aquaplaning)</li>
</ul>
</div>
</div>
</div>
<div style="clear: both; display: block; margin: 10px 0;">
<div style="clear: both; display: block; margin: 10px 0;">
<div style="clear: both; display: block; margin: 10px 0;">
<div  style="max-width:480px;max-height:733px">
<div style="clear: both; display: block; margin: 10px 0;">
<div style="clear: both; width: 100%; display: block; margin: 20px 0; padding: 0; float: none; position: static; text-align: center;"><img decoding="async"  src="https://a.allegroimg.com/original/11b1ea/d9ee33294659924a70822a78b29b/2x-opony-letnie-Vredestein-Ultrac-Pro-245-35R20-95Y-XL-rant-Liczba-opon-w-ofercie-2-szt" srcset="https://a.allegroimg.com/original/11b1ea/d9ee33294659924a70822a78b29b/2x-opony-letnie-Vredestein-Ultrac-Pro-245-35R20-95Y-XL-rant-Liczba-opon-w-ofercie-2-szt 235w,https://a.allegroimg.com/original/11b1ea/d9ee33294659924a70822a78b29b/2x-opony-letnie-Vredestein-Ultrac-Pro-245-35R20-95Y-XL-rant-Liczba-opon-w-ofercie-2-szt 471w,https://a.allegroimg.com/original/11b1ea/d9ee33294659924a70822a78b29b/2x-opony-letnie-Vredestein-Ultrac-Pro-245-35R20-95Y-XL-rant-Liczba-opon-w-ofercie-2-szt 480w,https://a.allegroimg.com/original/11b1ea/d9ee33294659924a70822a78b29b/2x-opony-letnie-Vredestein-Ultrac-Pro-245-35R20-95Y-XL-rant-Liczba-opon-w-ofercie-2-szt 480w" sizes="100vw" width="480px" alt="2x opony letnie Vredestein Ultrac Pro 245/35R20 95Y XL rant Liczba opon w ofercie 2 szt." style="max-width: 100%; height: auto; display: block; margin: 0 auto;"></div>
</div>
</div>
</div>
</div>
</div>
</div>
</div>
</div>
<div style="clear: both; display: block; margin: 10px 0;">

<p>zestaw 2 sztuk nowych opon letnich</p>
<p>Vredestein Ultrac Pro 245/35R20 95Y XL FSL</p>
<p>Vredestein Ultrac Pro to opony letnie przeznaczone do samochodów osobowych oraz suv-ów. Oryginalny produkt klasy premium renomowanej marki Vredestein. Bezkompromisowa jakość. Opony klasy UHP (Ultra High Performance) do pojazdów o większej mocy silnika, przeznaczone dla kierowców preferujących dynamiczny styl jazdy.</p>
<p>rok produkcji: nie starsze niż 2023</p>
<p>opony nowe, oryginalne, z gwarancją</p>
<p>FSL &#8211; opony posiadają rant chroniący felgę</p>
<p>opony wzmocnione XL</p>
<p>komfortowa, cicha praca</p>

zestaw 2 sztuk nowych opon letnich Vredestein Ultrac Pro 245/35R20 95Y XL FSL Vredestein Ultrac Pro to opony letnie przeznaczone do samochodów osobowych oraz suv-ów. Oryginalny produkt klasy premium renomowanej marki Vredestein. Bezkompromisowa jakość. Opony klasy UHP (Ultra High Performance) do pojazdów o większej mocy silnika, przeznaczone dla kierowców preferujących dynamiczny styl jazdy. rok produkcji:&hellip;
