{"id":17458,"date":"2026-01-19T04:12:28","date_gmt":"2026-01-19T03:12:28","guid":{"rendered":"https:\/\/oponypoint.shop\/xef5\/produkt\/4x-demo-caloroczna-goodyear-eagle-f1-275-30r19-96y-xl-bieznik-nowy-2020rok\/"},"modified":"2026-01-19T04:12:29","modified_gmt":"2026-01-19T03:12:29","slug":"4x-demo-caloroczna-goodyear-eagle-f1-275-30r19-96y-xl-bieznik-nowy-2020rok","status":"publish","type":"product","link":"https:\/\/oponixo.shop\/tire\/produkt\/4x-demo-caloroczna-goodyear-eagle-f1-275-30r19-96y-xl-bieznik-nowy-2020rok\/","title":{"rendered":"4x demo CA\u0141OROCZNA GOODYEAR EAGLE F1 275\/30R19 96Y XL BIE\u017bNIK NOWY 2020rok"},"content":{"rendered":"<div style=\"font-family: Arial, sans-serif; line-height: 1.6; color: #333; padding: 20px; clear: both; display: block; width: 100%; float: none; position: static; overflow: hidden;\">\n<div style=\"clear: both; display: block; margin: 10px 0;\">\n<div style=\"clear: both; display: block; margin: 10px 0;\">\n<div style=\"clear: both; display: block; margin: 10px 0;\">\n<p style=\"margin: 15px 0; line-height: 1.8; clear: both; display: block; width: 100%; float: none; position: static;\">Opona ca\u0142oroczna Pirelli Scoprion Zero All Season 255\/60R20 113 V<\/p>\n<p style=\"margin: 15px 0; line-height: 1.8; clear: both; display: block; width: 100%; float: none; position: static;\">Cechy produktu:<\/p>\n<ul style=\"margin: 15px 0; padding-left: 20px; clear: both; display: block; width: 100%; float: none; position: static;\">\n<li style=\"margin: 5px 0; padding: 2px 0; clear: both; display: list-item; float: none; position: static;\">szeroko\u015b\u0107\/profil\/\u015brednica: 255\/60R20<\/li>\n<li style=\"margin: 5px 0; padding: 2px 0; clear: both; display: list-item; float: none; position: static;\">indeks no\u015bno\u015bci: 113 &#8211; 1150 kg<\/li>\n<li style=\"margin: 5px 0; padding: 2px 0; clear: both; display: list-item; float: none; position: static;\">indeks pr\u0119dko\u015bci: V &#8211; 240 km\/h<\/li>\n<li style=\"margin: 5px 0; padding: 2px 0; clear: both; display: list-item; float: none; position: static;\">op\u00f3r toczenia: Klasa A<\/li>\n<li style=\"margin: 5px 0; padding: 2px 0; clear: both; display: list-item; float: none; position: static;\">hamowanie na mokrej nawierzchni: Klasa C<\/li>\n<li style=\"margin: 5px 0; padding: 2px 0; clear: both; display: list-item; float: none; position: static;\">ha\u0142as zewn\u0119trzny: 70 dB<\/li>\n<li style=\"margin: 5px 0; padding: 2px 0; clear: both; display: list-item; float: none; position: static;\">wzmocnienie (XL)<\/li>\n<li style=\"margin: 5px 0; padding: 2px 0; clear: both; display: list-item; float: none; position: static;\">homologacja: LR<\/li>\n<li style=\"margin: 5px 0; padding: 2px 0; clear: both; display: list-item; float: none; position: static;\">opony bie\u017cnik nowy by\u0142y na nowym samochodzie testowym<\/li>\n<\/ul>\n<\/div>\n<\/div>\n<div style=\"clear: both; display: block; margin: 10px 0;\">\n<div style=\"clear: both; display: block; margin: 10px 0;\">\n<div  style=\"max-width:1728px;max-height:1152px\">\n<div style=\"clear: both; display: block; margin: 10px 0;\">\n<div style=\"clear: both; width: 100%; display: block; margin: 20px 0; padding: 0; float: none; position: static; text-align: center;\"><img decoding=\"async\"  src=\"https:\/\/a.allegroimg.com\/original\/1158de\/2e5266aa4954aa63524c6839d823\/4x-demo-CALOROCZNA-GOODYEAR-EAGLE-F1-275-30R19-96Y-XL-BIEZNIK-NOWY-2020rok-EAN-GTIN-8019227374629\" srcset=\"https:\/\/a.allegroimg.com\/original\/1158de\/2e5266aa4954aa63524c6839d823\/4x-demo-CALOROCZNA-GOODYEAR-EAGLE-F1-275-30R19-96Y-XL-BIEZNIK-NOWY-2020rok-EAN-GTIN-8019227374629 360w,https:\/\/a.allegroimg.com\/original\/1158de\/2e5266aa4954aa63524c6839d823\/4x-demo-CALOROCZNA-GOODYEAR-EAGLE-F1-275-30R19-96Y-XL-BIEZNIK-NOWY-2020rok-EAN-GTIN-8019227374629 720w,https:\/\/a.allegroimg.com\/original\/1158de\/2e5266aa4954aa63524c6839d823\/4x-demo-CALOROCZNA-GOODYEAR-EAGLE-F1-275-30R19-96Y-XL-BIEZNIK-NOWY-2020rok-EAN-GTIN-8019227374629 1024w,https:\/\/a.allegroimg.com\/original\/1158de\/2e5266aa4954aa63524c6839d823\/4x-demo-CALOROCZNA-GOODYEAR-EAGLE-F1-275-30R19-96Y-XL-BIEZNIK-NOWY-2020rok-EAN-GTIN-8019227374629 1440w,https:\/\/a.allegroimg.com\/original\/1158de\/2e5266aa4954aa63524c6839d823\/4x-demo-CALOROCZNA-GOODYEAR-EAGLE-F1-275-30R19-96Y-XL-BIEZNIK-NOWY-2020rok-EAN-GTIN-8019227374629 1728w\" sizes=\"(min-width: 1200px) 560px, (min-width: 992px) 50vw, 100vw\" width=\"1728px\" alt=\"4x demo CA\u0141OROCZNA GOODYEAR EAGLE F1 275\/30R19 96Y XL BIE\u017bNIK NOWY 2020rok EAN (GTIN) 8019227374629\" style=\"max-width: 100%; height: auto; display: block; margin: 0 auto;\"><\/div>\n<\/div>\n<\/div>\n<\/div>\n<\/div>\n<\/div>\n<\/div>\n<\/div>\n<\/div>\n<div style=\"clear: both; display: block; margin: 10px 0;\">\n","protected":false},"excerpt":{"rendered":"<p>Opona ca\u0142oroczna Pirelli Scoprion Zero All Season 255\/60R20 113 V<\/p>\n<p>Cechy produktu:<\/p>\n<p>szeroko\u015b\u0107\/profil\/\u015brednica: 255\/60R20<\/p>\n<p>indeks no\u015bno\u015bci: 113 &#8211; 1150 kg<\/p>\n<p>indeks pr\u0119dko\u015bci: V &#8211; 240 km\/h<\/p>\n<p>op\u00f3r toczenia: Klasa A<\/p>\n<p>hamowanie na mokrej nawierzchni: Klasa C<\/p>\n<p>ha\u0142as zewn\u0119trzny: 70 dB<\/p>\n","protected":false},"featured_media":17459,"template":"","meta":{"_uag_custom_page_level_css":""},"product_brand":[433],"product_cat":[416,428,413,412],"product_tag":[],"class_list":{"0":"post-17458","1":"product","2":"type-product","3":"status-publish","4":"has-post-thumbnail","6":"product_brand-pirelli","7":"product_cat-caloroczne","8":"product_cat-do-samochodow-terenowych-i-4x4","9":"product_cat-opony","10":"product_cat-opony-i-felgi","12":"first","13":"instock","14":"shipping-taxable","15":"purchasable","16":"product-type-simple"},"uagb_featured_image_src":{"full":["https:\/\/oponixo.shop\/tire\/wp-content\/uploads\/2026\/01\/allegro-image-17458.jpg",992,992,false],"thumbnail":["https:\/\/oponixo.shop\/tire\/wp-content\/uploads\/2026\/01\/allegro-image-17458-150x150.jpg",150,150,true],"medium":["https:\/\/oponixo.shop\/tire\/wp-content\/uploads\/2026\/01\/allegro-image-17458-300x300.jpg",300,300,true],"medium_large":["https:\/\/oponixo.shop\/tire\/wp-content\/uploads\/2026\/01\/allegro-image-17458-768x768.jpg",768,768,true],"large":["https:\/\/oponixo.shop\/tire\/wp-content\/uploads\/2026\/01\/allegro-image-17458.jpg",992,992,false],"1536x1536":["https:\/\/oponixo.shop\/tire\/wp-content\/uploads\/2026\/01\/allegro-image-17458.jpg",992,992,false],"2048x2048":["https:\/\/oponixo.shop\/tire\/wp-content\/uploads\/2026\/01\/allegro-image-17458.jpg",992,992,false],"woocommerce_thumbnail":["https:\/\/oponixo.shop\/tire\/wp-content\/uploads\/2026\/01\/allegro-image-17458-300x300.jpg",300,300,true],"woocommerce_single":["https:\/\/oponixo.shop\/tire\/wp-content\/uploads\/2026\/01\/allegro-image-17458-600x600.jpg",600,600,true],"woocommerce_gallery_thumbnail":["https:\/\/oponixo.shop\/tire\/wp-content\/uploads\/2026\/01\/allegro-image-17458-100x100.jpg",100,100,true]},"uagb_author_info":{"display_name":"admin","author_link":"https:\/\/oponixo.shop\/tire\/author\/"},"uagb_comment_info":0,"uagb_excerpt":"Opona ca\u0142oroczna Pirelli Scoprion Zero All Season 255\/60R20 113 V Cechy produktu: szeroko\u015b\u0107\/profil\/\u015brednica: 255\/60R20 indeks no\u015bno\u015bci: 113 - 1150 kg indeks pr\u0119dko\u015bci: V - 240 km\/h op\u00f3r toczenia: Klasa A hamowanie na mokrej nawierzchni: Klasa C ha\u0142as zewn\u0119trzny: 70 dB","_links":{"self":[{"href":"https:\/\/oponixo.shop\/tire\/wp-json\/wp\/v2\/product\/17458","targetHints":{"allow":["GET"]}}],"collection":[{"href":"https:\/\/oponixo.shop\/tire\/wp-json\/wp\/v2\/product"}],"about":[{"href":"https:\/\/oponixo.shop\/tire\/wp-json\/wp\/v2\/types\/product"}],"wp:featuredmedia":[{"embeddable":true,"href":"https:\/\/oponixo.shop\/tire\/wp-json\/wp\/v2\/media\/17459"}],"wp:attachment":[{"href":"https:\/\/oponixo.shop\/tire\/wp-json\/wp\/v2\/media?parent=17458"}],"wp:term":[{"taxonomy":"product_brand","embeddable":true,"href":"https:\/\/oponixo.shop\/tire\/wp-json\/wp\/v2\/product_brand?post=17458"},{"taxonomy":"product_cat","embeddable":true,"href":"https:\/\/oponixo.shop\/tire\/wp-json\/wp\/v2\/product_cat?post=17458"},{"taxonomy":"product_tag","embeddable":true,"href":"https:\/\/oponixo.shop\/tire\/wp-json\/wp\/v2\/product_tag?post=17458"}],"curies":[{"name":"wp","href":"https:\/\/api.w.org\/{rel}","templated":true}]}}