{"id":17674,"date":"2026-01-23T21:47:28","date_gmt":"2026-01-23T20:47:28","guid":{"rendered":"https:\/\/oponypoint.shop\/xef5\/produkt\/2x-opony-265-65r18-falken-eurowinter-hs02-pro\/"},"modified":"2026-01-23T21:47:29","modified_gmt":"2026-01-23T20:47:29","slug":"2x-opony-265-65r18-falken-eurowinter-hs02-pro","status":"publish","type":"product","link":"https:\/\/oponixo.shop\/tire\/produkt\/2x-opony-265-65r18-falken-eurowinter-hs02-pro\/","title":{"rendered":"2x OPONY 265\/65R18 Falken Eurowinter HS02 PRO"},"content":{"rendered":"<div style=\"font-family: Arial, sans-serif; line-height: 1.6; color: #333; padding: 20px; clear: both; display: block; width: 100%; float: none; position: static; overflow: hidden;\">\n<div style=\"clear: both; display: block; margin: 10px 0;\">\n<div style=\"clear: both; display: block; margin: 10px 0;\">\n<div style=\"clear: both; display: block; margin: 10px 0;\">\n<div  style=\"max-width:1200px;max-height:1200px\">\n<div style=\"clear: both; display: block; margin: 10px 0;\">\n<div style=\"clear: both; width: 100%; display: block; margin: 20px 0; padding: 0; float: none; position: static; text-align: center;\"><img decoding=\"async\"  src=\"https:\/\/a.allegroimg.com\/original\/11f03e\/ca3698844acc8a0f44faabac36c5\/2x-OPONY-265-65R18-Falken-Eurowinter-HS02-PRO\" srcset=\"https:\/\/a.allegroimg.com\/original\/11f03e\/ca3698844acc8a0f44faabac36c5\/2x-OPONY-265-65R18-Falken-Eurowinter-HS02-PRO 360w,https:\/\/a.allegroimg.com\/original\/11f03e\/ca3698844acc8a0f44faabac36c5\/2x-OPONY-265-65R18-Falken-Eurowinter-HS02-PRO 720w,https:\/\/a.allegroimg.com\/original\/11f03e\/ca3698844acc8a0f44faabac36c5\/2x-OPONY-265-65R18-Falken-Eurowinter-HS02-PRO 1024w,https:\/\/a.allegroimg.com\/original\/11f03e\/ca3698844acc8a0f44faabac36c5\/2x-OPONY-265-65R18-Falken-Eurowinter-HS02-PRO 1200w,https:\/\/a.allegroimg.com\/original\/11f03e\/ca3698844acc8a0f44faabac36c5\/2x-OPONY-265-65R18-Falken-Eurowinter-HS02-PRO 1200w\" sizes=\"(min-width: 1200px) 560px, (min-width: 992px) 50vw, 100vw\" width=\"1200px\" alt=\"2x OPONY 265\/65R18 Falken Eurowinter HS02 PRO\" style=\"max-width: 100%; height: auto; display: block; margin: 0 auto;\"><\/div>\n<\/div>\n<\/div>\n<\/div>\n<\/div>\n<div style=\"clear: both; display: block; margin: 10px 0;\">\n<div style=\"clear: both; display: block; margin: 10px 0;\">\n<p style=\"margin: 15px 0; line-height: 1.8; clear: both; display: block; width: 100%; float: none; position: static;\">Nazwa modelu: <b>Falken Eurowinter HS02 PRO<\/b><\/p>\n<p style=\"margin: 15px 0; line-height: 1.8; clear: both; display: block; width: 100%; float: none; position: static;\">Rozmiar: <b>265\/65 R18<\/b><\/p>\n<p style=\"margin: 15px 0; line-height: 1.8; clear: both; display: block; width: 100%; float: none; position: static;\">Indeks pr\u0119dko\u015bci: <b>V<\/b><\/p>\n<p style=\"margin: 15px 0; line-height: 1.8; clear: both; display: block; width: 100%; float: none; position: static;\">Indeks no\u015bno\u015bci: <b>116<\/b><\/p>\n<p style=\"margin: 15px 0; line-height: 1.8; clear: both; display: block; width: 100%; float: none; position: static;\">Kod producenta: <b>358678<\/b><\/p>\n<p style=\"margin: 15px 0; line-height: 1.8; clear: both; display: block; width: 100%; float: none; position: static;\">Rodzaj pojazd\u00f3w: <b>osobowy<\/b><\/p>\n<p style=\"margin: 15px 0; line-height: 1.8; clear: both; display: block; width: 100%; float: none; position: static;\">Sezon: <b>zimowe<\/b><\/p>\n<p style=\"margin: 15px 0; line-height: 1.8; clear: both; display: block; width: 100%; float: none; position: static;\">Dodatkowe oznaczenia: <b> brak <\/b><\/p>\n<p style=\"margin: 15px 0; line-height: 1.8; clear: both; display: block; width: 100%; float: none; position: static;\">Rok produkcji: <b><br \/>\n                    2025<br \/>\n        <\/b><\/p>\n<\/div>\n<\/div>\n<\/div>\n<\/div>\n<\/div>\n<\/div>\n<div style=\"clear: both; display: block; margin: 10px 0;\">\n","protected":false},"excerpt":{"rendered":"<p>Nazwa modelu: Falken Eurowinter HS02 PRO<\/p>\n<p>Rozmiar: 265\/65 R18<\/p>\n<p>Indeks pr\u0119dko\u015bci: V<\/p>\n<p>Indeks no\u015bno\u015bci: 116<\/p>\n<p>Kod producenta: 358678<\/p>\n<p>Rodzaj pojazd\u00f3w: osobowy<\/p>\n<p>Sezon: zimowe<\/p>\n<p>Dodatkowe oznaczenia: brak<\/p>\n","protected":false},"featured_media":17675,"template":"","meta":{"_uag_custom_page_level_css":""},"product_brand":[451],"product_cat":[414,413,412,415],"product_tag":[],"class_list":{"0":"post-17674","1":"product","2":"type-product","3":"status-publish","4":"has-post-thumbnail","6":"product_brand-falken","7":"product_cat-do-samochodow-osobowych-i-suv","8":"product_cat-opony","9":"product_cat-opony-i-felgi","10":"product_cat-zimowe","12":"first","13":"instock","14":"shipping-taxable","15":"purchasable","16":"product-type-simple"},"uagb_featured_image_src":{"full":["https:\/\/oponixo.shop\/tire\/wp-content\/uploads\/2026\/01\/allegro-image-17674.jpg",1200,1200,false],"thumbnail":["https:\/\/oponixo.shop\/tire\/wp-content\/uploads\/2026\/01\/allegro-image-17674-150x150.jpg",150,150,true],"medium":["https:\/\/oponixo.shop\/tire\/wp-content\/uploads\/2026\/01\/allegro-image-17674-300x300.jpg",300,300,true],"medium_large":["https:\/\/oponixo.shop\/tire\/wp-content\/uploads\/2026\/01\/allegro-image-17674-768x768.jpg",768,768,true],"large":["https:\/\/oponixo.shop\/tire\/wp-content\/uploads\/2026\/01\/allegro-image-17674-1024x1024.jpg",1024,1024,true],"1536x1536":["https:\/\/oponixo.shop\/tire\/wp-content\/uploads\/2026\/01\/allegro-image-17674.jpg",1200,1200,false],"2048x2048":["https:\/\/oponixo.shop\/tire\/wp-content\/uploads\/2026\/01\/allegro-image-17674.jpg",1200,1200,false],"woocommerce_thumbnail":["https:\/\/oponixo.shop\/tire\/wp-content\/uploads\/2026\/01\/allegro-image-17674-300x300.jpg",300,300,true],"woocommerce_single":["https:\/\/oponixo.shop\/tire\/wp-content\/uploads\/2026\/01\/allegro-image-17674-600x600.jpg",600,600,true],"woocommerce_gallery_thumbnail":["https:\/\/oponixo.shop\/tire\/wp-content\/uploads\/2026\/01\/allegro-image-17674-100x100.jpg",100,100,true]},"uagb_author_info":{"display_name":"admin","author_link":"https:\/\/oponixo.shop\/tire\/author\/"},"uagb_comment_info":0,"uagb_excerpt":"Nazwa modelu: Falken Eurowinter HS02 PRO Rozmiar: 265\/65 R18 Indeks pr\u0119dko\u015bci: V Indeks no\u015bno\u015bci: 116 Kod producenta: 358678 Rodzaj pojazd\u00f3w: osobowy Sezon: zimowe Dodatkowe oznaczenia: brak","_links":{"self":[{"href":"https:\/\/oponixo.shop\/tire\/wp-json\/wp\/v2\/product\/17674","targetHints":{"allow":["GET"]}}],"collection":[{"href":"https:\/\/oponixo.shop\/tire\/wp-json\/wp\/v2\/product"}],"about":[{"href":"https:\/\/oponixo.shop\/tire\/wp-json\/wp\/v2\/types\/product"}],"wp:featuredmedia":[{"embeddable":true,"href":"https:\/\/oponixo.shop\/tire\/wp-json\/wp\/v2\/media\/17675"}],"wp:attachment":[{"href":"https:\/\/oponixo.shop\/tire\/wp-json\/wp\/v2\/media?parent=17674"}],"wp:term":[{"taxonomy":"product_brand","embeddable":true,"href":"https:\/\/oponixo.shop\/tire\/wp-json\/wp\/v2\/product_brand?post=17674"},{"taxonomy":"product_cat","embeddable":true,"href":"https:\/\/oponixo.shop\/tire\/wp-json\/wp\/v2\/product_cat?post=17674"},{"taxonomy":"product_tag","embeddable":true,"href":"https:\/\/oponixo.shop\/tire\/wp-json\/wp\/v2\/product_tag?post=17674"}],"curies":[{"name":"wp","href":"https:\/\/api.w.org\/{rel}","templated":true}]}}

<div style="font-family: Arial, sans-serif; line-height: 1.6; color: #333; padding: 20px; clear: both; display: block; width: 100%; float: none; position: static; overflow: hidden;">
<div style="clear: both; display: block; margin: 10px 0;">
<div style="clear: both; display: block; margin: 10px 0;">
<div style="clear: both; display: block; margin: 10px 0;">
<div  style="max-width:1200px;max-height:1200px">
<div style="clear: both; display: block; margin: 10px 0;">
<div style="clear: both; width: 100%; display: block; margin: 20px 0; padding: 0; float: none; position: static; text-align: center;"><img decoding="async"  src="https://a.allegroimg.com/original/11f03e/ca3698844acc8a0f44faabac36c5/2x-OPONY-265-65R18-Falken-Eurowinter-HS02-PRO" srcset="https://a.allegroimg.com/original/11f03e/ca3698844acc8a0f44faabac36c5/2x-OPONY-265-65R18-Falken-Eurowinter-HS02-PRO 360w,https://a.allegroimg.com/original/11f03e/ca3698844acc8a0f44faabac36c5/2x-OPONY-265-65R18-Falken-Eurowinter-HS02-PRO 720w,https://a.allegroimg.com/original/11f03e/ca3698844acc8a0f44faabac36c5/2x-OPONY-265-65R18-Falken-Eurowinter-HS02-PRO 1024w,https://a.allegroimg.com/original/11f03e/ca3698844acc8a0f44faabac36c5/2x-OPONY-265-65R18-Falken-Eurowinter-HS02-PRO 1200w,https://a.allegroimg.com/original/11f03e/ca3698844acc8a0f44faabac36c5/2x-OPONY-265-65R18-Falken-Eurowinter-HS02-PRO 1200w" sizes="(min-width: 1200px) 560px, (min-width: 992px) 50vw, 100vw" width="1200px" alt="2x OPONY 265/65R18 Falken Eurowinter HS02 PRO" style="max-width: 100%; height: auto; display: block; margin: 0 auto;"></div>
</div>
</div>
</div>
</div>
<div style="clear: both; display: block; margin: 10px 0;">
<div style="clear: both; display: block; margin: 10px 0;">
<p style="margin: 15px 0; line-height: 1.8; clear: both; display: block; width: 100%; float: none; position: static;">Nazwa modelu: <b>Falken Eurowinter HS02 PRO</b></p>
<p style="margin: 15px 0; line-height: 1.8; clear: both; display: block; width: 100%; float: none; position: static;">Rozmiar: <b>265/65 R18</b></p>
<p style="margin: 15px 0; line-height: 1.8; clear: both; display: block; width: 100%; float: none; position: static;">Indeks prędkości: <b>V</b></p>
<p style="margin: 15px 0; line-height: 1.8; clear: both; display: block; width: 100%; float: none; position: static;">Indeks nośności: <b>116</b></p>
<p style="margin: 15px 0; line-height: 1.8; clear: both; display: block; width: 100%; float: none; position: static;">Kod producenta: <b>358678</b></p>
<p style="margin: 15px 0; line-height: 1.8; clear: both; display: block; width: 100%; float: none; position: static;">Rodzaj pojazdów: <b>osobowy</b></p>
<p style="margin: 15px 0; line-height: 1.8; clear: both; display: block; width: 100%; float: none; position: static;">Sezon: <b>zimowe</b></p>
<p style="margin: 15px 0; line-height: 1.8; clear: both; display: block; width: 100%; float: none; position: static;">Dodatkowe oznaczenia: <b> brak </b></p>
<p style="margin: 15px 0; line-height: 1.8; clear: both; display: block; width: 100%; float: none; position: static;">Rok produkcji: <b><br />
                    2025<br />
        </b></p>
</div>
</div>
</div>
</div>
</div>
</div>
<div style="clear: both; display: block; margin: 10px 0;">

<p>Nazwa modelu: Falken Eurowinter HS02 PRO</p>
<p>Rozmiar: 265/65 R18</p>
<p>Indeks prędkości: V</p>
<p>Indeks nośności: 116</p>
<p>Kod producenta: 358678</p>
<p>Rodzaj pojazdów: osobowy</p>
<p>Sezon: zimowe</p>
<p>Dodatkowe oznaczenia: brak</p>

Nazwa modelu: Falken Eurowinter HS02 PRO Rozmiar: 265/65 R18 Indeks prędkości: V Indeks nośności: 116 Kod producenta: 358678 Rodzaj pojazdów: osobowy Sezon: zimowe Dodatkowe oznaczenia: brak
