{"id":8903,"date":"2025-12-24T01:49:51","date_gmt":"2025-12-24T01:49:51","guid":{"rendered":"https:\/\/oponyexpert.shop\/xef5\/produkt\/2x-opony-zimowe-185-65r15-88t-frigo-2-debica-2025\/"},"modified":"2025-12-24T01:49:53","modified_gmt":"2025-12-24T01:49:53","slug":"2x-opony-zimowe-185-65r15-88t-frigo-2-debica-2025","status":"publish","type":"product","link":"https:\/\/oponixo.shop\/tire\/produkt\/2x-opony-zimowe-185-65r15-88t-frigo-2-debica-2025\/","title":{"rendered":"2x Opony zimowe 185\/65R15 88T Frigo 2 D\u0118BICA 2025"},"content":{"rendered":"<div style=\"font-family: Arial, sans-serif; line-height: 1.6; color: #333; padding: 20px; clear: both; display: block; width: 100%; float: none; position: static; overflow: hidden;\">\n<div style=\"clear: both; display: block; margin: 10px 0;\">\n<div style=\"clear: both; display: block; margin: 10px 0;\">\n<div style=\"clear: both; display: block; margin: 10px 0;\">\n<h1>2x Opony zimowe 185\/65R15 88T Frigo 2 D\u0118BICA 2025<\/h1>\n<\/div>\n<\/div>\n<\/div>\n<div style=\"clear: both; display: block; margin: 10px 0;\">\n<div style=\"clear: both; display: block; margin: 10px 0;\">\n<div style=\"clear: both; display: block; margin: 10px 0;\">\n<div  style=\"max-width:1440px;max-height:100px\">\n<div style=\"clear: both; display: block; margin: 10px 0;\">\n<div style=\"clear: both; width: 100%; display: block; margin: 20px 0; padding: 0; float: none; position: static; text-align: center;\"><img decoding=\"async\"  src=\"https:\/\/a.allegroimg.com\/original\/1102b7\/0fb0f6624cc2a47723801a108c17\/2x-Opony-zimowe-185-65R15-88T-Frigo-2-DEBICA-2025-Profil-opony-65\" srcset=\"https:\/\/a.allegroimg.com\/original\/1102b7\/0fb0f6624cc2a47723801a108c17\/2x-Opony-zimowe-185-65R15-88T-Frigo-2-DEBICA-2025-Profil-opony-65 360w,https:\/\/a.allegroimg.com\/original\/1102b7\/0fb0f6624cc2a47723801a108c17\/2x-Opony-zimowe-185-65R15-88T-Frigo-2-DEBICA-2025-Profil-opony-65 720w,https:\/\/a.allegroimg.com\/original\/1102b7\/0fb0f6624cc2a47723801a108c17\/2x-Opony-zimowe-185-65R15-88T-Frigo-2-DEBICA-2025-Profil-opony-65 1024w,https:\/\/a.allegroimg.com\/original\/1102b7\/0fb0f6624cc2a47723801a108c17\/2x-Opony-zimowe-185-65R15-88T-Frigo-2-DEBICA-2025-Profil-opony-65 1440w,https:\/\/a.allegroimg.com\/original\/1102b7\/0fb0f6624cc2a47723801a108c17\/2x-Opony-zimowe-185-65R15-88T-Frigo-2-DEBICA-2025-Profil-opony-65 1440w\" sizes=\"100vw\" width=\"1440px\" alt=\"2x Opony zimowe 185\/65R15 88T Frigo 2 D\u0118BICA 2025 Profil opony 65\"\/ style=\"max-width: 100%; height: auto; display: block; margin: 0 auto;\"><\/div>\n<\/div>\n<\/div>\n<\/div>\n<\/div>\n<\/div>\n<div style=\"clear: both; display: block; margin: 10px 0;\">\n<div style=\"clear: both; display: block; margin: 10px 0;\">\n<div style=\"clear: both; display: block; margin: 10px 0;\">\n<div  style=\"max-width:1575px;max-height:2560px\">\n<div style=\"clear: both; display: block; margin: 10px 0;\">\n<div style=\"clear: both; width: 100%; display: block; margin: 20px 0; padding: 0; float: none; position: static; text-align: center;\"><img decoding=\"async\"  src=\"https:\/\/a.allegroimg.com\/original\/117cba\/e1266c494d0588fa08178c2dadc4\/2x-Opony-zimowe-185-65R15-88T-Frigo-2-DEBICA-2025-Liczba-opon-w-ofercie-2-szt\" srcset=\"https:\/\/a.allegroimg.com\/original\/117cba\/e1266c494d0588fa08178c2dadc4\/2x-Opony-zimowe-185-65R15-88T-Frigo-2-DEBICA-2025-Liczba-opon-w-ofercie-2-szt 221w,https:\/\/a.allegroimg.com\/original\/117cba\/e1266c494d0588fa08178c2dadc4\/2x-Opony-zimowe-185-65R15-88T-Frigo-2-DEBICA-2025-Liczba-opon-w-ofercie-2-szt 442w,https:\/\/a.allegroimg.com\/original\/117cba\/e1266c494d0588fa08178c2dadc4\/2x-Opony-zimowe-185-65R15-88T-Frigo-2-DEBICA-2025-Liczba-opon-w-ofercie-2-szt 630w,https:\/\/a.allegroimg.com\/original\/117cba\/e1266c494d0588fa08178c2dadc4\/2x-Opony-zimowe-185-65R15-88T-Frigo-2-DEBICA-2025-Liczba-opon-w-ofercie-2-szt 885w,https:\/\/a.allegroimg.com\/original\/117cba\/e1266c494d0588fa08178c2dadc4\/2x-Opony-zimowe-185-65R15-88T-Frigo-2-DEBICA-2025-Liczba-opon-w-ofercie-2-szt 1575w\" sizes=\"(min-width: 1200px) 560px, (min-width: 992px) 50vw, 100vw\" width=\"1575px\" alt=\"2x Opony zimowe 185\/65R15 88T Frigo 2 D\u0118BICA 2025 Liczba opon w ofercie 2 szt.\"\/ style=\"max-width: 100%; height: auto; display: block; margin: 0 auto;\"><\/div>\n<\/div>\n<\/div>\n<\/div>\n<\/div>\n<div style=\"clear: both; display: block; margin: 10px 0;\">\n<div style=\"clear: both; display: block; margin: 10px 0;\">\n<h1>D\u0118BICA Frigo 2 185\/65R15<\/h1>\n<h3 style=\"color: #2c5aa0; font-size: 18px; margin: 30px 0 15px 0; font-weight: bold; clear: both; display: block; width: 100%; float: none; position: static;\">Dane podstawowe<\/h3>\n<p style=\"margin: 15px 0; line-height: 1.8; clear: both; display: block; width: 100%; float: none; position: static;\"><b>Stan:<\/b> Opony fabrycznie nowe<\/p>\n<p style=\"margin: 15px 0; line-height: 1.8; clear: both; display: block; width: 100%; float: none; position: static;\"><b>Producent:<\/b> D\u0118BICA<\/p>\n<p style=\"margin: 15px 0; line-height: 1.8; clear: both; display: block; width: 100%; float: none; position: static;\"><b>Model:<\/b> Frigo 2<\/p>\n<p style=\"margin: 15px 0; line-height: 1.8; clear: both; display: block; width: 100%; float: none; position: static;\"><b>Klasa opon:<\/b> Ekonomiczna<\/p>\n<p style=\"margin: 15px 0; line-height: 1.8; clear: both; display: block; width: 100%; float: none; position: static;\"><b>Sezon:<\/b> Opony zimowe<\/p>\n<p style=\"margin: 15px 0; line-height: 1.8; clear: both; display: block; width: 100%; float: none; position: static;\"><b>Szeroko\u015b\u0107:<\/b> 185<\/p>\n<p style=\"margin: 15px 0; line-height: 1.8; clear: both; display: block; width: 100%; float: none; position: static;\"><b>Profil:<\/b> 65<\/p>\n<p style=\"margin: 15px 0; line-height: 1.8; clear: both; display: block; width: 100%; float: none; position: static;\"><b>\u015arednica:<\/b> 15<\/p>\n<p style=\"margin: 15px 0; line-height: 1.8; clear: both; display: block; width: 100%; float: none; position: static;\"><b>Indeks pr\u0119dko\u015bci:<\/b> T &#8211; do 190 km\/h<\/p>\n<p style=\"margin: 15px 0; line-height: 1.8; clear: both; display: block; width: 100%; float: none; position: static;\"><b>Indeks no\u015bno\u015bci:<\/b> 88 &#8211; 560 kg na opon\u0119<\/p>\n<p style=\"margin: 15px 0; line-height: 1.8; clear: both; display: block; width: 100%; float: none; position: static;\"><b>Rok produkcji:<\/b> 2025<\/p>\n<\/div>\n<\/div>\n<\/div>\n<div style=\"clear: both; display: block; margin: 10px 0;\">\n<div style=\"clear: both; display: block; margin: 10px 0;\">\n<div style=\"clear: both; display: block; margin: 10px 0;\">\n<div  style=\"max-width:2560px;max-height:2560px\">\n<div style=\"clear: both; display: block; margin: 10px 0;\">\n<div style=\"clear: both; width: 100%; display: block; margin: 20px 0; padding: 0; float: none; position: static; text-align: center;\"><img decoding=\"async\"  src=\"https:\/\/a.allegroimg.com\/original\/1101b9\/3a4119b14ad997922f9b943bbfa1\/2x-Opony-zimowe-185-65R15-88T-Frigo-2-DEBICA-2025-Rok-produkcji-2025\" srcset=\"https:\/\/a.allegroimg.com\/original\/1101b9\/3a4119b14ad997922f9b943bbfa1\/2x-Opony-zimowe-185-65R15-88T-Frigo-2-DEBICA-2025-Rok-produkcji-2025 360w,https:\/\/a.allegroimg.com\/original\/1101b9\/3a4119b14ad997922f9b943bbfa1\/2x-Opony-zimowe-185-65R15-88T-Frigo-2-DEBICA-2025-Rok-produkcji-2025 720w,https:\/\/a.allegroimg.com\/original\/1101b9\/3a4119b14ad997922f9b943bbfa1\/2x-Opony-zimowe-185-65R15-88T-Frigo-2-DEBICA-2025-Rok-produkcji-2025 1024w,https:\/\/a.allegroimg.com\/original\/1101b9\/3a4119b14ad997922f9b943bbfa1\/2x-Opony-zimowe-185-65R15-88T-Frigo-2-DEBICA-2025-Rok-produkcji-2025 1440w,https:\/\/a.allegroimg.com\/original\/1101b9\/3a4119b14ad997922f9b943bbfa1\/2x-Opony-zimowe-185-65R15-88T-Frigo-2-DEBICA-2025-Rok-produkcji-2025 2560w\" sizes=\"(min-width: 1200px) 560px, (min-width: 992px) 50vw, 100vw\" width=\"2560px\" alt=\"2x Opony zimowe 185\/65R15 88T Frigo 2 D\u0118BICA 2025 Rok produkcji 2025\"\/ style=\"max-width: 100%; height: auto; display: block; margin: 0 auto;\"><\/div>\n<\/div>\n<\/div>\n<\/div>\n<\/div>\n<div style=\"clear: both; display: block; margin: 10px 0;\">\n<div style=\"clear: both; display: block; margin: 10px 0;\">\n<h3 style=\"color: #2c5aa0; font-size: 18px; margin: 30px 0 15px 0; font-weight: bold; clear: both; display: block; width: 100%; float: none; position: static;\">Informacje szczeg\u00f3\u0142owe<\/h3>\n<p style=\"margin: 15px 0; line-height: 1.8; clear: both; display: block; width: 100%; float: none; position: static;\"><b>Op\u00f3r toczenia: <\/b>Klasa C<\/p>\n<p style=\"margin: 15px 0; line-height: 1.8; clear: both; display: block; width: 100%; float: none; position: static;\"><b>Przyczepno\u015b\u0107 na mokrej nawierzchni: <\/b>Klasa D<\/p>\n<p style=\"margin: 15px 0; line-height: 1.8; clear: both; display: block; width: 100%; float: none; position: static;\"><b>Poziom ha\u0142asu zewn\u0119trznego: <\/b>Klasa B<\/p>\n<p style=\"margin: 15px 0; line-height: 1.8; clear: both; display: block; width: 100%; float: none; position: static;\"><b>Ha\u0142as zewn\u0119trzny: <\/b>71 dB<\/p>\n<p style=\"margin: 15px 0; line-height: 1.8; clear: both; display: block; width: 100%; float: none; position: static;\"><b>Przeznaczenie: <\/b>Opona do samochod\u00f3w osobowych, SUV oraz z nap\u0119dem 4&#215;4<\/p>\n<p style=\"margin: 15px 0; line-height: 1.8; clear: both; display: block; width: 100%; float: none; position: static;\"><b>Kod producenta: <\/b>577606<\/p>\n<p style=\"margin: 15px 0; line-height: 1.8; clear: both; display: block; width: 100%; float: none; position: static;\"><b>Kod QR: <\/b>eprel.ec.europa.eu\/qr\/611292<\/p>\n<p style=\"margin: 15px 0; line-height: 1.8; clear: both; display: block; width: 100%; float: none; position: static;\"><b>Waga opony: <\/b>6.79 kg<\/p>\n<\/div>\n<\/div>\n<\/div>\n<div style=\"clear: both; display: block; margin: 10px 0;\">\n<div style=\"clear: both; display: block; margin: 10px 0;\">\n<div style=\"clear: both; display: block; margin: 10px 0;\">\n<p style=\"margin: 15px 0; line-height: 1.8; clear: both; display: block; width: 100%; float: none; position: static;\">*Zdj\u0119cia przedstawione w ofercie maj\u0105 <b>charakter pogl\u0105dowy<\/b>. Rzeczywisty wygl\u0105d mo\u017ce r\u00f3\u017cni\u0107 si\u0119 od prezentowanego w zale\u017cno\u015bci od rozmiaru produktu.<\/p>\n<\/div>\n<\/div>\n<\/div>\n<div style=\"clear: both; display: block; margin: 10px 0;\">\n<div style=\"clear: both; display: block; margin: 10px 0;\">\n<div style=\"clear: both; display: block; margin: 10px 0;\">\n<h1>Frigo 2<\/h1>\n<h2>Frigo 2 jest najbardziej popularn\u0105 opon\u0105 zimow\u0105 D\u0119bicy. Opona jest przeznaczona do aut miejskich, kompaktowych, a tak\u017ce samochod\u00f3w klasy \u015bredniej.<\/h2>\n<p style=\"margin: 15px 0; line-height: 1.8; clear: both; display: block; width: 100%; float: none; position: static;\">Zosta\u0142a zaprojektowana z my\u015bl\u0105 o kierowcach ceni\u0105cych wygod\u0119 oraz oszcz\u0119dno\u015b\u0107.<\/p>\n<ul style=\"margin: 15px 0; padding-left: 20px; clear: both; display: block; width: 100%; float: none; position: static;\">\n<li style=\"margin: 5px 0; padding: 2px 0; clear: both; display: list-item; float: none; position: static;\">Konstrukcja opony zapewnia d\u0142ugie przebiegi oraz komfortow\u0105 jazd\u0119 zim\u0105.<\/li>\n<li style=\"margin: 5px 0; padding: 2px 0; clear: both; display: list-item; float: none; position: static;\">Zoptymalizowana powierzchnia styku opony z pod\u0142o\u017cem przek\u0142ada si\u0119 na dobr\u0105 przyczepno\u015b\u0107 na zimowych drogach.<\/li>\n<li style=\"margin: 5px 0; padding: 2px 0; clear: both; display: list-item; float: none; position: static;\">Kierunkowy bie\u017cnik z szerokimi rowkami skutecznie usuwa wod\u0119 i b\u0142oto po\u015bniegowe zmniejszaj\u0105c ryzyko aquaplaningu.<\/li>\n<\/ul>\n<\/div>\n<\/div>\n<\/div>\n<div style=\"clear: both; display: block; margin: 10px 0;\">\n<div style=\"clear: both; display: block; margin: 10px 0;\">\n<div style=\"clear: both; display: block; margin: 10px 0;\">\n<div  style=\"max-width:999px;max-height:152px\">\n<div style=\"clear: both; display: block; margin: 10px 0;\">\n<div style=\"clear: both; width: 100%; display: block; margin: 20px 0; padding: 0; float: none; position: static; text-align: center;\"><img decoding=\"async\"  src=\"https:\/\/a.allegroimg.com\/original\/11dc9b\/72620e9e4d3ba8cc78f04f43d66e\/2x-Opony-zimowe-185-65R15-88T-Frigo-2-DEBICA-2025-Kod-producenta-577606\" srcset=\"https:\/\/a.allegroimg.com\/original\/11dc9b\/72620e9e4d3ba8cc78f04f43d66e\/2x-Opony-zimowe-185-65R15-88T-Frigo-2-DEBICA-2025-Kod-producenta-577606 360w,https:\/\/a.allegroimg.com\/original\/11dc9b\/72620e9e4d3ba8cc78f04f43d66e\/2x-Opony-zimowe-185-65R15-88T-Frigo-2-DEBICA-2025-Kod-producenta-577606 720w,https:\/\/a.allegroimg.com\/original\/11dc9b\/72620e9e4d3ba8cc78f04f43d66e\/2x-Opony-zimowe-185-65R15-88T-Frigo-2-DEBICA-2025-Kod-producenta-577606 999w,https:\/\/a.allegroimg.com\/original\/11dc9b\/72620e9e4d3ba8cc78f04f43d66e\/2x-Opony-zimowe-185-65R15-88T-Frigo-2-DEBICA-2025-Kod-producenta-577606 999w\" sizes=\"100vw\" width=\"999px\" alt=\"2x Opony zimowe 185\/65R15 88T Frigo 2 D\u0118BICA 2025 Kod producenta 577606\"\/ style=\"max-width: 100%; height: auto; display: block; margin: 0 auto;\"><\/div>\n<\/div>\n<\/div>\n<\/div>\n<\/div>\n<\/div>\n<div style=\"clear: both; display: block; margin: 10px 0;\">\n<div style=\"clear: both; display: block; margin: 10px 0;\">\n<div style=\"clear: both; display: block; margin: 10px 0;\">\n<h1>O producencie opon D\u0119bica<\/h1>\n<p style=\"margin: 15px 0; line-height: 1.8; clear: both; display: block; width: 100%; float: none; position: static;\">Firma Oponiarska D\u0119bica to polski producent ogumienia, kt\u00f3ry rozpocz\u0105\u0142 swoj\u0105 dzia\u0142alno\u015b\u0107 w 1937 roku w ramach Centralnego Okr\u0119gu Przemys\u0142owego. Po wojnie firma zosta\u0142a upa\u0144stwowiona. W 1991 roku firm\u0119 sprywatyzowano, a w 1995 roku D\u0119bica sta\u0142a si\u0119 cz\u0119\u015bci\u0105 koncernu oponiarskiego The Goodyear Tire and Rubber Company.<\/p>\n<\/div>\n<\/div>\n<\/div>\n<div style=\"clear: both; display: block; margin: 10px 0;\">\n<div style=\"clear: both; display: block; margin: 10px 0;\">\n<div style=\"clear: both; display: block; margin: 10px 0;\">\n<div  style=\"max-width:886px;max-height:1299px\">\n<div style=\"clear: both; display: block; margin: 10px 0;\">\n<div style=\"clear: both; width: 100%; display: block; margin: 20px 0; padding: 0; float: none; position: static; text-align: center;\"><img decoding=\"async\"  src=\"https:\/\/a.allegroimg.com\/original\/11b469\/0e35f6d74f99a38c39682214772e\/2x-Opony-zimowe-185-65R15-88T-Frigo-2-DEBICA-2025-Szerokosc-opony-185-mm\" srcset=\"https:\/\/a.allegroimg.com\/original\/11b469\/0e35f6d74f99a38c39682214772e\/2x-Opony-zimowe-185-65R15-88T-Frigo-2-DEBICA-2025-Szerokosc-opony-185-mm 245w,https:\/\/a.allegroimg.com\/original\/11b469\/0e35f6d74f99a38c39682214772e\/2x-Opony-zimowe-185-65R15-88T-Frigo-2-DEBICA-2025-Szerokosc-opony-185-mm 491w,https:\/\/a.allegroimg.com\/original\/11b469\/0e35f6d74f99a38c39682214772e\/2x-Opony-zimowe-185-65R15-88T-Frigo-2-DEBICA-2025-Szerokosc-opony-185-mm 698w,https:\/\/a.allegroimg.com\/original\/11b469\/0e35f6d74f99a38c39682214772e\/2x-Opony-zimowe-185-65R15-88T-Frigo-2-DEBICA-2025-Szerokosc-opony-185-mm 886w,https:\/\/a.allegroimg.com\/original\/11b469\/0e35f6d74f99a38c39682214772e\/2x-Opony-zimowe-185-65R15-88T-Frigo-2-DEBICA-2025-Szerokosc-opony-185-mm 886w\" sizes=\"(min-width: 1200px) 560px, (min-width: 992px) 50vw, 100vw\" width=\"886px\" alt=\"2x Opony zimowe 185\/65R15 88T Frigo 2 D\u0118BICA 2025 Szeroko\u015b\u0107 opony 185 mm\"\/ style=\"max-width: 100%; height: auto; display: block; margin: 0 auto;\"><\/div>\n<\/div>\n<\/div>\n<\/div>\n<\/div>\n<div style=\"clear: both; display: block; margin: 10px 0;\">\n<div style=\"clear: both; display: block; margin: 10px 0;\">\n<p style=\"margin: 15px 0; line-height: 1.8; clear: both; display: block; width: 100%; float: none; position: static;\"><b>Etykiety Unijne na oponach<\/b> pomagaj\u0105 konsumentom w podj\u0119ciu \u015bwiadomej decyzji o zakupie.<\/p>\n<p style=\"margin: 15px 0; line-height: 1.8; clear: both; display: block; width: 100%; float: none; position: static;\"><b>Op\u00f3r toczenia<\/b> w oponie jest wska\u017anikiem jej efektywno\u015bci energetycznej, co ma wp\u0142yw na zu\u017cycie paliwa oraz emisj\u0119 spalin. Klasa oporu toczenia waha si\u0119 od A (najwydajniejsza) do E (najni\u017csza).<\/p>\n<p style=\"margin: 15px 0; line-height: 1.8; clear: both; display: block; width: 100%; float: none; position: static;\"><b>Droga hamowania na mokrej nawierzchni<\/b> zale\u017cy od zdolno\u015bci opony do trzymania si\u0119 drogi na mokrej nawierzchni. Klasa A okre\u015bla najkr\u00f3tsz\u0105 drog\u0119, za\u015b E najd\u0142u\u017csz\u0105. Opona z etykiet\u0105 E hamuje 18 metr\u00f3w dalej w por\u00f3wnaniu z opon\u0105 z etykiet\u0105 A (procedura testowa, w kt\u00f3rej mierzy si\u0119 drog\u0119 hamowania od 80 km\/h do 5 km\/h na drodze pokrytej wod\u0105).<\/p>\n<p style=\"margin: 15px 0; line-height: 1.8; clear: both; display: block; width: 100%; float: none; position: static;\"><b>Ha\u0142as zewn\u0119trzny<\/b> odnosi si\u0119 do ha\u0142asu wytwarzanego przez opon\u0119 podczas przejazdu samochodu i jest mierzony w dB (decybelach). Ha\u0142as opon mierzony jest na zewn\u0105trz pojazdu co ma za zadanie ograniczy\u0107 negatywny wp\u0142yw na otoczenie.<\/p>\n<\/div>\n<\/div>\n<\/div>\n<\/div>\n<\/div>\n<\/div>\n<div style=\"clear: both; display: block; margin: 10px 0;\">\n","protected":false},"excerpt":{"rendered":"<p>2x Opony zimowe 185\/65R15 88T Frigo 2 D\u0118BICA 2025<\/p>\n<p>D\u0118BICA Frigo 2 185\/65R15<\/p>\n<p>Dane podstawowe<\/p>\n<p>Stan: Opony fabrycznie nowe<\/p>\n<p>Producent: D\u0118BICA<\/p>\n<p>Model: Frigo 2<\/p>\n<p>Klasa opon: Ekonomiczna<\/p>\n<p>Sezon: Opony zimowe<\/p>\n","protected":false},"featured_media":8904,"template":"","meta":{"_uag_custom_page_level_css":""},"product_brand":[378],"product_cat":[414,413,412,415],"product_tag":[],"class_list":{"0":"post-8903","1":"product","2":"type-product","3":"status-publish","4":"has-post-thumbnail","6":"product_brand-debica","7":"product_cat-do-samochodow-osobowych-i-suv","8":"product_cat-opony","9":"product_cat-opony-i-felgi","10":"product_cat-zimowe","12":"first","13":"instock","14":"sale","15":"shipping-taxable","16":"purchasable","17":"product-type-simple"},"uagb_featured_image_src":{"full":["https:\/\/oponixo.shop\/tire\/wp-content\/uploads\/2025\/12\/allegro-image-8903.jpg",2560,2560,false],"thumbnail":["https:\/\/oponixo.shop\/tire\/wp-content\/uploads\/2025\/12\/allegro-image-8903-150x150.jpg",150,150,true],"medium":["https:\/\/oponixo.shop\/tire\/wp-content\/uploads\/2025\/12\/allegro-image-8903-300x300.jpg",300,300,true],"medium_large":["https:\/\/oponixo.shop\/tire\/wp-content\/uploads\/2025\/12\/allegro-image-8903-768x768.jpg",768,768,true],"large":["https:\/\/oponixo.shop\/tire\/wp-content\/uploads\/2025\/12\/allegro-image-8903-1024x1024.jpg",1024,1024,true],"1536x1536":["https:\/\/oponixo.shop\/tire\/wp-content\/uploads\/2025\/12\/allegro-image-8903-1536x1536.jpg",1536,1536,true],"2048x2048":["https:\/\/oponixo.shop\/tire\/wp-content\/uploads\/2025\/12\/allegro-image-8903-2048x2048.jpg",2048,2048,true],"woocommerce_thumbnail":["https:\/\/oponixo.shop\/tire\/wp-content\/uploads\/2025\/12\/allegro-image-8903-300x300.jpg",300,300,true],"woocommerce_single":["https:\/\/oponixo.shop\/tire\/wp-content\/uploads\/2025\/12\/allegro-image-8903-600x600.jpg",600,600,true],"woocommerce_gallery_thumbnail":["https:\/\/oponixo.shop\/tire\/wp-content\/uploads\/2025\/12\/allegro-image-8903-100x100.jpg",100,100,true]},"uagb_author_info":{"display_name":"admin","author_link":"https:\/\/oponixo.shop\/tire\/author\/"},"uagb_comment_info":0,"uagb_excerpt":"2x Opony zimowe 185\/65R15 88T Frigo 2 D\u0118BICA 2025 D\u0118BICA Frigo 2 185\/65R15 Dane podstawowe Stan: Opony fabrycznie nowe Producent: D\u0118BICA Model: Frigo 2 Klasa opon: Ekonomiczna Sezon: Opony zimowe","_links":{"self":[{"href":"https:\/\/oponixo.shop\/tire\/wp-json\/wp\/v2\/product\/8903","targetHints":{"allow":["GET"]}}],"collection":[{"href":"https:\/\/oponixo.shop\/tire\/wp-json\/wp\/v2\/product"}],"about":[{"href":"https:\/\/oponixo.shop\/tire\/wp-json\/wp\/v2\/types\/product"}],"wp:featuredmedia":[{"embeddable":true,"href":"https:\/\/oponixo.shop\/tire\/wp-json\/wp\/v2\/media\/8904"}],"wp:attachment":[{"href":"https:\/\/oponixo.shop\/tire\/wp-json\/wp\/v2\/media?parent=8903"}],"wp:term":[{"taxonomy":"product_brand","embeddable":true,"href":"https:\/\/oponixo.shop\/tire\/wp-json\/wp\/v2\/product_brand?post=8903"},{"taxonomy":"product_cat","embeddable":true,"href":"https:\/\/oponixo.shop\/tire\/wp-json\/wp\/v2\/product_cat?post=8903"},{"taxonomy":"product_tag","embeddable":true,"href":"https:\/\/oponixo.shop\/tire\/wp-json\/wp\/v2\/product_tag?post=8903"}],"curies":[{"name":"wp","href":"https:\/\/api.w.org\/{rel}","templated":true}]}}