{"id":9219,"date":"2025-12-24T01:55:13","date_gmt":"2025-12-24T01:55:13","guid":{"rendered":"https:\/\/oponyexpert.shop\/xef5\/produkt\/1x-opona-caloroczna-195-65r15-laufenn-g-fit-4s-lh71\/"},"modified":"2025-12-24T01:55:13","modified_gmt":"2025-12-24T01:55:13","slug":"1x-opona-caloroczna-195-65r15-laufenn-g-fit-4s-lh71","status":"publish","type":"product","link":"https:\/\/oponixo.shop\/tire\/produkt\/1x-opona-caloroczna-195-65r15-laufenn-g-fit-4s-lh71\/","title":{"rendered":"1x opona ca\u0142oroczna 195\/65R15 Laufenn G Fit 4S LH71"},"content":{"rendered":"<div style=\"font-family: Arial, sans-serif; line-height: 1.6; color: #333; padding: 20px; clear: both; display: block; width: 100%; float: none; position: static; overflow: hidden;\">\n<div style=\"clear: both; display: block; margin: 10px 0;\">\n<div style=\"clear: both; display: block; margin: 10px 0;\">\n<div style=\"clear: both; display: block; margin: 10px 0;\">\n<div  style=\"max-width:1776px;max-height:549px\">\n<div style=\"clear: both; display: block; margin: 10px 0;\">\n<div style=\"clear: both; width: 100%; display: block; margin: 20px 0; padding: 0; float: none; position: static; text-align: center;\"><img decoding=\"async\"  src=\"https:\/\/a.allegroimg.com\/original\/11b0b4\/aa116d164ba7a18e7b2f3a59f5da\/1x-opona-caloroczna-195-65R15-Laufenn-G-Fit-4S-LH71-Rok-produkcji-2024\" srcset=\"https:\/\/a.allegroimg.com\/original\/11b0b4\/aa116d164ba7a18e7b2f3a59f5da\/1x-opona-caloroczna-195-65R15-Laufenn-G-Fit-4S-LH71-Rok-produkcji-2024 360w,https:\/\/a.allegroimg.com\/original\/11b0b4\/aa116d164ba7a18e7b2f3a59f5da\/1x-opona-caloroczna-195-65R15-Laufenn-G-Fit-4S-LH71-Rok-produkcji-2024 720w,https:\/\/a.allegroimg.com\/original\/11b0b4\/aa116d164ba7a18e7b2f3a59f5da\/1x-opona-caloroczna-195-65R15-Laufenn-G-Fit-4S-LH71-Rok-produkcji-2024 1024w,https:\/\/a.allegroimg.com\/original\/11b0b4\/aa116d164ba7a18e7b2f3a59f5da\/1x-opona-caloroczna-195-65R15-Laufenn-G-Fit-4S-LH71-Rok-produkcji-2024 1440w,https:\/\/a.allegroimg.com\/original\/11b0b4\/aa116d164ba7a18e7b2f3a59f5da\/1x-opona-caloroczna-195-65R15-Laufenn-G-Fit-4S-LH71-Rok-produkcji-2024 1776w\" sizes=\"100vw\" width=\"1776px\" alt=\"1x opona ca\u0142oroczna 195\/65R15 Laufenn G Fit 4S LH71 Rok produkcji 2024\"\/ style=\"max-width: 100%; height: auto; display: block; margin: 0 auto;\"><\/div>\n<\/div>\n<\/div>\n<\/div>\n<\/div>\n<\/div>\n<div style=\"clear: both; display: block; margin: 10px 0;\">\n<div style=\"clear: both; display: block; margin: 10px 0;\">\n<div style=\"clear: both; display: block; margin: 10px 0;\">\n<div  style=\"max-width:765px;max-height:1134px\">\n<div style=\"clear: both; display: block; margin: 10px 0;\">\n<div style=\"clear: both; width: 100%; display: block; margin: 20px 0; padding: 0; float: none; position: static; text-align: center;\"><img decoding=\"async\"  src=\"https:\/\/a.allegroimg.com\/original\/118a63\/5472772142e29fec75f772884bc8\/1x-opona-caloroczna-195-65R15-Laufenn-G-Fit-4S-LH71\" srcset=\"https:\/\/a.allegroimg.com\/original\/118a63\/5472772142e29fec75f772884bc8\/1x-opona-caloroczna-195-65R15-Laufenn-G-Fit-4S-LH71 242w,https:\/\/a.allegroimg.com\/original\/118a63\/5472772142e29fec75f772884bc8\/1x-opona-caloroczna-195-65R15-Laufenn-G-Fit-4S-LH71 485w,https:\/\/a.allegroimg.com\/original\/118a63\/5472772142e29fec75f772884bc8\/1x-opona-caloroczna-195-65R15-Laufenn-G-Fit-4S-LH71 690w,https:\/\/a.allegroimg.com\/original\/118a63\/5472772142e29fec75f772884bc8\/1x-opona-caloroczna-195-65R15-Laufenn-G-Fit-4S-LH71 765w,https:\/\/a.allegroimg.com\/original\/118a63\/5472772142e29fec75f772884bc8\/1x-opona-caloroczna-195-65R15-Laufenn-G-Fit-4S-LH71 765w\" sizes=\"(min-width: 1200px) 560px, (min-width: 992px) 50vw, 100vw\" width=\"765px\" alt=\"1x opona ca\u0142oroczna 195\/65R15 Laufenn G Fit 4S LH71\"\/ style=\"max-width: 100%; height: auto; display: block; margin: 0 auto;\"><\/div>\n<\/div>\n<\/div>\n<\/div>\n<\/div>\n<div style=\"clear: both; display: block; margin: 10px 0;\">\n<div style=\"clear: both; display: block; margin: 10px 0;\">\n<h1>Cechy Opony:<\/h1>\n<ul style=\"margin: 15px 0; padding-left: 20px; clear: both; display: block; width: 100%; float: none; position: static;\">\n<li style=\"margin: 5px 0; padding: 2px 0; clear: both; display: list-item; float: none; position: static;\">Stan: <b>Fabrycznie nowa<\/b><\/li>\n<\/ul>\n<ul style=\"margin: 15px 0; padding-left: 20px; clear: both; display: block; width: 100%; float: none; position: static;\">\n<li style=\"margin: 5px 0; padding: 2px 0; clear: both; display: list-item; float: none; position: static;\">Dystrybucja: <b>Oficjalny dystrybutor w Polsce<\/b><\/li>\n<\/ul>\n<ul style=\"margin: 15px 0; padding-left: 20px; clear: both; display: block; width: 100%; float: none; position: static;\">\n<li style=\"margin: 5px 0; padding: 2px 0; clear: both; display: list-item; float: none; position: static;\">Sezon: <b>ca\u0142oroczne<\/b><\/li>\n<\/ul>\n<ul style=\"margin: 15px 0; padding-left: 20px; clear: both; display: block; width: 100%; float: none; position: static;\">\n<li style=\"margin: 5px 0; padding: 2px 0; clear: both; display: list-item; float: none; position: static;\">Producent: <b>Laufenn<\/b><\/li>\n<\/ul>\n<ul style=\"margin: 15px 0; padding-left: 20px; clear: both; display: block; width: 100%; float: none; position: static;\">\n<li style=\"margin: 5px 0; padding: 2px 0; clear: both; display: list-item; float: none; position: static;\">Bie\u017cnik: <b>G Fit 4S LH71<\/b><\/li>\n<\/ul>\n<ul style=\"margin: 15px 0; padding-left: 20px; clear: both; display: block; width: 100%; float: none; position: static;\">\n<li style=\"margin: 5px 0; padding: 2px 0; clear: both; display: list-item; float: none; position: static;\">Rozmiar: <b>195\/65R15<\/b><\/li>\n<\/ul>\n<ul style=\"margin: 15px 0; padding-left: 20px; clear: both; display: block; width: 100%; float: none; position: static;\">\n<li style=\"margin: 5px 0; padding: 2px 0; clear: both; display: list-item; float: none; position: static;\">Indeks no\u015bno\u015bci: <b>91<\/b><\/li>\n<\/ul>\n<ul style=\"margin: 15px 0; padding-left: 20px; clear: both; display: block; width: 100%; float: none; position: static;\">\n<li style=\"margin: 5px 0; padding: 2px 0; clear: both; display: list-item; float: none; position: static;\">Indeks pr\u0119dko\u015bci: <b>H<\/b><\/li>\n<\/ul>\n<ul style=\"margin: 15px 0; padding-left: 20px; clear: both; display: block; width: 100%; float: none; position: static;\">\n<li style=\"margin: 5px 0; padding: 2px 0; clear: both; display: list-item; float: none; position: static;\">Rok produkcji:<b> 2024 (Ka\u017cda opona zosta\u0142a sprawdzona przy dostawie, co gwarantuje rok produkcji podany na aukcji)<\/b><\/li>\n<\/ul>\n<ul style=\"margin: 15px 0; padding-left: 20px; clear: both; display: block; width: 100%; float: none; position: static;\">\n<li style=\"margin: 5px 0; padding: 2px 0; clear: both; display: list-item; float: none; position: static;\">EAN: <b>8808563524450<\/b><\/li>\n<\/ul><\/div>\n<\/div>\n<\/div>\n<div style=\"clear: both; display: block; margin: 10px 0;\">\n<div style=\"clear: both; display: block; margin: 10px 0;\">\n<div style=\"clear: both; display: block; margin: 10px 0;\">\n<h2>Zu\u017cycie paliwa \/ opory toczenia<\/h2>\n<p style=\"margin: 15px 0; line-height: 1.8; clear: both; display: block; width: 100%; float: none; position: static;\">Klasa A okre\u015bla opony o najmniejszych oporach toczenia, klasa E o najwi\u0119kszych. Op\u00f3r toczenia wp\u0142ywa na zu\u017cycie paliwa oraz emisj\u0119 spalin przez samoch\u00f3d. Im ni\u017cszy op\u00f3r toczenia, tym wi\u0119ksza oszcz\u0119dno\u015b\u0107 paliwa i mniejszy wp\u0142yw na \u015brodowisko.<\/p>\n<p style=\"margin: 15px 0; line-height: 1.8; clear: both; display: block; width: 100%; float: none; position: static;\">\n<h2>Przyczepno\u015b\u0107 na mokrej nawierzchni \/ droga hamowania<\/h2>\n<p style=\"margin: 15px 0; line-height: 1.8; clear: both; display: block; width: 100%; float: none; position: static;\">Klasa A oznacza najkr\u00f3tsz\u0105, a E najd\u0142u\u017csz\u0105 drog\u0119 hamowania na mokrej nawierzchni. Parametr ten zwi\u0105zany jest z przyczepno\u015bci\u0105 opony podczas jazdy po mokrej drodze, co ma znaczenie dla bezpiecze\u0144stwa podr\u00f3\u017cowania. Im wy\u017csza klasa, tym lepsze w\u0142a\u015bciwo\u015bci ogumienia.<\/p>\n<p style=\"margin: 15px 0; line-height: 1.8; clear: both; display: block; width: 100%; float: none; position: static;\">\n<h2>Zewn\u0119trzny ha\u0142as toczenia \/ emisja ha\u0142asu<\/h2>\n<p style=\"margin: 15px 0; line-height: 1.8; clear: both; display: block; width: 100%; float: none; position: static;\">Klasa A przeznaczona jest dla najcichszych opon, B i C \u2013 dla g\u0142o\u015bniejszych. Wp\u0142ywa na komfort podr\u00f3\u017cowania samochodem. Ha\u0142as, kt\u00f3ry powstaje przy toczeniu si\u0119 opony jest wyra\u017cony w decybelach. Im ni\u017csza liczba tym cichsza opona.<\/p>\n<p style=\"margin: 15px 0; line-height: 1.8; clear: both; display: block; width: 100%; float: none; position: static;\">\n<\/div>\n<\/div>\n<div style=\"clear: both; display: block; margin: 10px 0;\">\n<div style=\"clear: both; display: block; margin: 10px 0;\">\n<div  style=\"max-width:738px;max-height:1082px\">\n<div style=\"clear: both; display: block; margin: 10px 0;\">\n<div style=\"clear: both; width: 100%; display: block; margin: 20px 0; padding: 0; float: none; position: static; text-align: center;\"><img decoding=\"async\"  src=\"https:\/\/a.allegroimg.com\/original\/118e1f\/ad7f08c14e90b3afb4db0b541d7d\/1x-opona-caloroczna-195-65R15-Laufenn-G-Fit-4S-LH71-Liczba-opon-w-ofercie-1-szt\" srcset=\"https:\/\/a.allegroimg.com\/original\/118e1f\/ad7f08c14e90b3afb4db0b541d7d\/1x-opona-caloroczna-195-65R15-Laufenn-G-Fit-4S-LH71-Liczba-opon-w-ofercie-1-szt 245w,https:\/\/a.allegroimg.com\/original\/118e1f\/ad7f08c14e90b3afb4db0b541d7d\/1x-opona-caloroczna-195-65R15-Laufenn-G-Fit-4S-LH71-Liczba-opon-w-ofercie-1-szt 491w,https:\/\/a.allegroimg.com\/original\/118e1f\/ad7f08c14e90b3afb4db0b541d7d\/1x-opona-caloroczna-195-65R15-Laufenn-G-Fit-4S-LH71-Liczba-opon-w-ofercie-1-szt 698w,https:\/\/a.allegroimg.com\/original\/118e1f\/ad7f08c14e90b3afb4db0b541d7d\/1x-opona-caloroczna-195-65R15-Laufenn-G-Fit-4S-LH71-Liczba-opon-w-ofercie-1-szt 738w,https:\/\/a.allegroimg.com\/original\/118e1f\/ad7f08c14e90b3afb4db0b541d7d\/1x-opona-caloroczna-195-65R15-Laufenn-G-Fit-4S-LH71-Liczba-opon-w-ofercie-1-szt 738w\" sizes=\"(min-width: 1200px) 560px, (min-width: 992px) 50vw, 100vw\" width=\"738px\" alt=\"1x opona ca\u0142oroczna 195\/65R15 Laufenn G Fit 4S LH71 Liczba opon w ofercie 1 szt.\"\/ style=\"max-width: 100%; height: auto; display: block; margin: 0 auto;\"><\/div>\n<\/div>\n<\/div>\n<\/div>\n<\/div>\n<\/div>\n<div style=\"clear: both; display: block; margin: 10px 0;\">\n<div style=\"clear: both; display: block; margin: 10px 0;\">\n<div style=\"clear: both; display: block; margin: 10px 0;\">\n<div  style=\"max-width:1776px;max-height:549px\">\n<div style=\"clear: both; display: block; margin: 10px 0;\">\n<div style=\"clear: both; width: 100%; display: block; margin: 20px 0; padding: 0; float: none; position: static; text-align: center;\"><img decoding=\"async\"  src=\"https:\/\/a.allegroimg.com\/original\/11b0b4\/aa116d164ba7a18e7b2f3a59f5da\/1x-opona-caloroczna-195-65R15-Laufenn-G-Fit-4S-LH71-Rok-produkcji-2024\" srcset=\"https:\/\/a.allegroimg.com\/original\/11b0b4\/aa116d164ba7a18e7b2f3a59f5da\/1x-opona-caloroczna-195-65R15-Laufenn-G-Fit-4S-LH71-Rok-produkcji-2024 360w,https:\/\/a.allegroimg.com\/original\/11b0b4\/aa116d164ba7a18e7b2f3a59f5da\/1x-opona-caloroczna-195-65R15-Laufenn-G-Fit-4S-LH71-Rok-produkcji-2024 720w,https:\/\/a.allegroimg.com\/original\/11b0b4\/aa116d164ba7a18e7b2f3a59f5da\/1x-opona-caloroczna-195-65R15-Laufenn-G-Fit-4S-LH71-Rok-produkcji-2024 1024w,https:\/\/a.allegroimg.com\/original\/11b0b4\/aa116d164ba7a18e7b2f3a59f5da\/1x-opona-caloroczna-195-65R15-Laufenn-G-Fit-4S-LH71-Rok-produkcji-2024 1440w,https:\/\/a.allegroimg.com\/original\/11b0b4\/aa116d164ba7a18e7b2f3a59f5da\/1x-opona-caloroczna-195-65R15-Laufenn-G-Fit-4S-LH71-Rok-produkcji-2024 1776w\" sizes=\"(min-width: 1200px) 560px, (min-width: 992px) 50vw, 100vw\" width=\"1776px\" alt=\"1x opona ca\u0142oroczna 195\/65R15 Laufenn G Fit 4S LH71 Rok produkcji 2024\"\/ style=\"max-width: 100%; height: auto; display: block; margin: 0 auto;\"><\/div>\n<\/div>\n<\/div>\n<\/div>\n<\/div>\n<div style=\"clear: both; display: block; margin: 10px 0;\">\n<div style=\"clear: both; display: block; margin: 10px 0;\">\n<h2>O producencie<\/h2>\n<p style=\"margin: 15px 0; line-height: 1.8; clear: both; display: block; width: 100%; float: none; position: static;\">Laufenn to nowa marka firmy Hankook Tire.&nbsp;Wprowadzona na rynek europejski w 2016 roku, powsta\u0142a z d\u0105\u017cenia do prostoty, kt\u00f3rej celem jest zapewnienie niezawodnych osi\u0105g\u00f3w i atrakcyjnych wra\u017ce\u0144 z jazdy. Koncentruj\u0105c si\u0119 na podstawach i podstawowej funkcjonalno\u015bci opon, Laufenn oferuje klientom pe\u0142n\u0105 gam\u0119 praktycznych produkt\u00f3w, kt\u00f3re odpowiadaj\u0105 r\u00f3\u017cnym potrzebom stylu \u017cycia, w tym opony do samochod\u00f3w osobowych, SUV-\u00f3w i lekkich ci\u0119\u017car\u00f3wek na letnie i zimowe warunki. Jako nowa marka Hankook Tire, Laufenn zapewnia niezawodn\u0105 jako\u015b\u0107 i obs\u0142ug\u0119 w zakresie bada\u0144 i rozwoju oraz produkcji, a tak\u017ce ukierunkowan\u0105 obs\u0142ug\u0119 klienta, zapewniaj\u0105c kompleksow\u0105 gwarancj\u0119 pod kierownictwem du\u017cej korporacji.<b><\/b><\/p>\n<\/div>\n<\/div>\n<\/div>\n<\/div>\n<\/div>\n<\/div>\n<div style=\"clear: both; display: block; margin: 10px 0;\">\n","protected":false},"excerpt":{"rendered":"<p>Cechy Opony:<\/p>\n<p>Stan: Fabrycznie nowa<\/p>\n<p>Dystrybucja: Oficjalny dystrybutor w Polsce<\/p>\n<p>Sezon: ca\u0142oroczne<\/p>\n<p>Producent: Laufenn<\/p>\n<p>Bie\u017cnik: G Fit 4S LH71<\/p>\n<p>Rozmiar: 195\/65R15<\/p>\n<p>Indeks no\u015bno\u015bci: 91<\/p>\n","protected":false},"featured_media":9220,"template":"","meta":{"_uag_custom_page_level_css":""},"product_brand":[402],"product_cat":[416,414,413,412],"product_tag":[],"class_list":{"0":"post-9219","1":"product","2":"type-product","3":"status-publish","4":"has-post-thumbnail","6":"product_brand-laufenn","7":"product_cat-caloroczne","8":"product_cat-do-samochodow-osobowych-i-suv","9":"product_cat-opony","10":"product_cat-opony-i-felgi","12":"first","13":"instock","14":"sale","15":"shipping-taxable","16":"purchasable","17":"product-type-simple"},"uagb_featured_image_src":{"full":["https:\/\/oponixo.shop\/tire\/wp-content\/uploads\/2025\/12\/allegro-image-9219.jpg",765,1134,false],"thumbnail":["https:\/\/oponixo.shop\/tire\/wp-content\/uploads\/2025\/12\/allegro-image-9219-150x150.jpg",150,150,true],"medium":["https:\/\/oponixo.shop\/tire\/wp-content\/uploads\/2025\/12\/allegro-image-9219-202x300.jpg",202,300,true],"medium_large":["https:\/\/oponixo.shop\/tire\/wp-content\/uploads\/2025\/12\/allegro-image-9219.jpg",765,1134,false],"large":["https:\/\/oponixo.shop\/tire\/wp-content\/uploads\/2025\/12\/allegro-image-9219-691x1024.jpg",691,1024,true],"1536x1536":["https:\/\/oponixo.shop\/tire\/wp-content\/uploads\/2025\/12\/allegro-image-9219.jpg",765,1134,false],"2048x2048":["https:\/\/oponixo.shop\/tire\/wp-content\/uploads\/2025\/12\/allegro-image-9219.jpg",765,1134,false],"woocommerce_thumbnail":["https:\/\/oponixo.shop\/tire\/wp-content\/uploads\/2025\/12\/allegro-image-9219-300x300.jpg",300,300,true],"woocommerce_single":["https:\/\/oponixo.shop\/tire\/wp-content\/uploads\/2025\/12\/allegro-image-9219-600x889.jpg",600,889,true],"woocommerce_gallery_thumbnail":["https:\/\/oponixo.shop\/tire\/wp-content\/uploads\/2025\/12\/allegro-image-9219-100x100.jpg",100,100,true]},"uagb_author_info":{"display_name":"admin","author_link":"https:\/\/oponixo.shop\/tire\/author\/"},"uagb_comment_info":0,"uagb_excerpt":"Cechy Opony: Stan: Fabrycznie nowa Dystrybucja: Oficjalny dystrybutor w Polsce Sezon: ca\u0142oroczne Producent: Laufenn Bie\u017cnik: G Fit 4S LH71 Rozmiar: 195\/65R15 Indeks no\u015bno\u015bci: 91","_links":{"self":[{"href":"https:\/\/oponixo.shop\/tire\/wp-json\/wp\/v2\/product\/9219","targetHints":{"allow":["GET"]}}],"collection":[{"href":"https:\/\/oponixo.shop\/tire\/wp-json\/wp\/v2\/product"}],"about":[{"href":"https:\/\/oponixo.shop\/tire\/wp-json\/wp\/v2\/types\/product"}],"wp:featuredmedia":[{"embeddable":true,"href":"https:\/\/oponixo.shop\/tire\/wp-json\/wp\/v2\/media\/9220"}],"wp:attachment":[{"href":"https:\/\/oponixo.shop\/tire\/wp-json\/wp\/v2\/media?parent=9219"}],"wp:term":[{"taxonomy":"product_brand","embeddable":true,"href":"https:\/\/oponixo.shop\/tire\/wp-json\/wp\/v2\/product_brand?post=9219"},{"taxonomy":"product_cat","embeddable":true,"href":"https:\/\/oponixo.shop\/tire\/wp-json\/wp\/v2\/product_cat?post=9219"},{"taxonomy":"product_tag","embeddable":true,"href":"https:\/\/oponixo.shop\/tire\/wp-json\/wp\/v2\/product_tag?post=9219"}],"curies":[{"name":"wp","href":"https:\/\/api.w.org\/{rel}","templated":true}]}}