{"id":9457,"date":"2025-12-25T07:12:57","date_gmt":"2025-12-25T07:12:57","guid":{"rendered":"https:\/\/oponyexpert.shop\/xef5\/produkt\/1x-opona-zimowa-195-65r16c-sunwide-vansnow-104-102t-sunwide-nowe-2025\/"},"modified":"2025-12-25T07:12:58","modified_gmt":"2025-12-25T07:12:58","slug":"1x-opona-zimowa-195-65r16c-sunwide-vansnow-104-102t-sunwide-nowe-2025","status":"publish","type":"product","link":"https:\/\/oponixo.shop\/tire\/produkt\/1x-opona-zimowa-195-65r16c-sunwide-vansnow-104-102t-sunwide-nowe-2025\/","title":{"rendered":"1x Opona Zimowa 195\/65R16C Sunwide VanSnow 104\/102T SUNWIDE Nowe 2025"},"content":{"rendered":"<div style=\"font-family: Arial, sans-serif; line-height: 1.6; color: #333; padding: 20px; clear: both; display: block; width: 100%; float: none; position: static; overflow: hidden;\">\n<div style=\"clear: both; display: block; margin: 10px 0;\">\n<div style=\"clear: both; display: block; margin: 10px 0;\">\n<div style=\"clear: both; display: block; margin: 10px 0;\">\n<h1>Opony zimowe do aut dostawczych SUNWIDE VANSNOW 195\/65R16wzmocnienie (C)<\/h1>\n<\/div>\n<\/div>\n<\/div>\n<div style=\"clear: both; display: block; margin: 10px 0;\">\n<div style=\"clear: both; display: block; margin: 10px 0;\">\n<div style=\"clear: both; display: block; margin: 10px 0;\">\n<h1>Parametry opony:<\/h1>\n<ul style=\"margin: 15px 0; padding-left: 20px; clear: both; display: block; width: 100%; float: none; position: static;\">\n<li style=\"margin: 5px 0; padding: 2px 0; clear: both; display: list-item; float: none; position: static;\">Producent:<b> SUNWIDE  <\/b><\/li>\n<li style=\"margin: 5px 0; padding: 2px 0; clear: both; display: list-item; float: none; position: static;\">Rok produkcji:<b> 2025<\/b><\/li>\n<li style=\"margin: 5px 0; padding: 2px 0; clear: both; display: list-item; float: none; position: static;\">Sezon:<b> zimowe<\/b><\/li>\n<li style=\"margin: 5px 0; padding: 2px 0; clear: both; display: list-item; float: none; position: static;\">Rozmiar:<b> 195\/65 R16<\/b><\/li>\n<li style=\"margin: 5px 0; padding: 2px 0; clear: both; display: list-item; float: none; position: static;\">Bie\u017cnik: <b>VANSNOW<\/b><\/li>\n<li style=\"margin: 5px 0; padding: 2px 0; clear: both; display: list-item; float: none; position: static;\">Indeks no\u015bno\u015bci: <b>104<\/b><\/li>\n<li style=\"margin: 5px 0; padding: 2px 0; clear: both; display: list-item; float: none; position: static;\">Indeks pr\u0119dko\u015bci: <b>T<\/b><\/li>\n<li style=\"margin: 5px 0; padding: 2px 0; clear: both; display: list-item; float: none; position: static;\">Op\u00f3r toczenia: <b>C<\/b><\/li>\n<li style=\"margin: 5px 0; padding: 2px 0; clear: both; display: list-item; float: none; position: static;\">Przyczepno\u015b\u0107 na mokrej nawierzchni: <b>B<\/b><\/li>\n<li style=\"margin: 5px 0; padding: 2px 0; clear: both; display: list-item; float: none; position: static;\">Ha\u0142as zewn\u0119trzny: <b>68 dB<\/b><\/li>\n<li style=\"margin: 5px 0; padding: 2px 0; clear: both; display: list-item; float: none; position: static;\"><b>wzmocnienie (C)<\/b><\/li>\n<\/ul>\n<\/div>\n<\/div>\n<div style=\"clear: both; display: block; margin: 10px 0;\">\n<div style=\"clear: both; display: block; margin: 10px 0;\">\n<div  style=\"max-width:600px;max-height:600px\">\n<div style=\"clear: both; display: block; margin: 10px 0;\">\n<div style=\"clear: both; width: 100%; display: block; margin: 20px 0; padding: 0; float: none; position: static; text-align: center;\"><img decoding=\"async\"  src=\"https:\/\/a.allegroimg.com\/original\/1152d1\/ce8abc39466a8885e7f279145938\/1x-Opona-Zimowa-195-65R16C-Sunwide-VanSnow-104-102T-SUNWIDE-Nowe-2025\" srcset=\"https:\/\/a.allegroimg.com\/original\/1152d1\/ce8abc39466a8885e7f279145938\/1x-Opona-Zimowa-195-65R16C-Sunwide-VanSnow-104-102T-SUNWIDE-Nowe-2025 360w,https:\/\/a.allegroimg.com\/original\/1152d1\/ce8abc39466a8885e7f279145938\/1x-Opona-Zimowa-195-65R16C-Sunwide-VanSnow-104-102T-SUNWIDE-Nowe-2025 600w,https:\/\/a.allegroimg.com\/original\/1152d1\/ce8abc39466a8885e7f279145938\/1x-Opona-Zimowa-195-65R16C-Sunwide-VanSnow-104-102T-SUNWIDE-Nowe-2025 600w\" sizes=\"(min-width: 1200px) 560px, (min-width: 992px) 50vw, 100vw\" width=\"600px\" alt=\"1x Opona Zimowa 195\/65R16C Sunwide VanSnow 104\/102T SUNWIDE Nowe 2025\"\/ style=\"max-width: 100%; height: auto; display: block; margin: 0 auto;\"><\/div>\n<\/div>\n<\/div>\n<\/div>\n<\/div>\n<\/div>\n<div style=\"clear: both; display: block; margin: 10px 0;\">\n<div style=\"clear: both; display: block; margin: 10px 0;\">\n<div style=\"clear: both; display: block; margin: 10px 0;\">\n<div  style=\"max-width:1200px;max-height:1200px\">\n<div style=\"clear: both; display: block; margin: 10px 0;\">\n<div style=\"clear: both; width: 100%; display: block; margin: 20px 0; padding: 0; float: none; position: static; text-align: center;\"><img decoding=\"async\"  src=\"https:\/\/a.allegroimg.com\/original\/11837a\/c1bcf85645c09fd0776094dc725f\/1x-Opona-Zimowa-195-65R16C-Sunwide-VanSnow-104-102T-SUNWIDE-Nowe-2025-Liczba-opon-w-ofercie-1-szt\" srcset=\"https:\/\/a.allegroimg.com\/original\/11837a\/c1bcf85645c09fd0776094dc725f\/1x-Opona-Zimowa-195-65R16C-Sunwide-VanSnow-104-102T-SUNWIDE-Nowe-2025-Liczba-opon-w-ofercie-1-szt 360w,https:\/\/a.allegroimg.com\/original\/11837a\/c1bcf85645c09fd0776094dc725f\/1x-Opona-Zimowa-195-65R16C-Sunwide-VanSnow-104-102T-SUNWIDE-Nowe-2025-Liczba-opon-w-ofercie-1-szt 720w,https:\/\/a.allegroimg.com\/original\/11837a\/c1bcf85645c09fd0776094dc725f\/1x-Opona-Zimowa-195-65R16C-Sunwide-VanSnow-104-102T-SUNWIDE-Nowe-2025-Liczba-opon-w-ofercie-1-szt 1024w,https:\/\/a.allegroimg.com\/original\/11837a\/c1bcf85645c09fd0776094dc725f\/1x-Opona-Zimowa-195-65R16C-Sunwide-VanSnow-104-102T-SUNWIDE-Nowe-2025-Liczba-opon-w-ofercie-1-szt 1200w,https:\/\/a.allegroimg.com\/original\/11837a\/c1bcf85645c09fd0776094dc725f\/1x-Opona-Zimowa-195-65R16C-Sunwide-VanSnow-104-102T-SUNWIDE-Nowe-2025-Liczba-opon-w-ofercie-1-szt 1200w\" sizes=\"(min-width: 1200px) 560px, (min-width: 992px) 50vw, 100vw\" width=\"1200px\" alt=\"1x Opona Zimowa 195\/65R16C Sunwide VanSnow 104\/102T SUNWIDE Nowe 2025 Liczba opon w ofercie 1 szt.\"\/ style=\"max-width: 100%; height: auto; display: block; margin: 0 auto;\"><\/div>\n<\/div>\n<\/div>\n<\/div>\n<\/div>\n<div style=\"clear: both; display: block; margin: 10px 0;\">\n<div style=\"clear: both; display: block; margin: 10px 0;\">\n<h2>D\u0142uga \u017cywotno\u015b\u0107, \u015bwietna przyczepno\u015b\u0107 i efektywne odprowadzanie wody<\/h2>\n<p style=\"margin: 15px 0; line-height: 1.8; clear: both; display: block; width: 100%; float: none; position: static;\">Sunwide VANSNOW to nowy model opon zimowych klasy ekonomicznej przeznaczony do samochod\u00f3w dostawczych i lekkich ci\u0119\u017car\u00f3wek. Opona Sunwide VANSNOW jest produkowana w 16 rozmiarach, kt\u00f3re pokrywaj\u0105 90% zapotrzebowania na rynku.<\/p>\n<ul style=\"margin: 15px 0; padding-left: 20px; clear: both; display: block; width: 100%; float: none; position: static;\">\n<li style=\"margin: 5px 0; padding: 2px 0; clear: both; display: list-item; float: none; position: static;\">Nowy wz\u00f3r bie\u017cnika, niespotykany dot\u0105d w \u017cadnej innej marce bud\u017cetowej<\/li>\n<li style=\"margin: 5px 0; padding: 2px 0; clear: both; display: list-item; float: none; position: static;\">Bardzo dobre parametry &#8211; zobacz etykiety UE<\/li>\n<li style=\"margin: 5px 0; padding: 2px 0; clear: both; display: list-item; float: none; position: static;\">Lepsza przyczepno\u015b\u0107 na \u015bniegu<\/li>\n<li style=\"margin: 5px 0; padding: 2px 0; clear: both; display: list-item; float: none; position: static;\">Wysoka skuteczno\u015b\u0107 hamowania na o\u015bnie\u017conych drogach<\/li>\n<li style=\"margin: 5px 0; padding: 2px 0; clear: both; display: list-item; float: none; position: static;\">Najszerszy bie\u017cnik w por\u00f3wnaniu z wszystkimi innymi markami bud\u017cetowymi<\/li>\n<li style=\"margin: 5px 0; padding: 2px 0; clear: both; display: list-item; float: none; position: static;\">Wysoka odporno\u015b\u0107 na chwilowe prze\u0142adowania pojazdu ponad norm\u0119<\/li>\n<li style=\"margin: 5px 0; padding: 2px 0; clear: both; display: list-item; float: none; position: static;\">Konkurencyjna cena!<\/li>\n<\/ul>\n<p style=\"margin: 15px 0; line-height: 1.8; clear: both; display: block; width: 100%; float: none; position: static;\">Moto Budrex jest autoryzowanym dystrybutorem opon marki Sunwide na rynek polski.\u00a0<\/p>\n<p style=\"margin: 15px 0; line-height: 1.8; clear: both; display: block; width: 100%; float: none; position: static;\"><b>Opis producenta:<\/b>\u00a0Sunwide to marka dzia\u0142aj\u0105ca na rynku \u015bwiatowym od kilku lat.\u00a0 Producent posiada w ofercie opony klasy ekonomicznej do aut osobowych i dostawczych. Opony Sunwide to opony ciche i o dobrej przyczepno\u015bci na mokrej nawierzchni. To znakomita propozycja dla os\u00f3b ceni\u0105cych jako\u015b\u0107 w przyst\u0119pnej cenie.<\/p>\n<\/div>\n<\/div>\n<\/div>\n<div style=\"clear: both; display: block; margin: 10px 0;\">\n<div style=\"clear: both; display: block; margin: 10px 0;\">\n<div style=\"clear: both; display: block; margin: 10px 0;\">\n<div  style=\"max-width:400px;max-height:586px\">\n<div style=\"clear: both; display: block; margin: 10px 0;\">\n<div style=\"clear: both; width: 100%; display: block; margin: 20px 0; padding: 0; float: none; position: static; text-align: center;\"><img decoding=\"async\"  src=\"https:\/\/a.allegroimg.com\/original\/11e5d9\/3ac30d0142d0a8fc3b58312dfaff\/1x-Opona-Zimowa-195-65R16C-Sunwide-VanSnow-104-102T-SUNWIDE-Nowe-2025-Model-VANSNOW\" srcset=\"https:\/\/a.allegroimg.com\/original\/11e5d9\/3ac30d0142d0a8fc3b58312dfaff\/1x-Opona-Zimowa-195-65R16C-Sunwide-VanSnow-104-102T-SUNWIDE-Nowe-2025-Model-VANSNOW 245w,https:\/\/a.allegroimg.com\/original\/11e5d9\/3ac30d0142d0a8fc3b58312dfaff\/1x-Opona-Zimowa-195-65R16C-Sunwide-VanSnow-104-102T-SUNWIDE-Nowe-2025-Model-VANSNOW 400w,https:\/\/a.allegroimg.com\/original\/11e5d9\/3ac30d0142d0a8fc3b58312dfaff\/1x-Opona-Zimowa-195-65R16C-Sunwide-VanSnow-104-102T-SUNWIDE-Nowe-2025-Model-VANSNOW 400w\" sizes=\"(min-width: 1200px) 560px, (min-width: 992px) 50vw, 100vw\" width=\"400px\" alt=\"1x Opona Zimowa 195\/65R16C Sunwide VanSnow 104\/102T SUNWIDE Nowe 2025 Model VANSNOW\"\/ style=\"max-width: 100%; height: auto; display: block; margin: 0 auto;\"><\/div>\n<\/div>\n<\/div>\n<\/div>\n<\/div>\n<div style=\"clear: both; display: block; margin: 10px 0;\">\n<div style=\"clear: both; display: block; margin: 10px 0;\">\n<h1>Informacje z etykiety UE<\/h1>\n<p style=\"margin: 15px 0; line-height: 1.8; clear: both; display: block; width: 100%; float: none; position: static;\">Op\u00f3r toczenia: <b>C<\/b><\/p>\n<p style=\"margin: 15px 0; line-height: 1.8; clear: both; display: block; width: 100%; float: none; position: static;\">Przyczepno\u015b\u0107 na mokrej nawierzchni: <b>B<\/b><\/p>\n<p style=\"margin: 15px 0; line-height: 1.8; clear: both; display: block; width: 100%; float: none; position: static;\">Ha\u0142as zewn\u0119trzny: <b>68 dB<\/b><\/p>\n<p style=\"margin: 15px 0; line-height: 1.8; clear: both; display: block; width: 100%; float: none; position: static;\">Opony sprzedawane na terenie UE od 2012 musz\u0105 by\u0107 zaopatrzone w odpowiednie etykiety, na kt\u00f3rych znajduj\u0105 si\u0119 przejrzyste informacje o ich wydajno\u015bci (niskie opory toczenia = mniejsze spalanie paliwa), o przyczepno\u015bci opony na mokrej nawierzchni oraz o poziomie emitowanego ha\u0142asu.<\/p>\n<\/div>\n<\/div>\n<\/div>\n<div style=\"clear: both; display: block; margin: 10px 0;\">\n<div style=\"clear: both; display: block; margin: 10px 0;\">\n<div style=\"clear: both; display: block; margin: 10px 0;\">\n<div  style=\"max-width:600px;max-height:600px\">\n<div style=\"clear: both; display: block; margin: 10px 0;\">\n<div style=\"clear: both; width: 100%; display: block; margin: 20px 0; padding: 0; float: none; position: static; text-align: center;\"><img decoding=\"async\"  src=\"https:\/\/a.allegroimg.com\/original\/110b0c\/5633f6b145b29d1320ff51871e86\/1x-Opona-Zimowa-195-65R16C-Sunwide-VanSnow-104-102T-SUNWIDE-Nowe-2025-Rok-produkcji-2025\" srcset=\"https:\/\/a.allegroimg.com\/original\/110b0c\/5633f6b145b29d1320ff51871e86\/1x-Opona-Zimowa-195-65R16C-Sunwide-VanSnow-104-102T-SUNWIDE-Nowe-2025-Rok-produkcji-2025 360w,https:\/\/a.allegroimg.com\/original\/110b0c\/5633f6b145b29d1320ff51871e86\/1x-Opona-Zimowa-195-65R16C-Sunwide-VanSnow-104-102T-SUNWIDE-Nowe-2025-Rok-produkcji-2025 600w,https:\/\/a.allegroimg.com\/original\/110b0c\/5633f6b145b29d1320ff51871e86\/1x-Opona-Zimowa-195-65R16C-Sunwide-VanSnow-104-102T-SUNWIDE-Nowe-2025-Rok-produkcji-2025 600w\" sizes=\"(min-width: 1200px) 560px, (min-width: 992px) 50vw, 100vw\" width=\"600px\" alt=\"1x Opona Zimowa 195\/65R16C Sunwide VanSnow 104\/102T SUNWIDE Nowe 2025 Rok produkcji 2025\"\/ style=\"max-width: 100%; height: auto; display: block; margin: 0 auto;\"><\/div>\n<\/div>\n<\/div>\n<\/div>\n<\/div>\n<div style=\"clear: both; display: block; margin: 10px 0;\">\n<div style=\"clear: both; display: block; margin: 10px 0;\">\n<div  style=\"max-width:600px;max-height:600px\">\n<div style=\"clear: both; display: block; margin: 10px 0;\">\n<div style=\"clear: both; width: 100%; display: block; margin: 20px 0; padding: 0; float: none; position: static; text-align: center;\"><img decoding=\"async\"  src=\"https:\/\/a.allegroimg.com\/original\/1152d1\/ce8abc39466a8885e7f279145938\/1x-Opona-Zimowa-195-65R16C-Sunwide-VanSnow-104-102T-SUNWIDE-Nowe-2025\" srcset=\"https:\/\/a.allegroimg.com\/original\/1152d1\/ce8abc39466a8885e7f279145938\/1x-Opona-Zimowa-195-65R16C-Sunwide-VanSnow-104-102T-SUNWIDE-Nowe-2025 360w,https:\/\/a.allegroimg.com\/original\/1152d1\/ce8abc39466a8885e7f279145938\/1x-Opona-Zimowa-195-65R16C-Sunwide-VanSnow-104-102T-SUNWIDE-Nowe-2025 600w,https:\/\/a.allegroimg.com\/original\/1152d1\/ce8abc39466a8885e7f279145938\/1x-Opona-Zimowa-195-65R16C-Sunwide-VanSnow-104-102T-SUNWIDE-Nowe-2025 600w\" sizes=\"(min-width: 1200px) 560px, (min-width: 992px) 50vw, 100vw\" width=\"600px\" alt=\"1x Opona Zimowa 195\/65R16C Sunwide VanSnow 104\/102T SUNWIDE Nowe 2025\"\/ style=\"max-width: 100%; height: auto; display: block; margin: 0 auto;\"><\/div>\n<\/div>\n<\/div>\n<\/div>\n<\/div>\n<\/div>\n<div style=\"clear: both; display: block; margin: 10px 0;\">\n<div style=\"clear: both; display: block; margin: 10px 0;\">\n<div style=\"clear: both; display: block; margin: 10px 0;\">\n<h1>* Za\u0142\u0105czone zdj\u0119cia opon s\u0105 pogl\u0105dowe. Rzeczywisty wygl\u0105d mo\u017ce r\u00f3\u017cni\u0107 si\u0119 od prezentowanego w zale\u017cno\u015bci od rozmiaru produktu np. szeroko\u015bci opony.<\/h1>\n<\/div>\n<\/div>\n<\/div>\n<\/div>\n<\/div>\n<\/div>\n<div style=\"clear: both; display: block; margin: 10px 0;\">\n","protected":false},"excerpt":{"rendered":"<p>Opony zimowe do aut dostawczych SUNWIDE VANSNOW 195\/65R16wzmocnienie (C)<\/p>\n<p>Parametry opony:<\/p>\n<p>Producent: SUNWIDE<\/p>\n<p>Rok produkcji: 2025<\/p>\n<p>Sezon: zimowe<\/p>\n<p>Rozmiar: 195\/65 R16<\/p>\n<p>Bie\u017cnik: VANSNOW<\/p>\n<p>Indeks no\u015bno\u015bci: 104<\/p>\n","protected":false},"featured_media":9458,"template":"","meta":{"_uag_custom_page_level_css":""},"product_brand":[426],"product_cat":[417,413,412,415],"product_tag":[],"class_list":{"0":"post-9457","1":"product","2":"type-product","3":"status-publish","4":"has-post-thumbnail","6":"product_brand-sunwide","7":"product_cat-do-samochodow-dostawczych","8":"product_cat-opony","9":"product_cat-opony-i-felgi","10":"product_cat-zimowe","12":"first","13":"instock","14":"sale","15":"shipping-taxable","16":"purchasable","17":"product-type-simple"},"uagb_featured_image_src":{"full":["https:\/\/oponixo.shop\/tire\/wp-content\/uploads\/2025\/12\/allegro-image-9457.jpg",600,600,false],"thumbnail":["https:\/\/oponixo.shop\/tire\/wp-content\/uploads\/2025\/12\/allegro-image-9457-150x150.jpg",150,150,true],"medium":["https:\/\/oponixo.shop\/tire\/wp-content\/uploads\/2025\/12\/allegro-image-9457-300x300.jpg",300,300,true],"medium_large":["https:\/\/oponixo.shop\/tire\/wp-content\/uploads\/2025\/12\/allegro-image-9457.jpg",600,600,false],"large":["https:\/\/oponixo.shop\/tire\/wp-content\/uploads\/2025\/12\/allegro-image-9457.jpg",600,600,false],"1536x1536":["https:\/\/oponixo.shop\/tire\/wp-content\/uploads\/2025\/12\/allegro-image-9457.jpg",600,600,false],"2048x2048":["https:\/\/oponixo.shop\/tire\/wp-content\/uploads\/2025\/12\/allegro-image-9457.jpg",600,600,false],"woocommerce_thumbnail":["https:\/\/oponixo.shop\/tire\/wp-content\/uploads\/2025\/12\/allegro-image-9457-300x300.jpg",300,300,true],"woocommerce_single":["https:\/\/oponixo.shop\/tire\/wp-content\/uploads\/2025\/12\/allegro-image-9457.jpg",600,600,false],"woocommerce_gallery_thumbnail":["https:\/\/oponixo.shop\/tire\/wp-content\/uploads\/2025\/12\/allegro-image-9457-100x100.jpg",100,100,true]},"uagb_author_info":{"display_name":"admin","author_link":"https:\/\/oponixo.shop\/tire\/author\/"},"uagb_comment_info":0,"uagb_excerpt":"Opony zimowe do aut dostawczych SUNWIDE VANSNOW 195\/65R16wzmocnienie (C) Parametry opony: Producent: SUNWIDE Rok produkcji: 2025 Sezon: zimowe Rozmiar: 195\/65 R16 Bie\u017cnik: VANSNOW Indeks no\u015bno\u015bci: 104","_links":{"self":[{"href":"https:\/\/oponixo.shop\/tire\/wp-json\/wp\/v2\/product\/9457","targetHints":{"allow":["GET"]}}],"collection":[{"href":"https:\/\/oponixo.shop\/tire\/wp-json\/wp\/v2\/product"}],"about":[{"href":"https:\/\/oponixo.shop\/tire\/wp-json\/wp\/v2\/types\/product"}],"wp:featuredmedia":[{"embeddable":true,"href":"https:\/\/oponixo.shop\/tire\/wp-json\/wp\/v2\/media\/9458"}],"wp:attachment":[{"href":"https:\/\/oponixo.shop\/tire\/wp-json\/wp\/v2\/media?parent=9457"}],"wp:term":[{"taxonomy":"product_brand","embeddable":true,"href":"https:\/\/oponixo.shop\/tire\/wp-json\/wp\/v2\/product_brand?post=9457"},{"taxonomy":"product_cat","embeddable":true,"href":"https:\/\/oponixo.shop\/tire\/wp-json\/wp\/v2\/product_cat?post=9457"},{"taxonomy":"product_tag","embeddable":true,"href":"https:\/\/oponixo.shop\/tire\/wp-json\/wp\/v2\/product_tag?post=9457"}],"curies":[{"name":"wp","href":"https:\/\/api.w.org\/{rel}","templated":true}]}}