{"id":9547,"date":"2025-12-25T07:29:26","date_gmt":"2025-12-25T07:29:26","guid":{"rendered":"https:\/\/oponyexpert.shop\/xef5\/produkt\/1x-nokian-snowproof-1-185-60r15-88t-xl\/"},"modified":"2025-12-25T07:29:26","modified_gmt":"2025-12-25T07:29:26","slug":"1x-nokian-snowproof-1-185-60r15-88t-xl","status":"publish","type":"product","link":"https:\/\/oponixo.shop\/tire\/produkt\/1x-nokian-snowproof-1-185-60r15-88t-xl\/","title":{"rendered":"1x NOKIAN Snowproof 1 185\/60R15 88T XL"},"content":{"rendered":"<div style=\"font-family: Arial, sans-serif; line-height: 1.6; color: #333; padding: 20px; clear: both; display: block; width: 100%; float: none; position: static; overflow: hidden;\">\n<div style=\"clear: both; display: block; margin: 10px 0;\">\n<div style=\"clear: both; display: block; margin: 10px 0;\">\n<div style=\"clear: both; display: block; margin: 10px 0;\">\n<h1>Rok produkcji: 2023<\/h1>\n<p style=\"margin: 15px 0; line-height: 1.8; clear: both; display: block; width: 100%; float: none; position: static;\">Jeste\u015bmy ekspertami od opon i wraz z Producentem gwarantujemy, \u017ce wybieraj\u0105c model z wcze\u015bniejsz\u0105 dat\u0105 produkcji, otrzymujesz pe\u0142nowarto\u015bciowy produkt. Dbamy o Twoje bezpiecze\u0144stwo &#8211; nasze opony s\u0105 przechowywane w idealnych warunkach.<\/p>\n<\/div>\n<\/div>\n<\/div>\n<div style=\"clear: both; display: block; margin: 10px 0;\">\n<div style=\"clear: both; display: block; margin: 10px 0;\">\n<div style=\"clear: both; display: block; margin: 10px 0;\">\n<div  style=\"max-width:1200px;max-height:1126px\">\n<div style=\"clear: both; display: block; margin: 10px 0;\">\n<div style=\"clear: both; width: 100%; display: block; margin: 20px 0; padding: 0; float: none; position: static; text-align: center;\"><img decoding=\"async\"  src=\"https:\/\/a.allegroimg.com\/original\/116a98\/ea608a264704b9a44993b2e8a5f0\/1x-NOKIAN-Snowproof-1-185-60R15-88T-XL\" srcset=\"https:\/\/a.allegroimg.com\/original\/116a98\/ea608a264704b9a44993b2e8a5f0\/1x-NOKIAN-Snowproof-1-185-60R15-88T-XL 360w,https:\/\/a.allegroimg.com\/original\/116a98\/ea608a264704b9a44993b2e8a5f0\/1x-NOKIAN-Snowproof-1-185-60R15-88T-XL 720w,https:\/\/a.allegroimg.com\/original\/116a98\/ea608a264704b9a44993b2e8a5f0\/1x-NOKIAN-Snowproof-1-185-60R15-88T-XL 1024w,https:\/\/a.allegroimg.com\/original\/116a98\/ea608a264704b9a44993b2e8a5f0\/1x-NOKIAN-Snowproof-1-185-60R15-88T-XL 1200w,https:\/\/a.allegroimg.com\/original\/116a98\/ea608a264704b9a44993b2e8a5f0\/1x-NOKIAN-Snowproof-1-185-60R15-88T-XL 1200w\" sizes=\"(min-width: 1200px) 560px, (min-width: 992px) 50vw, 100vw\" width=\"1200px\" alt=\"1x NOKIAN Snowproof 1 185\/60R15 88T XL\"\/ style=\"max-width: 100%; height: auto; display: block; margin: 0 auto;\"><\/div>\n<\/div>\n<\/div>\n<\/div>\n<\/div>\n<div style=\"clear: both; display: block; margin: 10px 0;\">\n<div style=\"clear: both; display: block; margin: 10px 0;\">\n<h1>NOKIAN Snowproof 1 185\/60R15 88T XL<\/h1>\n<h2>H11HRT<\/h2>\n<ul style=\"margin: 15px 0; padding-left: 20px; clear: both; display: block; width: 100%; float: none; position: static;\">\n<li style=\"margin: 5px 0; padding: 2px 0; clear: both; display: list-item; float: none; position: static;\"><b>Data produkcji :<\/b> 2023<\/li>\n<li style=\"margin: 5px 0; padding: 2px 0; clear: both; display: list-item; float: none; position: static;\"><b>Hamowanie na mokrej nawierzchni :<\/b> B<\/li>\n<li style=\"margin: 5px 0; padding: 2px 0; clear: both; display: list-item; float: none; position: static;\"><b>Indeks :<\/b> 185\/60R15 ZONO 88T SP1#23<\/li>\n<li style=\"margin: 5px 0; padding: 2px 0; clear: both; display: list-item; float: none; position: static;\"><b>Indeks no\u015bno\u015bci :<\/b> 88<\/li>\n<li style=\"margin: 5px 0; padding: 2px 0; clear: both; display: list-item; float: none; position: static;\"><b>Indeks pr\u0119dko\u015bci :<\/b> T &#8211; 190 km\/h<\/li>\n<li style=\"margin: 5px 0; padding: 2px 0; clear: both; display: list-item; float: none; position: static;\"><b>Karta informacyjna produktu :<\/b> https:\/\/eprel.ec.europa.eu\/qr\/1452053<\/li>\n<li style=\"margin: 5px 0; padding: 2px 0; clear: both; display: list-item; float: none; position: static;\"><b>Klasa opony :<\/b> premium<\/li>\n<li style=\"margin: 5px 0; padding: 2px 0; clear: both; display: list-item; float: none; position: static;\"><b>Kod EAN :<\/b> 6921109063151<\/li>\n<li style=\"margin: 5px 0; padding: 2px 0; clear: both; display: list-item; float: none; position: static;\"><b>Kod producenta :<\/b> T432940<\/li>\n<li style=\"margin: 5px 0; padding: 2px 0; clear: both; display: list-item; float: none; position: static;\"><b>Liczba decybeli :<\/b> 69 dB<\/li>\n<li style=\"margin: 5px 0; padding: 2px 0; clear: both; display: list-item; float: none; position: static;\"><b>Model bie\u017cnika :<\/b> Snowproof 1<\/li>\n<li style=\"margin: 5px 0; padding: 2px 0; clear: both; display: list-item; float: none; position: static;\"><b>Nazwa produktu :<\/b> NOKIAN Snowproof 1 185\/60R15 88T XL<\/li>\n<li style=\"margin: 5px 0; padding: 2px 0; clear: both; display: list-item; float: none; position: static;\"><b>No\u015bno\u015b\u0107 opony :<\/b> XL<\/li>\n<li style=\"margin: 5px 0; padding: 2px 0; clear: both; display: list-item; float: none; position: static;\"><b>opona na dedykowan\u0105 o\u015b :<\/b> Prz\u00f3d\/Ty\u0142<\/li>\n<li style=\"margin: 5px 0; padding: 2px 0; clear: both; display: list-item; float: none; position: static;\"><b>Op\u00f3r toczenia :<\/b> C<\/li>\n<li style=\"margin: 5px 0; padding: 2px 0; clear: both; display: list-item; float: none; position: static;\"><b>Poziom emisji ha\u0142asu :<\/b> B<\/li>\n<li style=\"margin: 5px 0; padding: 2px 0; clear: both; display: list-item; float: none; position: static;\"><b>Producent :<\/b> NOKIAN<\/li>\n<li style=\"margin: 5px 0; padding: 2px 0; clear: both; display: list-item; float: none; position: static;\"><b>Profil :<\/b> 60<\/li>\n<li style=\"margin: 5px 0; padding: 2px 0; clear: both; display: list-item; float: none; position: static;\"><b>Przeznaczenie :<\/b> samochody osobowe, SUV\/4&#215;4<\/li>\n<li style=\"margin: 5px 0; padding: 2px 0; clear: both; display: list-item; float: none; position: static;\"><b>Przyczepno\u015b\u0107 na lodzie :<\/b> Nie<\/li>\n<li style=\"margin: 5px 0; padding: 2px 0; clear: both; display: list-item; float: none; position: static;\"><b>Przyczepno\u015b\u0107 na \u015bniegu :<\/b> Tak<\/li>\n<li style=\"margin: 5px 0; padding: 2px 0; clear: both; display: list-item; float: none; position: static;\"><b>QR kod :<\/b> https:\/\/eprel.ec.europa.eu\/qr\/1452053<\/li>\n<li style=\"margin: 5px 0; padding: 2px 0; clear: both; display: list-item; float: none; position: static;\"><b>Sezon :<\/b> zimowa<\/li>\n<li style=\"margin: 5px 0; padding: 2px 0; clear: both; display: list-item; float: none; position: static;\"><b>\u015arednica :<\/b> 15&#8243;<\/li>\n<li style=\"margin: 5px 0; padding: 2px 0; clear: both; display: list-item; float: none; position: static;\"><b>Szeroko\u015b\u0107 :<\/b> 185<\/li>\n<\/ul>\n<\/div>\n<\/div>\n<\/div>\n<div style=\"clear: both; display: block; margin: 10px 0;\">\n<div style=\"clear: both; display: block; margin: 10px 0;\">\n<div style=\"clear: both; display: block; margin: 10px 0;\">\n<p style=\"margin: 15px 0; line-height: 1.8; clear: both; display: block; width: 100%; float: none; position: static;\"> NOKIAN Snowproof 1 to zimowa opona klasy premium, kt\u00f3ra jest rozwini\u0119ciem bardzo udanego modelu Nokian WR Snowproof. Dzi\u0119ki staraniom nad dopracowaniem i tak ju\u017c wysokich osi\u0105g\u00f3w, firmie Nokian uda\u0142o si\u0119 stworzy\u0107 opon\u0119 zimow\u0105, kt\u00f3ra oferuje jeszcze wi\u0119ksze bezpiecze\u0144stwo i pewno\u015b\u0107 prowadzenia na \u015bniegu, b\u0142ocie, lodzie i mokrej nawierzchni.<\/p>\n<p style=\"margin: 15px 0; line-height: 1.8; clear: both; display: block; width: 100%; float: none; position: static;\"> Nokian Snowproof 1, dedykowany jest do szerokiej gamy pojazd\u00f3w, kt\u00f3rych kierowcy oczekuj\u0105 kontroli w ka\u017cdych warunkach zimowych oraz komfortu jazdy<\/p>\n<p style=\"margin: 15px 0; line-height: 1.8; clear: both; display: block; width: 100%; float: none; position: static;\"> Innowacyjna technologia Alpine Sense Grip zosta\u0142a w tym modelu wyniesiona na jeszcze wy\u017cszy poziom. Dzi\u0119ki temu samoch\u00f3d wyposa\u017cony w opony Nokian Snowproof 1 zachowuje si\u0119 tak stabilnie i pewnie, jak tylko mo\u017cna sobie to wyobrazi\u0107. I to bez wzgl\u0119du, czy na drodze znajduje si\u0119 b\u0142oto po\u015bniegowe, \u015bwie\u017cy \u015bnieg czy woda. Co istotne, dzi\u0119ki technologii Alpine Sense Grip, ta opona zimowa zachowuje swoje osi\u0105gi w bardzo szerokim spektrum temperatur &#8211; od dwucyfrowych mroz\u00f3w po plusowe temperatury. Przy tym firmie Nokian uda\u0142o si\u0119 zachowa\u0107 bardzo niskie opory toczenia, dzi\u0119ki czemu Snowproof 1 pozwala na obni\u017cenie zu\u017cycia paliwa. Rze\u017aba bie\u017cnika w g\u0142\u00f3wnej mierze pozosta\u0142a niezmieniona. Wci\u0105\u017c ma zatem kszta\u0142t strza\u0142y, kt\u00f3ry doskonale radzi sobie z odprowadzaniem wody, \u015bniegu i b\u0142ota po\u015bniegowego, wci\u0105\u017c zachowuj\u0105c bardzo dobr\u0105 przyczepno\u015b\u0107 na g\u0142adkim i suchym asfalcie. Wzgl\u0119dem poprzedniego modelu bie\u017cnik Snowproof 1 r\u00f3\u017cni si\u0119 przede wszystkim poprawionym obszarem barku, dzi\u0119ki kt\u00f3remu opona jeszcze mocniej wgryza si\u0119 w \u015bnieg i trzyma lodu, co u\u0142atwia jazd\u0119 w najtrudniejszych warunkach. Charakterystyczne lamele o nieregularnych kraw\u0119dziach i r\u00f3\u017cnej g\u0142\u0119boko\u015bci, tworz\u0105 g\u0119st\u0105 sie\u0107, przecinaj\u0105c\u0105 bloki bie\u017cnika, co dostarcza poprzecznej i wzd\u0142u\u017cnej przyczepno\u015bci nawet w g\u0142\u0119bokim i kopnym \u015bniegu. Usztywnione bloki barkowe wyposa\u017cone w specjalne lamelki, zwi\u0119kszaj\u0105 trakcj\u0119 i stabilizuj\u0105 tor jazdy w zakr\u0119tach.<\/p>\n<p style=\"margin: 15px 0; line-height: 1.8; clear: both; display: block; width: 100%; float: none; position: static;\"> Specjalne wypustki &#8222;Snow Claws&#8221;, umieszczone pomi\u0119dzy blokami bie\u017cnika i w strefie barkowej wspieraj\u0105 stabilno\u015b\u0107 na \u015bliskim i oblodzonym pod\u0142o\u017cu szczeg\u00f3lnie przy ruszaniu i hamowaniu. Dodatkowe stabilizatory &#8222;Brake Boosters&#8221; na klockach bie\u017cnika zwi\u0119kszaj\u0105 kontakt z nawierzchni\u0105 i skracaj\u0105 drog\u0119 hamowania. Dzi\u0119ki wprowadzonym zmianom, firmie Nokian uda\u0142o si\u0119 szczeg\u00f3lnie mocno poprawi\u0107 osi\u0105gi opony pod wzgl\u0119dem hamowania na mokrej i za\u015bnie\u017conej nawierzchni, sterowno\u015bci na mokrej i suchej nawierzchni oraz odporno\u015bci na aqua planning.<\/p>\n<p style=\"margin: 15px 0; line-height: 1.8; clear: both; display: block; width: 100%; float: none; position: static;\"> Dzi\u0119ki takim zaletom, Nokian Snowproof 1 to opona zimowa, kt\u00f3ra jest w stanie spe\u0142ni\u0107 wszystkie twoje oczekiwania co do bezpiecze\u0144stwa i komfortu prowadzenia.<\/p>\n<\/div>\n<\/div>\n<div style=\"clear: both; display: block; margin: 10px 0;\">\n<div style=\"clear: both; display: block; margin: 10px 0;\">\n<div  style=\"max-width:886px;max-height:1299px\">\n<div style=\"clear: both; display: block; margin: 10px 0;\">\n<div style=\"clear: both; width: 100%; display: block; margin: 20px 0; padding: 0; float: none; position: static; text-align: center;\"><img decoding=\"async\"  src=\"https:\/\/a.allegroimg.com\/original\/11de44\/a818d08b44c6ac8878de68cfb510\/1x-NOKIAN-Snowproof-1-185-60R15-88T-XL-Srednica-15\" srcset=\"https:\/\/a.allegroimg.com\/original\/11de44\/a818d08b44c6ac8878de68cfb510\/1x-NOKIAN-Snowproof-1-185-60R15-88T-XL-Srednica-15 245w,https:\/\/a.allegroimg.com\/original\/11de44\/a818d08b44c6ac8878de68cfb510\/1x-NOKIAN-Snowproof-1-185-60R15-88T-XL-Srednica-15 491w,https:\/\/a.allegroimg.com\/original\/11de44\/a818d08b44c6ac8878de68cfb510\/1x-NOKIAN-Snowproof-1-185-60R15-88T-XL-Srednica-15 698w,https:\/\/a.allegroimg.com\/original\/11de44\/a818d08b44c6ac8878de68cfb510\/1x-NOKIAN-Snowproof-1-185-60R15-88T-XL-Srednica-15 886w,https:\/\/a.allegroimg.com\/original\/11de44\/a818d08b44c6ac8878de68cfb510\/1x-NOKIAN-Snowproof-1-185-60R15-88T-XL-Srednica-15 886w\" sizes=\"(min-width: 1200px) 560px, (min-width: 992px) 50vw, 100vw\" width=\"886px\" alt=\"1x NOKIAN Snowproof 1 185\/60R15 88T XL \u015arednica 15&quot;\"\/ style=\"max-width: 100%; height: auto; display: block; margin: 0 auto;\"><\/div>\n<\/div>\n<\/div>\n<\/div>\n<\/div>\n<\/div>\n<div style=\"clear: both; display: block; margin: 10px 0;\">\n<div style=\"clear: both; display: block; margin: 10px 0;\">\n<div style=\"clear: both; display: block; margin: 10px 0;\">\n<p style=\"margin: 15px 0; line-height: 1.8; clear: both; display: block; width: 100%; float: none; position: static;\">Wychodz\u0105c naprzeciw oczekiwaniom Klient\u00f3w i chc\u0105c spe\u0142nia\u0107 jak najwy\u017csze standardy obs\u0142ugi dok\u0142adamy wszelkich stara\u0144, aby podawa\u0107 precyzyjn\u0105 dat\u0119 produkcji opony (DOT). Niestety, w wyj\u0105tkowych przypadkach, mo\u017ce zdarzy\u0107 si\u0119, \u017ce opony, kt\u00f3re wy\u015blemy b\u0119d\u0105 mia\u0142y inn\u0105 dat\u0119 produkcji ni\u017c podana. Sytuacja mo\u017ce dotyczy\u0107 zar\u00f3wno opon z DOT-em wcze\u015bniejszym jak i p\u00f3\u017aniejszym. Chcieliby\u015bmy podkre\u015bli\u0107, \u017ce warunki przechowywania opon w naszych magazynach spe\u0142niaj\u0105 Polsk\u0105 Norm\u0119 PN-C-94300-7 dzi\u0119ki czemu nawet opona przechowywana 24 miesi\u0105ce ma parametry takie same jak opona z bie\u017c\u0105cego roku. Warto pami\u0119ta\u0107 tak\u017ce o fakcie, \u017ce w przypadku wielu rozmiar\u00f3w i producent\u00f3w plany produkcyjne fabryk uniemo\u017cliwiaj\u0105 zakup opony z bie\u017c\u0105cego roku.<\/p>\n<p style=\"margin: 15px 0; line-height: 1.8; clear: both; display: block; width: 100%; float: none; position: static;\">Przy zakupie opon pami\u0119taj o sprawdzeniu w instrukcji samochodu lub na w\u0142a\u015bciwej stronie internetowej, jakie ogumienie zaleca producent Twojego auta. \u0179le dobrane opony mog\u0105 negatywnie wp\u0142yn\u0105\u0107 na poziom Twojego bezpiecze\u0144stwa. Kupuj\u0105c opony zwr\u00f3\u0107 uwag\u0119 na rozmiar oraz indeksy no\u015bno\u015bci i pr\u0119dko\u015bci jakie homologowane s\u0105 do Twojego pojazdu.<\/p>\n<p style=\"margin: 15px 0; line-height: 1.8; clear: both; display: block; width: 100%; float: none; position: static;\">Zamieszczone zdj\u0119cia pe\u0142ni\u0105 funkcj\u0119 pogl\u0105dow\u0105. W zale\u017cno\u015bci od szeroko\u015bci opon, mog\u0105 wyst\u0119powa\u0107 niewielkie r\u00f3\u017cnice w wygl\u0105dzie bie\u017cnika (w obr\u0119bie jednego modelu) na przyk\u0142ad w ilo\u015bci rowk\u00f3w obwodowych lub rozmieszczeniu blok\u00f3w bie\u017cnika, co nie stanowi wady produktu.<\/p>\n<p style=\"margin: 15px 0; line-height: 1.8; clear: both; display: block; width: 100%; float: none; position: static;\">Je\u017celi otrzymane przez Ciebie opony nie spe\u0142niaj\u0105 Twoich oczekiwa\u0144 masz mo\u017cliwo\u015b\u0107 zwrotu lub wymiany nieu\u017cywanego (niemontowanego) ogumienia.<\/p>\n<\/div>\n<\/div>\n<\/div>\n<div style=\"clear: both; display: block; margin: 10px 0;\">\n<div style=\"clear: both; display: block; margin: 10px 0;\">\n<div style=\"clear: both; display: block; margin: 10px 0;\">\n<div  style=\"max-width:547px;max-height:273px\">\n<div style=\"clear: both; display: block; margin: 10px 0;\">\n<div style=\"clear: both; width: 100%; display: block; margin: 20px 0; padding: 0; float: none; position: static; text-align: center;\"><img decoding=\"async\"  src=\"https:\/\/a.allegroimg.com\/original\/1180c1\/bcfa3c5243d59bc9c32653089d39\/1x-NOKIAN-Snowproof-1-185-60R15-88T-XL-Halas-zewnetrzny-69-dB\" srcset=\"https:\/\/a.allegroimg.com\/original\/1180c1\/bcfa3c5243d59bc9c32653089d39\/1x-NOKIAN-Snowproof-1-185-60R15-88T-XL-Halas-zewnetrzny-69-dB 360w,https:\/\/a.allegroimg.com\/original\/1180c1\/bcfa3c5243d59bc9c32653089d39\/1x-NOKIAN-Snowproof-1-185-60R15-88T-XL-Halas-zewnetrzny-69-dB 547w,https:\/\/a.allegroimg.com\/original\/1180c1\/bcfa3c5243d59bc9c32653089d39\/1x-NOKIAN-Snowproof-1-185-60R15-88T-XL-Halas-zewnetrzny-69-dB 547w\" sizes=\"(min-width: 1200px) 560px, (min-width: 992px) 50vw, 100vw\" width=\"547px\" alt=\"1x NOKIAN Snowproof 1 185\/60R15 88T XL Ha\u0142as zewn\u0119trzny 69 dB\"\/ style=\"max-width: 100%; height: auto; display: block; margin: 0 auto;\"><\/div>\n<\/div>\n<\/div>\n<\/div>\n<\/div>\n<div style=\"clear: both; display: block; margin: 10px 0;\">\n<div style=\"clear: both; display: block; margin: 10px 0;\">\n<h1>Nokian<\/h1>\n<p style=\"margin: 15px 0; line-height: 1.8; clear: both; display: block; width: 100%; float: none; position: static;\">**120 LAT INNOWACJI**<br \/>\nKorzenie firmy NOKIAN TYRES, kt\u00f3ra jest najdalej na p\u00f3\u0142noc wysuni\u0119tym producentem opon, si\u0119gaj\u0105 ponad stu lat wstecz. Dzi\u015b korzystamy z wielu dziesi\u0119cioleci do\u015bwiadcze\u0144 wdra\u017caj\u0105c kolejne innowacje, kt\u00f3re zapewni\u0105 bezpiecze\u0144stwo milionom u\u017cytkownik\u00f3w dr\u00f3g. Nasza historia jest d\u0142uga, ale jeszcze wi\u0119cej przed nami.<\/p>\n<p>**PONAD 80 LAT OD WYNALEZIENIA OPONY ZIMOWEJ**<br \/>\nPierwsz\u0105 na \u015bwiecie opon\u0119 zimow\u0105, poprzednikiem Nokian Hakkapeliitta, by\u0142 Kelirengas (\u201eopona pogodowa&#8221;). Opona zosta\u0142a wyprodukowana przez Suomen Gummitehdas Osakeyhti\u00f6, firm\u0119 kt\u00f3ra p\u00f3\u017aniej przekszta\u0142ci\u0142a si\u0119 w Nokian Tyres, i wprowadzona na rynek w 1934 roku. Opona zimowa ma ju\u017c ponad 80 lat.<\/p>\n<p>**Inteligentne technologie transportowe oraz opony zimowe wyprodukowane z biomateria\u0142\u00f3w**<br \/>\nWyobra\u017caj\u0105c sobie kierowanie za 20 lat, mamy przed oczyma rewolucyjne, inteligentne technologie transportowe, samokieruj\u0105ce si\u0119 pojazdy elektryczne oraz opony zimowe wyprodukowane z biomateria\u0142\u00f3w.<\/p>\n<\/div>\n<\/div>\n<\/div>\n<\/div>\n<\/div>\n<\/div>\n<div style=\"clear: both; display: block; margin: 10px 0;\">\n","protected":false},"excerpt":{"rendered":"<p>Rok produkcji: 2023<\/p>\n<p>Jeste\u015bmy ekspertami od opon i wraz z Producentem gwarantujemy, \u017ce wybieraj\u0105c model z wcze\u015bniejsz\u0105 dat\u0105 produkcji, otrzymujesz pe\u0142nowarto\u015bciowy produkt. Dbamy o Twoje bezpiecze\u0144stwo &#8211; nasze opony s\u0105 przechowywane w idealnych warunkach.<\/p>\n<p>NOKIAN Snowproof 1 185\/60R15 88T XL<\/p>\n<p>H11HRT<\/p>\n<p>Data produkcji : 2023<\/p>\n<p>Hamowanie na mokrej nawierzchni : B<\/p>\n<p>Indeks : 185\/60R15 ZONO 88T SP1#23<\/p>\n<p>Indeks no\u015bno\u015bci : 88<\/p>\n","protected":false},"featured_media":9548,"template":"","meta":{"_uag_custom_page_level_css":""},"product_brand":[387],"product_cat":[414,413,412,415],"product_tag":[],"class_list":{"0":"post-9547","1":"product","2":"type-product","3":"status-publish","4":"has-post-thumbnail","6":"product_brand-nokian-tyres","7":"product_cat-do-samochodow-osobowych-i-suv","8":"product_cat-opony","9":"product_cat-opony-i-felgi","10":"product_cat-zimowe","12":"first","13":"instock","14":"sale","15":"shipping-taxable","16":"purchasable","17":"product-type-simple"},"uagb_featured_image_src":{"full":["https:\/\/oponixo.shop\/tire\/wp-content\/uploads\/2025\/12\/allegro-image-9547.jpg",1200,1126,false],"thumbnail":["https:\/\/oponixo.shop\/tire\/wp-content\/uploads\/2025\/12\/allegro-image-9547-150x150.jpg",150,150,true],"medium":["https:\/\/oponixo.shop\/tire\/wp-content\/uploads\/2025\/12\/allegro-image-9547-300x282.jpg",300,282,true],"medium_large":["https:\/\/oponixo.shop\/tire\/wp-content\/uploads\/2025\/12\/allegro-image-9547-768x721.jpg",768,721,true],"large":["https:\/\/oponixo.shop\/tire\/wp-content\/uploads\/2025\/12\/allegro-image-9547-1024x961.jpg",1024,961,true],"1536x1536":["https:\/\/oponixo.shop\/tire\/wp-content\/uploads\/2025\/12\/allegro-image-9547.jpg",1200,1126,false],"2048x2048":["https:\/\/oponixo.shop\/tire\/wp-content\/uploads\/2025\/12\/allegro-image-9547.jpg",1200,1126,false],"woocommerce_thumbnail":["https:\/\/oponixo.shop\/tire\/wp-content\/uploads\/2025\/12\/allegro-image-9547-300x300.jpg",300,300,true],"woocommerce_single":["https:\/\/oponixo.shop\/tire\/wp-content\/uploads\/2025\/12\/allegro-image-9547-600x563.jpg",600,563,true],"woocommerce_gallery_thumbnail":["https:\/\/oponixo.shop\/tire\/wp-content\/uploads\/2025\/12\/allegro-image-9547-100x100.jpg",100,100,true]},"uagb_author_info":{"display_name":"admin","author_link":"https:\/\/oponixo.shop\/tire\/author\/"},"uagb_comment_info":0,"uagb_excerpt":"Rok produkcji: 2023 Jeste\u015bmy ekspertami od opon i wraz z Producentem gwarantujemy, \u017ce wybieraj\u0105c model z wcze\u015bniejsz\u0105 dat\u0105 produkcji, otrzymujesz pe\u0142nowarto\u015bciowy produkt. Dbamy o Twoje bezpiecze\u0144stwo - nasze opony s\u0105 przechowywane w idealnych warunkach. NOKIAN Snowproof 1 185\/60R15 88T XL H11HRT Data produkcji : 2023 Hamowanie na mokrej nawierzchni : B Indeks : 185\/60R15 ZONO&hellip;","_links":{"self":[{"href":"https:\/\/oponixo.shop\/tire\/wp-json\/wp\/v2\/product\/9547","targetHints":{"allow":["GET"]}}],"collection":[{"href":"https:\/\/oponixo.shop\/tire\/wp-json\/wp\/v2\/product"}],"about":[{"href":"https:\/\/oponixo.shop\/tire\/wp-json\/wp\/v2\/types\/product"}],"wp:featuredmedia":[{"embeddable":true,"href":"https:\/\/oponixo.shop\/tire\/wp-json\/wp\/v2\/media\/9548"}],"wp:attachment":[{"href":"https:\/\/oponixo.shop\/tire\/wp-json\/wp\/v2\/media?parent=9547"}],"wp:term":[{"taxonomy":"product_brand","embeddable":true,"href":"https:\/\/oponixo.shop\/tire\/wp-json\/wp\/v2\/product_brand?post=9547"},{"taxonomy":"product_cat","embeddable":true,"href":"https:\/\/oponixo.shop\/tire\/wp-json\/wp\/v2\/product_cat?post=9547"},{"taxonomy":"product_tag","embeddable":true,"href":"https:\/\/oponixo.shop\/tire\/wp-json\/wp\/v2\/product_tag?post=9547"}],"curies":[{"name":"wp","href":"https:\/\/api.w.org\/{rel}","templated":true}]}}