{"id":9707,"date":"2025-12-25T07:51:27","date_gmt":"2025-12-25T07:51:27","guid":{"rendered":"https:\/\/oponyexpert.shop\/xef5\/produkt\/4x-opony-225-45r17-michelin-crossclimate-3-91-y\/"},"modified":"2025-12-25T07:51:27","modified_gmt":"2025-12-25T07:51:27","slug":"4x-opony-225-45r17-michelin-crossclimate-3-91-y","status":"publish","type":"product","link":"https:\/\/oponixo.shop\/tire\/produkt\/4x-opony-225-45r17-michelin-crossclimate-3-91-y\/","title":{"rendered":"4x opony 225\/45R17 MICHELIN CROSSCLIMATE 3 91 Y"},"content":{"rendered":"<div style=\"font-family: Arial, sans-serif; line-height: 1.6; color: #333; padding: 20px; clear: both; display: block; width: 100%; float: none; position: static; overflow: hidden;\">\n<div style=\"clear: both; display: block; margin: 10px 0;\">\n<div style=\"clear: both; display: block; margin: 10px 0;\">\n<div style=\"clear: both; display: block; margin: 10px 0;\">\n<h2>Opona ca\u0142oroczna Michelin CrossClimate 3 225\/45R17 91 Y przyczepno\u015b\u0107 na \u015bniegu (3PMSF), rant ochronny<\/h2>\n<p style=\"margin: 15px 0; line-height: 1.8; clear: both; display: block; width: 100%; float: none; position: static;\"> Opona Michelin Crossclimate 3  91 Y<\/p>\n<p style=\"margin: 15px 0; line-height: 1.8; clear: both; display: block; width: 100%; float: none; position: static;\">Cechy produktu:<\/p>\n<ul style=\"margin: 15px 0; padding-left: 20px; clear: both; display: block; width: 100%; float: none; position: static;\">\n<li style=\"margin: 5px 0; padding: 2px 0; clear: both; display: list-item; float: none; position: static;\">sezon: <\/li>\n<li style=\"margin: 5px 0; padding: 2px 0; clear: both; display: list-item; float: none; position: static;\">szeroko\u015b\u0107\/profil\/\u015brednica: <\/li>\n<li style=\"margin: 5px 0; padding: 2px 0; clear: both; display: list-item; float: none; position: static;\">indeks no\u015bno\u015bci: 91 &#8211; 615 kg<\/li>\n<li style=\"margin: 5px 0; padding: 2px 0; clear: both; display: list-item; float: none; position: static;\">indeks pr\u0119dko\u015bci: Y do 300 km\/h<\/li>\n<\/ul>\n<p style=\"margin: 15px 0; line-height: 1.8; clear: both; display: block; width: 100%; float: none; position: static;\">\n<\/div>\n<\/div>\n<div style=\"clear: both; display: block; margin: 10px 0;\">\n<div style=\"clear: both; display: block; margin: 10px 0;\">\n<div  style=\"max-width:589px;max-height:800px\">\n<div style=\"clear: both; display: block; margin: 10px 0;\">\n<div style=\"clear: both; width: 100%; display: block; margin: 20px 0; padding: 0; float: none; position: static; text-align: center;\"><img decoding=\"async\"  src=\"https:\/\/a.allegroimg.com\/original\/1138fe\/b767e8424d91a2d2d2a916b7f7cf\/4x-opony-225-45R17-MICHELIN-CROSSCLIMATE-3-91-Y\" srcset=\"https:\/\/a.allegroimg.com\/original\/1138fe\/b767e8424d91a2d2d2a916b7f7cf\/4x-opony-225-45R17-MICHELIN-CROSSCLIMATE-3-91-Y 265w,https:\/\/a.allegroimg.com\/original\/1138fe\/b767e8424d91a2d2d2a916b7f7cf\/4x-opony-225-45R17-MICHELIN-CROSSCLIMATE-3-91-Y 530w,https:\/\/a.allegroimg.com\/original\/1138fe\/b767e8424d91a2d2d2a916b7f7cf\/4x-opony-225-45R17-MICHELIN-CROSSCLIMATE-3-91-Y 589w,https:\/\/a.allegroimg.com\/original\/1138fe\/b767e8424d91a2d2d2a916b7f7cf\/4x-opony-225-45R17-MICHELIN-CROSSCLIMATE-3-91-Y 589w\" sizes=\"(min-width: 1200px) 560px, (min-width: 992px) 50vw, 100vw\" width=\"589px\" alt=\"4x opony 225\/45R17 MICHELIN CROSSCLIMATE 3 91 Y\"\/ style=\"max-width: 100%; height: auto; display: block; margin: 0 auto;\"><\/div>\n<\/div>\n<\/div>\n<\/div>\n<\/div>\n<\/div>\n<div style=\"clear: both; display: block; margin: 10px 0;\">\n<div style=\"clear: both; display: block; margin: 10px 0;\">\n<div style=\"clear: both; display: block; margin: 10px 0;\">\n<h3 style=\"color: #2c5aa0; font-size: 18px; margin: 30px 0 15px 0; font-weight: bold; clear: both; display: block; width: 100%; float: none; position: static;\">Informacje dodatkowe:<\/h3>\n<ul style=\"margin: 15px 0; padding-left: 20px; clear: both; display: block; width: 100%; float: none; position: static;\">\n<li style=\"margin: 5px 0; padding: 2px 0; clear: both; display: list-item; float: none; position: static;\">Rok produkcji: 2024\/2025 (kupuj\u0105c z tej oferty otrzymasz opony fabrycznie nowe, pe\u0142nowarto\u015bciowe, a ich data produkcji jest nie starsza ni\u017c ubieg\u0142y rok) <\/li>\n<li style=\"margin: 5px 0; padding: 2px 0; clear: both; display: list-item; float: none; position: static;\">stan: fabrycznie nowe <\/li>\n<\/ul>\n<\/div>\n<\/div>\n<\/div>\n<div style=\"clear: both; display: block; margin: 10px 0;\">\n<div style=\"clear: both; display: block; margin: 10px 0;\">\n<div style=\"clear: both; display: block; margin: 10px 0;\">\n<div  style=\"max-width:589px;max-height:800px\">\n<div style=\"clear: both; display: block; margin: 10px 0;\">\n<div style=\"clear: both; width: 100%; display: block; margin: 20px 0; padding: 0; float: none; position: static; text-align: center;\"><img decoding=\"async\"  src=\"https:\/\/a.allegroimg.com\/original\/1138fe\/b767e8424d91a2d2d2a916b7f7cf\/4x-opony-225-45R17-MICHELIN-CROSSCLIMATE-3-91-Y\" srcset=\"https:\/\/a.allegroimg.com\/original\/1138fe\/b767e8424d91a2d2d2a916b7f7cf\/4x-opony-225-45R17-MICHELIN-CROSSCLIMATE-3-91-Y 265w,https:\/\/a.allegroimg.com\/original\/1138fe\/b767e8424d91a2d2d2a916b7f7cf\/4x-opony-225-45R17-MICHELIN-CROSSCLIMATE-3-91-Y 530w,https:\/\/a.allegroimg.com\/original\/1138fe\/b767e8424d91a2d2d2a916b7f7cf\/4x-opony-225-45R17-MICHELIN-CROSSCLIMATE-3-91-Y 589w,https:\/\/a.allegroimg.com\/original\/1138fe\/b767e8424d91a2d2d2a916b7f7cf\/4x-opony-225-45R17-MICHELIN-CROSSCLIMATE-3-91-Y 589w\" sizes=\"100vw\" width=\"589px\" alt=\"4x opony 225\/45R17 MICHELIN CROSSCLIMATE 3 91 Y\"\/ style=\"max-width: 100%; height: auto; display: block; margin: 0 auto;\"><\/div>\n<\/div>\n<\/div>\n<\/div>\n<\/div>\n<\/div>\n<\/div>\n<\/div>\n<\/div>\n<div style=\"clear: both; display: block; margin: 10px 0;\">\n","protected":false},"excerpt":{"rendered":"<p>Opona ca\u0142oroczna Michelin CrossClimate 3 225\/45R17 91 Y przyczepno\u015b\u0107 na \u015bniegu (3PMSF), rant ochronny<\/p>\n<p>Opona Michelin Crossclimate 3 91 Y<\/p>\n<p>Cechy produktu:<\/p>\n<p>sezon:<\/p>\n<p>szeroko\u015b\u0107\/profil\/\u015brednica:<\/p>\n<p>indeks no\u015bno\u015bci: 91 &#8211; 615 kg<\/p>\n<p>indeks pr\u0119dko\u015bci: Y do 300 km\/h<\/p>\n<p>Informacje dodatkowe:<\/p>\n","protected":false},"featured_media":9708,"template":"","meta":{"_uag_custom_page_level_css":""},"product_brand":[429],"product_cat":[416,414,413,412],"product_tag":[],"class_list":{"0":"post-9707","1":"product","2":"type-product","3":"status-publish","4":"has-post-thumbnail","6":"product_brand-michelin","7":"product_cat-caloroczne","8":"product_cat-do-samochodow-osobowych-i-suv","9":"product_cat-opony","10":"product_cat-opony-i-felgi","12":"first","13":"instock","14":"sale","15":"shipping-taxable","16":"purchasable","17":"product-type-simple"},"uagb_featured_image_src":{"full":["https:\/\/oponixo.shop\/tire\/wp-content\/uploads\/2025\/12\/allegro-image-9707.jpg",589,800,false],"thumbnail":["https:\/\/oponixo.shop\/tire\/wp-content\/uploads\/2025\/12\/allegro-image-9707-150x150.jpg",150,150,true],"medium":["https:\/\/oponixo.shop\/tire\/wp-content\/uploads\/2025\/12\/allegro-image-9707-221x300.jpg",221,300,true],"medium_large":["https:\/\/oponixo.shop\/tire\/wp-content\/uploads\/2025\/12\/allegro-image-9707.jpg",589,800,false],"large":["https:\/\/oponixo.shop\/tire\/wp-content\/uploads\/2025\/12\/allegro-image-9707.jpg",589,800,false],"1536x1536":["https:\/\/oponixo.shop\/tire\/wp-content\/uploads\/2025\/12\/allegro-image-9707.jpg",589,800,false],"2048x2048":["https:\/\/oponixo.shop\/tire\/wp-content\/uploads\/2025\/12\/allegro-image-9707.jpg",589,800,false],"woocommerce_thumbnail":["https:\/\/oponixo.shop\/tire\/wp-content\/uploads\/2025\/12\/allegro-image-9707-300x300.jpg",300,300,true],"woocommerce_single":["https:\/\/oponixo.shop\/tire\/wp-content\/uploads\/2025\/12\/allegro-image-9707.jpg",589,800,false],"woocommerce_gallery_thumbnail":["https:\/\/oponixo.shop\/tire\/wp-content\/uploads\/2025\/12\/allegro-image-9707-100x100.jpg",100,100,true]},"uagb_author_info":{"display_name":"admin","author_link":"https:\/\/oponixo.shop\/tire\/author\/"},"uagb_comment_info":0,"uagb_excerpt":"Opona ca\u0142oroczna Michelin CrossClimate 3 225\/45R17 91 Y przyczepno\u015b\u0107 na \u015bniegu (3PMSF), rant ochronny Opona Michelin Crossclimate 3 91 Y Cechy produktu: sezon: szeroko\u015b\u0107\/profil\/\u015brednica: indeks no\u015bno\u015bci: 91 - 615 kg indeks pr\u0119dko\u015bci: Y do 300 km\/h Informacje dodatkowe:","_links":{"self":[{"href":"https:\/\/oponixo.shop\/tire\/wp-json\/wp\/v2\/product\/9707","targetHints":{"allow":["GET"]}}],"collection":[{"href":"https:\/\/oponixo.shop\/tire\/wp-json\/wp\/v2\/product"}],"about":[{"href":"https:\/\/oponixo.shop\/tire\/wp-json\/wp\/v2\/types\/product"}],"wp:featuredmedia":[{"embeddable":true,"href":"https:\/\/oponixo.shop\/tire\/wp-json\/wp\/v2\/media\/9708"}],"wp:attachment":[{"href":"https:\/\/oponixo.shop\/tire\/wp-json\/wp\/v2\/media?parent=9707"}],"wp:term":[{"taxonomy":"product_brand","embeddable":true,"href":"https:\/\/oponixo.shop\/tire\/wp-json\/wp\/v2\/product_brand?post=9707"},{"taxonomy":"product_cat","embeddable":true,"href":"https:\/\/oponixo.shop\/tire\/wp-json\/wp\/v2\/product_cat?post=9707"},{"taxonomy":"product_tag","embeddable":true,"href":"https:\/\/oponixo.shop\/tire\/wp-json\/wp\/v2\/product_tag?post=9707"}],"curies":[{"name":"wp","href":"https:\/\/api.w.org\/{rel}","templated":true}]}}