{"id":9721,"date":"2025-12-25T07:51:31","date_gmt":"2025-12-25T07:51:31","guid":{"rendered":"https:\/\/oponyexpert.shop\/xef5\/produkt\/opony-225-50r17-greentrac-season-master-2szt-2025r-c-b-71db-3-lata-gwar\/"},"modified":"2025-12-25T07:51:31","modified_gmt":"2025-12-25T07:51:31","slug":"opony-225-50r17-greentrac-season-master-2szt-2025r-c-b-71db-3-lata-gwar","status":"publish","type":"product","link":"https:\/\/oponixo.shop\/tire\/produkt\/opony-225-50r17-greentrac-season-master-2szt-2025r-c-b-71db-3-lata-gwar\/","title":{"rendered":"Opony 225\/50R17 Greentrac Season Master 2szt. 2025r C\/B\/71dB 3 lata gwar."},"content":{"rendered":"<div style=\"font-family: Arial, sans-serif; line-height: 1.6; color: #333; padding: 20px; clear: both; display: block; width: 100%; float: none; position: static; overflow: hidden;\">\n<div style=\"clear: both; display: block; margin: 10px 0;\">\n<div style=\"clear: both; display: block; margin: 10px 0;\">\n<div style=\"clear: both; display: block; margin: 10px 0;\">\n<h1>Kategoria: opony osobowe<\/h1>\n<ul style=\"margin: 15px 0; padding-left: 20px; clear: both; display: block; width: 100%; float: none; position: static;\">\n<li style=\"margin: 5px 0; padding: 2px 0; clear: both; display: list-item; float: none; position: static;\">Sezon: ca\u0142oroczne<\/li>\n<li style=\"margin: 5px 0; padding: 2px 0; clear: both; display: list-item; float: none; position: static;\">Rozmiar:\u00a0 225\/50R17<\/li>\n<li style=\"margin: 5px 0; padding: 2px 0; clear: both; display: list-item; float: none; position: static;\">Marka i model: Greentrac Season Master<\/li>\n<li style=\"margin: 5px 0; padding: 2px 0; clear: both; display: list-item; float: none; position: static;\">OPONY NOWE.<\/li>\n<li style=\"margin: 5px 0; padding: 2px 0; clear: both; display: list-item; float: none; position: static;\">Rok produkcji: 2025<\/li>\n<li style=\"margin: 5px 0; padding: 2px 0; clear: both; display: list-item; float: none; position: static;\">Indeks pr\u0119dko\u015bci i no\u015bno\u015bci: 98W XL<\/li>\n<li style=\"margin: 5px 0; padding: 2px 0; clear: both; display: list-item; float: none; position: static;\">Rant chroni\u0105cy felg\u0119: tak<\/li>\n<li style=\"margin: 5px 0; padding: 2px 0; clear: both; display: list-item; float: none; position: static;\">Magazyn\u00a0 M25-100<\/li>\n<li style=\"margin: 5px 0; padding: 2px 0; clear: both; display: list-item; float: none; position: static;\">Ilo\u015b\u0107: 2szt.-cena za par\u0119<\/li>\n<li style=\"margin: 5px 0; padding: 2px 0; clear: both; display: list-item; float: none; position: static;\">Opony magazynowane zgodnie z najwy\u017cszymi standardami.<\/li>\n<\/ul>\n<h1>Parametry opon:<\/h1>\n<ul style=\"margin: 15px 0; padding-left: 20px; clear: both; display: block; width: 100%; float: none; position: static;\">\n<li style=\"margin: 5px 0; padding: 2px 0; clear: both; display: list-item; float: none; position: static;\">Ef.paliwowa: C<\/li>\n<li style=\"margin: 5px 0; padding: 2px 0; clear: both; display: list-item; float: none; position: static;\">Przyczepno\u015b\u0107 na mokrym: B<\/li>\n<li style=\"margin: 5px 0; padding: 2px 0; clear: both; display: list-item; float: none; position: static;\">Emisja ha\u0142asu: 71dB<\/li>\n<\/ul>\n<h1>Wysoko\u015b\u0107 bie\u017cnika w nowej oponie marki GREENTRAC.<\/h1>\n<p style=\"margin: 15px 0; line-height: 1.8; clear: both; display: block; width: 100%; float: none; position: static;\">Producenci opon redukuj\u0105 wysoko\u015b\u0107 bie\u017cnika nowej opony w efekcie czego niekt\u00f3re opony ca\u0142oroczne maj\u0105 zaledwie 6,5mm bie\u017cnika, natomiast klienci otrzymuj\u0105 produkt o zdecydowanie mniejszej trwa\u0142o\u015bci.\u00a0Producenci Greentrac nie oszcz\u0119dzaj\u0105 na bezpiecze\u0144stwie swoich klient\u00f3w\u00a0wychodz\u0105c poza t\u0119 niechlubn\u0105 statystyk\u0119, oferuj\u0105c w oponach osobowych bie\u017cnik Season Master o wysoko\u015bci\u00a07,5mm\u00a0oraz w oponach dostawczych Season Master VAN o wysoko\u015bci\u00a09,5mm.<\/p>\n<h1>Opony Greentrac posiadaj\u0105 wszystkie niezb\u0119dne dla opon ca\u0142orocznych homologacje.<\/h1>\n<p style=\"margin: 15px 0; line-height: 1.8; clear: both; display: block; width: 100%; float: none; position: static;\">Opony ca\u0142oroczne Greentrac zgodnie z regulacjami Unii Europejskiej posiadaj\u0105 znak homologacyjny 3PMSF (\u015bnie\u017cynka na tle trzech szczyt\u00f3w g\u00f3rskich) i mog\u0105 by\u0107 stosowane jako opony ca\u0142oroczne w ca\u0142ej Europie.<\/p>\n<h1>Greentrac to lider sprzeda\u017cy.<\/h1>\n<p style=\"margin: 15px 0; line-height: 1.8; clear: both; display: block; width: 100%; float: none; position: static;\">Greentrac to lider sprzeda\u017cy w firmie Grykar, ze wzgl\u0119du na korzystn\u0105 cen\u0119 oraz bardzo wysok\u0105 jako\u015b\u0107 opony s\u0105 pierwszym wyborem naszych klient\u00f3w.<\/p>\n<h1>ZAPRASZAMY \ud83d\ude42<\/h1>\n<\/div>\n<\/div>\n<\/div>\n<div style=\"clear: both; display: block; margin: 10px 0;\">\n<div style=\"clear: both; display: block; margin: 10px 0;\">\n<div style=\"clear: both; display: block; margin: 10px 0;\">\n<div  style=\"max-width:1000px;max-height:502px\">\n<div style=\"clear: both; display: block; margin: 10px 0;\">\n<div style=\"clear: both; width: 100%; display: block; margin: 20px 0; padding: 0; float: none; position: static; text-align: center;\"><img decoding=\"async\"  src=\"https:\/\/a.allegroimg.com\/original\/11cb5e\/2e765488473299f60002d2f24f83\/Opony-225-50R17-Greentrac-Season-Master-2szt-2025r-C-B-71dB-3-lata-gwar\" srcset=\"https:\/\/a.allegroimg.com\/original\/11cb5e\/2e765488473299f60002d2f24f83\/Opony-225-50R17-Greentrac-Season-Master-2szt-2025r-C-B-71dB-3-lata-gwar 360w,https:\/\/a.allegroimg.com\/original\/11cb5e\/2e765488473299f60002d2f24f83\/Opony-225-50R17-Greentrac-Season-Master-2szt-2025r-C-B-71dB-3-lata-gwar 720w,https:\/\/a.allegroimg.com\/original\/11cb5e\/2e765488473299f60002d2f24f83\/Opony-225-50R17-Greentrac-Season-Master-2szt-2025r-C-B-71dB-3-lata-gwar 1000w,https:\/\/a.allegroimg.com\/original\/11cb5e\/2e765488473299f60002d2f24f83\/Opony-225-50R17-Greentrac-Season-Master-2szt-2025r-C-B-71dB-3-lata-gwar 1000w\" sizes=\"100vw\" width=\"1000px\" alt=\"Opony 225\/50R17 Greentrac Season Master 2szt. 2025r C\/B\/71dB 3 lata gwar.\"\/ style=\"max-width: 100%; height: auto; display: block; margin: 0 auto;\"><\/div>\n<\/div>\n<\/div>\n<\/div>\n<\/div>\n<\/div>\n<div style=\"clear: both; display: block; margin: 10px 0;\">\n<div style=\"clear: both; display: block; margin: 10px 0;\">\n<div style=\"clear: both; display: block; margin: 10px 0;\">\n<div  style=\"max-width:1000px;max-height:600px\">\n<div style=\"clear: both; display: block; margin: 10px 0;\">\n<div style=\"clear: both; width: 100%; display: block; margin: 20px 0; padding: 0; float: none; position: static; text-align: center;\"><img decoding=\"async\"  src=\"https:\/\/a.allegroimg.com\/original\/11d62a\/5645014d476c9b349e6537e84755\/Opony-225-50R17-Greentrac-Season-Master-2szt-2025r-C-B-71dB-3-lata-gwar-Rok-produkcji-2025\" srcset=\"https:\/\/a.allegroimg.com\/original\/11d62a\/5645014d476c9b349e6537e84755\/Opony-225-50R17-Greentrac-Season-Master-2szt-2025r-C-B-71dB-3-lata-gwar-Rok-produkcji-2025 360w,https:\/\/a.allegroimg.com\/original\/11d62a\/5645014d476c9b349e6537e84755\/Opony-225-50R17-Greentrac-Season-Master-2szt-2025r-C-B-71dB-3-lata-gwar-Rok-produkcji-2025 720w,https:\/\/a.allegroimg.com\/original\/11d62a\/5645014d476c9b349e6537e84755\/Opony-225-50R17-Greentrac-Season-Master-2szt-2025r-C-B-71dB-3-lata-gwar-Rok-produkcji-2025 1000w,https:\/\/a.allegroimg.com\/original\/11d62a\/5645014d476c9b349e6537e84755\/Opony-225-50R17-Greentrac-Season-Master-2szt-2025r-C-B-71dB-3-lata-gwar-Rok-produkcji-2025 1000w\" sizes=\"100vw\" width=\"1000px\" alt=\"Opony 225\/50R17 Greentrac Season Master 2szt. 2025r C\/B\/71dB 3 lata gwar. Rok produkcji 2025\"\/ style=\"max-width: 100%; height: auto; display: block; margin: 0 auto;\"><\/div>\n<\/div>\n<\/div>\n<\/div>\n<\/div>\n<\/div>\n<div style=\"clear: both; display: block; margin: 10px 0;\">\n<div style=\"clear: both; display: block; margin: 10px 0;\">\n<div style=\"clear: both; display: block; margin: 10px 0;\">\n<div  style=\"max-width:1000px;max-height:487px\">\n<div style=\"clear: both; display: block; margin: 10px 0;\">\n<div style=\"clear: both; width: 100%; display: block; margin: 20px 0; padding: 0; float: none; position: static; text-align: center;\"><img decoding=\"async\"  src=\"https:\/\/a.allegroimg.com\/original\/11556e\/18f532cc4bc985dfb9af332e4125\/Opony-225-50R17-Greentrac-Season-Master-2szt-2025r-C-B-71dB-3-lata-gwar-Liczba-opon-w-ofercie-2-szt\" srcset=\"https:\/\/a.allegroimg.com\/original\/11556e\/18f532cc4bc985dfb9af332e4125\/Opony-225-50R17-Greentrac-Season-Master-2szt-2025r-C-B-71dB-3-lata-gwar-Liczba-opon-w-ofercie-2-szt 360w,https:\/\/a.allegroimg.com\/original\/11556e\/18f532cc4bc985dfb9af332e4125\/Opony-225-50R17-Greentrac-Season-Master-2szt-2025r-C-B-71dB-3-lata-gwar-Liczba-opon-w-ofercie-2-szt 720w,https:\/\/a.allegroimg.com\/original\/11556e\/18f532cc4bc985dfb9af332e4125\/Opony-225-50R17-Greentrac-Season-Master-2szt-2025r-C-B-71dB-3-lata-gwar-Liczba-opon-w-ofercie-2-szt 1000w,https:\/\/a.allegroimg.com\/original\/11556e\/18f532cc4bc985dfb9af332e4125\/Opony-225-50R17-Greentrac-Season-Master-2szt-2025r-C-B-71dB-3-lata-gwar-Liczba-opon-w-ofercie-2-szt 1000w\" sizes=\"100vw\" width=\"1000px\" alt=\"Opony 225\/50R17 Greentrac Season Master 2szt. 2025r C\/B\/71dB 3 lata gwar. Liczba opon w ofercie 2 szt.\"\/ style=\"max-width: 100%; height: auto; display: block; margin: 0 auto;\"><\/div>\n<\/div>\n<\/div>\n<\/div>\n<\/div>\n<\/div>\n<div style=\"clear: both; display: block; margin: 10px 0;\">\n<div style=\"clear: both; display: block; margin: 10px 0;\">\n<div style=\"clear: both; display: block; margin: 10px 0;\">\n<div  style=\"max-width:555px;max-height:1000px\">\n<div style=\"clear: both; display: block; margin: 10px 0;\">\n<div style=\"clear: both; width: 100%; display: block; margin: 20px 0; padding: 0; float: none; position: static; text-align: center;\"><img decoding=\"async\"  src=\"https:\/\/a.allegroimg.com\/original\/11509c\/a83555b1444b98e7105708596944\/Opony-225-50R17-Greentrac-Season-Master-2szt-2025r-C-B-71dB-3-lata-gwar-Marka-Greentrac\" srcset=\"https:\/\/a.allegroimg.com\/original\/11509c\/a83555b1444b98e7105708596944\/Opony-225-50R17-Greentrac-Season-Master-2szt-2025r-C-B-71dB-3-lata-gwar-Marka-Greentrac 199w,https:\/\/a.allegroimg.com\/original\/11509c\/a83555b1444b98e7105708596944\/Opony-225-50R17-Greentrac-Season-Master-2szt-2025r-C-B-71dB-3-lata-gwar-Marka-Greentrac 399w,https:\/\/a.allegroimg.com\/original\/11509c\/a83555b1444b98e7105708596944\/Opony-225-50R17-Greentrac-Season-Master-2szt-2025r-C-B-71dB-3-lata-gwar-Marka-Greentrac 555w,https:\/\/a.allegroimg.com\/original\/11509c\/a83555b1444b98e7105708596944\/Opony-225-50R17-Greentrac-Season-Master-2szt-2025r-C-B-71dB-3-lata-gwar-Marka-Greentrac 555w\" sizes=\"100vw\" width=\"555px\" alt=\"Opony 225\/50R17 Greentrac Season Master 2szt. 2025r C\/B\/71dB 3 lata gwar. Marka Greentrac\"\/ style=\"max-width: 100%; height: auto; display: block; margin: 0 auto;\"><\/div>\n<\/div>\n<\/div>\n<\/div>\n<\/div>\n<\/div>\n<div style=\"clear: both; display: block; margin: 10px 0;\">\n<div style=\"clear: both; display: block; margin: 10px 0;\">\n<div style=\"clear: both; display: block; margin: 10px 0;\">\n<div  style=\"max-width:1000px;max-height:840px\">\n<div style=\"clear: both; display: block; margin: 10px 0;\">\n<div style=\"clear: both; width: 100%; display: block; margin: 20px 0; padding: 0; float: none; position: static; text-align: center;\"><img decoding=\"async\"  src=\"https:\/\/a.allegroimg.com\/original\/11d7da\/143efa204bfb96b4edad314ce0e0\/Opony-225-50R17-Greentrac-Season-Master-2szt-2025r-C-B-71dB-3-lata-gwar-Szerokosc-opony-225-mm\" srcset=\"https:\/\/a.allegroimg.com\/original\/11d7da\/143efa204bfb96b4edad314ce0e0\/Opony-225-50R17-Greentrac-Season-Master-2szt-2025r-C-B-71dB-3-lata-gwar-Szerokosc-opony-225-mm 360w,https:\/\/a.allegroimg.com\/original\/11d7da\/143efa204bfb96b4edad314ce0e0\/Opony-225-50R17-Greentrac-Season-Master-2szt-2025r-C-B-71dB-3-lata-gwar-Szerokosc-opony-225-mm 720w,https:\/\/a.allegroimg.com\/original\/11d7da\/143efa204bfb96b4edad314ce0e0\/Opony-225-50R17-Greentrac-Season-Master-2szt-2025r-C-B-71dB-3-lata-gwar-Szerokosc-opony-225-mm 1000w,https:\/\/a.allegroimg.com\/original\/11d7da\/143efa204bfb96b4edad314ce0e0\/Opony-225-50R17-Greentrac-Season-Master-2szt-2025r-C-B-71dB-3-lata-gwar-Szerokosc-opony-225-mm 1000w\" sizes=\"100vw\" width=\"1000px\" alt=\"Opony 225\/50R17 Greentrac Season Master 2szt. 2025r C\/B\/71dB 3 lata gwar. Szeroko\u015b\u0107 opony 225 mm\"\/ style=\"max-width: 100%; height: auto; display: block; margin: 0 auto;\"><\/div>\n<\/div>\n<\/div>\n<\/div>\n<\/div>\n<\/div>\n<div style=\"clear: both; display: block; margin: 10px 0;\">\n<div style=\"clear: both; display: block; margin: 10px 0;\">\n<div style=\"clear: both; display: block; margin: 10px 0;\">\n<div  style=\"max-width:1000px;max-height:816px\">\n<div style=\"clear: both; display: block; margin: 10px 0;\">\n<div style=\"clear: both; width: 100%; display: block; margin: 20px 0; padding: 0; float: none; position: static; text-align: center;\"><img decoding=\"async\"  src=\"https:\/\/a.allegroimg.com\/original\/1151ce\/e68c52644d268322f37fbe3bcb95\/Opony-225-50R17-Greentrac-Season-Master-2szt-2025r-C-B-71dB-3-lata-gwar-Profil-opony-50\" srcset=\"https:\/\/a.allegroimg.com\/original\/1151ce\/e68c52644d268322f37fbe3bcb95\/Opony-225-50R17-Greentrac-Season-Master-2szt-2025r-C-B-71dB-3-lata-gwar-Profil-opony-50 360w,https:\/\/a.allegroimg.com\/original\/1151ce\/e68c52644d268322f37fbe3bcb95\/Opony-225-50R17-Greentrac-Season-Master-2szt-2025r-C-B-71dB-3-lata-gwar-Profil-opony-50 720w,https:\/\/a.allegroimg.com\/original\/1151ce\/e68c52644d268322f37fbe3bcb95\/Opony-225-50R17-Greentrac-Season-Master-2szt-2025r-C-B-71dB-3-lata-gwar-Profil-opony-50 1000w,https:\/\/a.allegroimg.com\/original\/1151ce\/e68c52644d268322f37fbe3bcb95\/Opony-225-50R17-Greentrac-Season-Master-2szt-2025r-C-B-71dB-3-lata-gwar-Profil-opony-50 1000w\" sizes=\"100vw\" width=\"1000px\" alt=\"Opony 225\/50R17 Greentrac Season Master 2szt. 2025r C\/B\/71dB 3 lata gwar. Profil opony 50\"\/ style=\"max-width: 100%; height: auto; display: block; margin: 0 auto;\"><\/div>\n<\/div>\n<\/div>\n<\/div>\n<\/div>\n<\/div>\n<div style=\"clear: both; display: block; margin: 10px 0;\">\n<div style=\"clear: both; display: block; margin: 10px 0;\">\n<div style=\"clear: both; display: block; margin: 10px 0;\">\n<div  style=\"max-width:1000px;max-height:335px\">\n<div style=\"clear: both; display: block; margin: 10px 0;\">\n<div style=\"clear: both; width: 100%; display: block; margin: 20px 0; padding: 0; float: none; position: static; text-align: center;\"><img decoding=\"async\"  src=\"https:\/\/a.allegroimg.com\/original\/117f83\/8c10123b4e7ba0864e914356f6fd\/Opony-225-50R17-Greentrac-Season-Master-2szt-2025r-C-B-71dB-3-lata-gwar-Srednica-17\" srcset=\"https:\/\/a.allegroimg.com\/original\/117f83\/8c10123b4e7ba0864e914356f6fd\/Opony-225-50R17-Greentrac-Season-Master-2szt-2025r-C-B-71dB-3-lata-gwar-Srednica-17 360w,https:\/\/a.allegroimg.com\/original\/117f83\/8c10123b4e7ba0864e914356f6fd\/Opony-225-50R17-Greentrac-Season-Master-2szt-2025r-C-B-71dB-3-lata-gwar-Srednica-17 720w,https:\/\/a.allegroimg.com\/original\/117f83\/8c10123b4e7ba0864e914356f6fd\/Opony-225-50R17-Greentrac-Season-Master-2szt-2025r-C-B-71dB-3-lata-gwar-Srednica-17 1000w,https:\/\/a.allegroimg.com\/original\/117f83\/8c10123b4e7ba0864e914356f6fd\/Opony-225-50R17-Greentrac-Season-Master-2szt-2025r-C-B-71dB-3-lata-gwar-Srednica-17 1000w\" sizes=\"100vw\" width=\"1000px\" alt=\"Opony 225\/50R17 Greentrac Season Master 2szt. 2025r C\/B\/71dB 3 lata gwar. \u015arednica 17&quot;\"\/ style=\"max-width: 100%; height: auto; display: block; margin: 0 auto;\"><\/div>\n<\/div>\n<\/div>\n<\/div>\n<\/div>\n<\/div>\n<div style=\"clear: both; display: block; margin: 10px 0;\">\n<div style=\"clear: both; display: block; margin: 10px 0;\">\n<div style=\"clear: both; display: block; margin: 10px 0;\">\n<div  style=\"max-width:1000px;max-height:361px\">\n<div style=\"clear: both; display: block; margin: 10px 0;\">\n<div style=\"clear: both; width: 100%; display: block; margin: 20px 0; padding: 0; float: none; position: static; text-align: center;\"><img decoding=\"async\"  src=\"https:\/\/a.allegroimg.com\/original\/1176de\/2d5ac7324243a217d65d6fb4d86f\/Opony-225-50R17-Greentrac-Season-Master-2szt-2025r-C-B-71dB-3-lata-gwar-Klasa-pozostale-marki\" srcset=\"https:\/\/a.allegroimg.com\/original\/1176de\/2d5ac7324243a217d65d6fb4d86f\/Opony-225-50R17-Greentrac-Season-Master-2szt-2025r-C-B-71dB-3-lata-gwar-Klasa-pozostale-marki 360w,https:\/\/a.allegroimg.com\/original\/1176de\/2d5ac7324243a217d65d6fb4d86f\/Opony-225-50R17-Greentrac-Season-Master-2szt-2025r-C-B-71dB-3-lata-gwar-Klasa-pozostale-marki 720w,https:\/\/a.allegroimg.com\/original\/1176de\/2d5ac7324243a217d65d6fb4d86f\/Opony-225-50R17-Greentrac-Season-Master-2szt-2025r-C-B-71dB-3-lata-gwar-Klasa-pozostale-marki 1000w,https:\/\/a.allegroimg.com\/original\/1176de\/2d5ac7324243a217d65d6fb4d86f\/Opony-225-50R17-Greentrac-Season-Master-2szt-2025r-C-B-71dB-3-lata-gwar-Klasa-pozostale-marki 1000w\" sizes=\"100vw\" width=\"1000px\" alt=\"Opony 225\/50R17 Greentrac Season Master 2szt. 2025r C\/B\/71dB 3 lata gwar. Klasa pozosta\u0142e marki\"\/ style=\"max-width: 100%; height: auto; display: block; margin: 0 auto;\"><\/div>\n<\/div>\n<\/div>\n<\/div>\n<\/div>\n<\/div>\n<div style=\"clear: both; display: block; margin: 10px 0;\">\n<div style=\"clear: both; display: block; margin: 10px 0;\">\n<div style=\"clear: both; display: block; margin: 10px 0;\">\n<div  style=\"max-width:1000px;max-height:740px\">\n<div style=\"clear: both; display: block; margin: 10px 0;\">\n<div style=\"clear: both; width: 100%; display: block; margin: 20px 0; padding: 0; float: none; position: static; text-align: center;\"><img decoding=\"async\"  src=\"https:\/\/a.allegroimg.com\/original\/11aa91\/5982c8a744d290ab4548ea08ecc2\/Opony-225-50R17-Greentrac-Season-Master-2szt-2025r-C-B-71dB-3-lata-gwar-Model-inny\" srcset=\"https:\/\/a.allegroimg.com\/original\/11aa91\/5982c8a744d290ab4548ea08ecc2\/Opony-225-50R17-Greentrac-Season-Master-2szt-2025r-C-B-71dB-3-lata-gwar-Model-inny 360w,https:\/\/a.allegroimg.com\/original\/11aa91\/5982c8a744d290ab4548ea08ecc2\/Opony-225-50R17-Greentrac-Season-Master-2szt-2025r-C-B-71dB-3-lata-gwar-Model-inny 720w,https:\/\/a.allegroimg.com\/original\/11aa91\/5982c8a744d290ab4548ea08ecc2\/Opony-225-50R17-Greentrac-Season-Master-2szt-2025r-C-B-71dB-3-lata-gwar-Model-inny 1000w,https:\/\/a.allegroimg.com\/original\/11aa91\/5982c8a744d290ab4548ea08ecc2\/Opony-225-50R17-Greentrac-Season-Master-2szt-2025r-C-B-71dB-3-lata-gwar-Model-inny 1000w\" sizes=\"100vw\" width=\"1000px\" alt=\"Opony 225\/50R17 Greentrac Season Master 2szt. 2025r C\/B\/71dB 3 lata gwar. Model inny\"\/ style=\"max-width: 100%; height: auto; display: block; margin: 0 auto;\"><\/div>\n<\/div>\n<\/div>\n<\/div>\n<\/div>\n<\/div>\n<div style=\"clear: both; display: block; margin: 10px 0;\">\n<div style=\"clear: both; display: block; margin: 10px 0;\">\n<div style=\"clear: both; display: block; margin: 10px 0;\">\n<div  style=\"max-width:1000px;max-height:671px\">\n<div style=\"clear: both; display: block; margin: 10px 0;\">\n<div style=\"clear: both; width: 100%; display: block; margin: 20px 0; padding: 0; float: none; position: static; text-align: center;\"><img decoding=\"async\"  src=\"https:\/\/a.allegroimg.com\/original\/11ba34\/11f19a464f26b800cf21174e313a\/Opony-225-50R17-Greentrac-Season-Master-2szt-2025r-C-B-71dB-3-lata-gwar-Kod-producenta-6959613721922\" srcset=\"https:\/\/a.allegroimg.com\/original\/11ba34\/11f19a464f26b800cf21174e313a\/Opony-225-50R17-Greentrac-Season-Master-2szt-2025r-C-B-71dB-3-lata-gwar-Kod-producenta-6959613721922 360w,https:\/\/a.allegroimg.com\/original\/11ba34\/11f19a464f26b800cf21174e313a\/Opony-225-50R17-Greentrac-Season-Master-2szt-2025r-C-B-71dB-3-lata-gwar-Kod-producenta-6959613721922 720w,https:\/\/a.allegroimg.com\/original\/11ba34\/11f19a464f26b800cf21174e313a\/Opony-225-50R17-Greentrac-Season-Master-2szt-2025r-C-B-71dB-3-lata-gwar-Kod-producenta-6959613721922 1000w,https:\/\/a.allegroimg.com\/original\/11ba34\/11f19a464f26b800cf21174e313a\/Opony-225-50R17-Greentrac-Season-Master-2szt-2025r-C-B-71dB-3-lata-gwar-Kod-producenta-6959613721922 1000w\" sizes=\"100vw\" width=\"1000px\" alt=\"Opony 225\/50R17 Greentrac Season Master 2szt. 2025r C\/B\/71dB 3 lata gwar. Kod producenta 6959613721922\"\/ style=\"max-width: 100%; height: auto; display: block; margin: 0 auto;\"><\/div>\n<\/div>\n<\/div>\n<\/div>\n<\/div>\n<\/div>\n<\/div>\n<\/div>\n<\/div>\n<div style=\"clear: both; display: block; margin: 10px 0;\">\n","protected":false},"excerpt":{"rendered":"<p>Kategoria: opony osobowe<\/p>\n<p>Sezon: ca\u0142oroczne<\/p>\n<p>Rozmiar:\u00a0 225\/50R17<\/p>\n<p>Marka i model: Greentrac Season Master<\/p>\n<p>OPONY NOWE.<\/p>\n<p>Rok produkcji: 2025<\/p>\n<p>Indeks pr\u0119dko\u015bci i no\u015bno\u015bci: 98W XL<\/p>\n<p>Rant chroni\u0105cy felg\u0119: tak<\/p>\n","protected":false},"featured_media":9722,"template":"","meta":{"_uag_custom_page_level_css":""},"product_brand":[431],"product_cat":[416,414,413,412],"product_tag":[],"class_list":{"0":"post-9721","1":"product","2":"type-product","3":"status-publish","4":"has-post-thumbnail","6":"product_brand-greentrac","7":"product_cat-caloroczne","8":"product_cat-do-samochodow-osobowych-i-suv","9":"product_cat-opony","10":"product_cat-opony-i-felgi","12":"first","13":"instock","14":"sale","15":"shipping-taxable","16":"purchasable","17":"product-type-simple"},"uagb_featured_image_src":{"full":["https:\/\/oponixo.shop\/tire\/wp-content\/uploads\/2025\/12\/allegro-image-9721.jpg",1000,502,false],"thumbnail":["https:\/\/oponixo.shop\/tire\/wp-content\/uploads\/2025\/12\/allegro-image-9721-150x150.jpg",150,150,true],"medium":["https:\/\/oponixo.shop\/tire\/wp-content\/uploads\/2025\/12\/allegro-image-9721-300x151.jpg",300,151,true],"medium_large":["https:\/\/oponixo.shop\/tire\/wp-content\/uploads\/2025\/12\/allegro-image-9721-768x386.jpg",768,386,true],"large":["https:\/\/oponixo.shop\/tire\/wp-content\/uploads\/2025\/12\/allegro-image-9721.jpg",1000,502,false],"1536x1536":["https:\/\/oponixo.shop\/tire\/wp-content\/uploads\/2025\/12\/allegro-image-9721.jpg",1000,502,false],"2048x2048":["https:\/\/oponixo.shop\/tire\/wp-content\/uploads\/2025\/12\/allegro-image-9721.jpg",1000,502,false],"woocommerce_thumbnail":["https:\/\/oponixo.shop\/tire\/wp-content\/uploads\/2025\/12\/allegro-image-9721-300x300.jpg",300,300,true],"woocommerce_single":["https:\/\/oponixo.shop\/tire\/wp-content\/uploads\/2025\/12\/allegro-image-9721-600x301.jpg",600,301,true],"woocommerce_gallery_thumbnail":["https:\/\/oponixo.shop\/tire\/wp-content\/uploads\/2025\/12\/allegro-image-9721-100x100.jpg",100,100,true]},"uagb_author_info":{"display_name":"admin","author_link":"https:\/\/oponixo.shop\/tire\/author\/"},"uagb_comment_info":0,"uagb_excerpt":"Kategoria: opony osobowe Sezon: ca\u0142oroczne Rozmiar:\u00a0 225\/50R17 Marka i model: Greentrac Season Master OPONY NOWE. Rok produkcji: 2025 Indeks pr\u0119dko\u015bci i no\u015bno\u015bci: 98W XL Rant chroni\u0105cy felg\u0119: tak","_links":{"self":[{"href":"https:\/\/oponixo.shop\/tire\/wp-json\/wp\/v2\/product\/9721","targetHints":{"allow":["GET"]}}],"collection":[{"href":"https:\/\/oponixo.shop\/tire\/wp-json\/wp\/v2\/product"}],"about":[{"href":"https:\/\/oponixo.shop\/tire\/wp-json\/wp\/v2\/types\/product"}],"wp:featuredmedia":[{"embeddable":true,"href":"https:\/\/oponixo.shop\/tire\/wp-json\/wp\/v2\/media\/9722"}],"wp:attachment":[{"href":"https:\/\/oponixo.shop\/tire\/wp-json\/wp\/v2\/media?parent=9721"}],"wp:term":[{"taxonomy":"product_brand","embeddable":true,"href":"https:\/\/oponixo.shop\/tire\/wp-json\/wp\/v2\/product_brand?post=9721"},{"taxonomy":"product_cat","embeddable":true,"href":"https:\/\/oponixo.shop\/tire\/wp-json\/wp\/v2\/product_cat?post=9721"},{"taxonomy":"product_tag","embeddable":true,"href":"https:\/\/oponixo.shop\/tire\/wp-json\/wp\/v2\/product_tag?post=9721"}],"curies":[{"name":"wp","href":"https:\/\/api.w.org\/{rel}","templated":true}]}}