{"id":9831,"date":"2025-12-25T07:58:19","date_gmt":"2025-12-25T07:58:19","guid":{"rendered":"https:\/\/oponyexpert.shop\/xef5\/produkt\/4x-235-45r18-nexen-winguard-sport-2-wu7-98v-xl\/"},"modified":"2025-12-25T07:58:19","modified_gmt":"2025-12-25T07:58:19","slug":"4x-235-45r18-nexen-winguard-sport-2-wu7-98v-xl","status":"publish","type":"product","link":"https:\/\/oponixo.shop\/tire\/produkt\/4x-235-45r18-nexen-winguard-sport-2-wu7-98v-xl\/","title":{"rendered":"4x 235\/45R18 NEXEN WINGUARD SPORT 2 WU7 98V XL"},"content":{"rendered":"<div style=\"font-family: Arial, sans-serif; line-height: 1.6; color: #333; padding: 20px; clear: both; display: block; width: 100%; float: none; position: static; overflow: hidden;\">\n<div style=\"clear: both; display: block; margin: 10px 0;\">\n<div style=\"clear: both; display: block; margin: 10px 0;\">\n<div style=\"clear: both; display: block; margin: 10px 0;\">\n<h2>Opona zimowa Nexen Winguard Sport 2 235\/45R18 98 V przyczepno\u015b\u0107 na \u015bniegu (3PMSF), wzmocnienie (XL)<\/h2>\n<p style=\"margin: 15px 0; line-height: 1.8; clear: both; display: block; width: 100%; float: none; position: static;\">Opona zimowa Nexen Winguard Sport 2 WU7 235\/45R18 98 V<\/p>\n<p style=\"margin: 15px 0; line-height: 1.8; clear: both; display: block; width: 100%; float: none; position: static;\">Cechy produktu:<\/p>\n<ul style=\"margin: 15px 0; padding-left: 20px; clear: both; display: block; width: 100%; float: none; position: static;\">\n<li style=\"margin: 5px 0; padding: 2px 0; clear: both; display: list-item; float: none; position: static;\">sezon: zimowe<\/li>\n<li style=\"margin: 5px 0; padding: 2px 0; clear: both; display: list-item; float: none; position: static;\">szeroko\u015b\u0107\/profil\/\u015brednica: 235\/45R18<\/li>\n<li style=\"margin: 5px 0; padding: 2px 0; clear: both; display: list-item; float: none; position: static;\">indeks no\u015bno\u015bci: 98 &#8211; 750 kg<\/li>\n<li style=\"margin: 5px 0; padding: 2px 0; clear: both; display: list-item; float: none; position: static;\">indeks pr\u0119dko\u015bci: V do 240 km\/h<\/li>\n<li style=\"margin: 5px 0; padding: 2px 0; clear: both; display: list-item; float: none; position: static;\">wzmocnienie (XL)<\/li>\n<\/ul>\n<\/div>\n<\/div>\n<div style=\"clear: both; display: block; margin: 10px 0;\">\n<div style=\"clear: both; display: block; margin: 10px 0;\">\n<div  style=\"max-width:546px;max-height:500px\">\n<div style=\"clear: both; display: block; margin: 10px 0;\">\n<div style=\"clear: both; width: 100%; display: block; margin: 20px 0; padding: 0; float: none; position: static; text-align: center;\"><img decoding=\"async\"  src=\"https:\/\/a.allegroimg.com\/original\/001bd0\/1f9af3f14fffa077fc6f9699ea33\/4x-235-45R18-NEXEN-WINGUARD-SPORT-2-WU7-98V-XL\" srcset=\"https:\/\/a.allegroimg.com\/original\/001bd0\/1f9af3f14fffa077fc6f9699ea33\/4x-235-45R18-NEXEN-WINGUARD-SPORT-2-WU7-98V-XL 360w,https:\/\/a.allegroimg.com\/original\/001bd0\/1f9af3f14fffa077fc6f9699ea33\/4x-235-45R18-NEXEN-WINGUARD-SPORT-2-WU7-98V-XL 546w,https:\/\/a.allegroimg.com\/original\/001bd0\/1f9af3f14fffa077fc6f9699ea33\/4x-235-45R18-NEXEN-WINGUARD-SPORT-2-WU7-98V-XL 546w\" sizes=\"(min-width: 1200px) 560px, (min-width: 992px) 50vw, 100vw\" width=\"546px\" alt=\"4x 235\/45R18 NEXEN WINGUARD SPORT 2 WU7 98V XL\"\/ style=\"max-width: 100%; height: auto; display: block; margin: 0 auto;\"><\/div>\n<\/div>\n<\/div>\n<\/div>\n<\/div>\n<\/div>\n<div style=\"clear: both; display: block; margin: 10px 0;\">\n<div style=\"clear: both; display: block; margin: 10px 0;\">\n<div style=\"clear: both; display: block; margin: 10px 0;\">\n<h3 style=\"color: #2c5aa0; font-size: 18px; margin: 30px 0 15px 0; font-weight: bold; clear: both; display: block; width: 100%; float: none; position: static;\">Informacje dodatkowe:<\/h3>\n<ul style=\"margin: 15px 0; padding-left: 20px; clear: both; display: block; width: 100%; float: none; position: static;\">\n<li style=\"margin: 5px 0; padding: 2px 0; clear: both; display: list-item; float: none; position: static;\">rok produkcji: 2024\/2025 (kupuj\u0105c z tej oferty otrzymasz opony fabrycznie nowe, pe\u0142nowarto\u015bciowe) <\/li>\n<li style=\"margin: 5px 0; padding: 2px 0; clear: both; display: list-item; float: none; position: static;\">stan: fabrycznie nowe <\/li>\n<\/ul>\n<\/div>\n<\/div>\n<\/div>\n<div style=\"clear: both; display: block; margin: 10px 0;\">\n<div style=\"clear: both; display: block; margin: 10px 0;\">\n<div style=\"clear: both; display: block; margin: 10px 0;\">\n<h3 style=\"color: #2c5aa0; font-size: 18px; margin: 30px 0 15px 0; font-weight: bold; clear: both; display: block; width: 100%; float: none; position: static;\">Przeznaczenie<\/h3>\n<p style=\"margin: 15px 0; line-height: 1.8; clear: both; display: block; width: 100%; float: none; position: static;\">Opony Nexen Winguard Sport 2 WU7 to ogumienie zimowe przeznaczone do montowania na ko\u0142ach samochod\u00f3w osobowych z silnikami o wi\u0119kszej mocy. Producent opon WU7 po\u0142o\u017cy\u0142 nacisk na zapewnienie najlepszej wydajno\u015bci na zimowych drogach i wysokiego poziomu bezpiecze\u0144stwa.<\/p>\n<h3 style=\"color: #2c5aa0; font-size: 18px; margin: 30px 0 15px 0; font-weight: bold; clear: both; display: block; width: 100%; float: none; position: static;\">Technologia<\/h3>\n<p style=\"margin: 15px 0; line-height: 1.8; clear: both; display: block; width: 100%; float: none; position: static;\">Zimowe opony samochodowe Nexen Winguard Sport 2 WU7 wyprodukowano z mieszanki gumowej dopracowanej pod k\u0105tem warunk\u00f3w zimowych. Jej sk\u0142adniki dobierano tak, aby mieszanka zachowywa\u0142a optymaln\u0105 elastyczno\u015b\u0107, nawet przy bardzo niskich temperaturach. Dzi\u0119ki temu opona mo\u017ce zachowa\u0107 odpowiedni\u0105 przyczepno\u015b\u0107 i kr\u00f3tk\u0105 drog\u0119 hamowania. In\u017cynierowie poprawili konstrukcj\u0119 opony, dzi\u0119ki czemu gwarantuje lepsz\u0105 stabilno\u015b\u0107 podczas jazdy. Zastosowano tak\u017ce specjalny bie\u017cnik z szeregiem nowoczesnych technologii. To mi\u0119dzy innymi technologia 3D Winter kerf (lepsze osi\u0105gi podczas jazdy na \u015bniegu), zygzakowate rowki, a tak\u017ce technologia Dual Pitch (kraw\u0119dzie gryz\u0105ce dla lepszej przyczepno\u015bci na \u015bniegu i lodzie).<\/p>\n<h3 style=\"color: #2c5aa0; font-size: 18px; margin: 30px 0 15px 0; font-weight: bold; clear: both; display: block; width: 100%; float: none; position: static;\">Bie\u017cnik<\/h3>\n<p style=\"margin: 15px 0; line-height: 1.8; clear: both; display: block; width: 100%; float: none; position: static;\">Zimowe opony samochodowe Nexen Winguard Sport 2 WU7 maj\u0105 kierunkowy bie\u017cnik symetryczny. W jego sk\u0142ad wchodz\u0105 d\u0142ugie rowki, \u0142\u0105cz\u0105ce obydwa boki opon, uk\u0142adaj\u0105ce si\u0119 w kszta\u0142t litery V. Rowki wyznaczaj\u0105 kszta\u0142t klock\u00f3w na czole opony. Na barkach zastosowano du\u017ce, prostok\u0105tne klocki. Ca\u0142o\u015b\u0107 uzupe\u0142niaj\u0105 liczne lamelki i rowki usuwaj\u0105ce wod\u0119, chroni\u0105ce przed aquaplaningiem.<\/p>\n<h3 style=\"color: #2c5aa0; font-size: 18px; margin: 30px 0 15px 0; font-weight: bold; clear: both; display: block; width: 100%; float: none; position: static;\">Producent<\/h3>\n<p style=\"margin: 15px 0; line-height: 1.8; clear: both; display: block; width: 100%; float: none; position: static;\">Nexen to producent ogumienia samochodowego maj\u0105cy swoj\u0105 siedzib\u0119 w Korei Po\u0142udniowej. W 1956 roku w prowincji Kyongsang rozpocz\u0119\u0142a dzia\u0142alno\u015b\u0107 firma Heungh-Ah. Firma rozpocz\u0119\u0142a produkcj\u0119 opon motocyklowych na ameryka\u0144skiej licencji. Na pocz\u0105tku lat 60. uruchomiono produkcj\u0119 opon samochodowych. W 1968 roku firma zmieni\u0142a nazw\u0119 na Woosung Tire. W latach 80. rozpocz\u0119to ekspansj\u0119 na rynki azjatyckie. Nawi\u0105zano mi\u0119dzy innymi joint-venture z koncernem Michelin. W 1998 roku, w zwi\u0105zku z kryzysem w korea\u0144skiej bran\u017cy motoryzacyjnej, firma Woosung upad\u0142a. Rok p\u00f3\u017aniej producent rozpocz\u0105\u0142 dzia\u0142alno\u015b\u0107 pod now\u0105 nazw\u0105 Nexen. Nowy model dzia\u0142alno\u015bci pozwoli\u0142 osi\u0105gn\u0105\u0107 wiele sukces\u00f3w. W ci\u0105gu kilkunastu lat Nexen zbudowa\u0142 nowe zak\u0142ady produkcyjne, rozszerzy\u0142 ofert\u0119 produkt\u00f3w i rozpocz\u0105\u0142 sprzeda\u017c na wielu nowych rynkach.<\/p>\n<\/div>\n<\/div>\n<\/div>\n<div style=\"clear: both; display: block; margin: 10px 0;\">\n<div style=\"clear: both; display: block; margin: 10px 0;\">\n<div style=\"clear: both; display: block; margin: 10px 0;\">\n<div  style=\"max-width:546px;max-height:500px\">\n<div style=\"clear: both; display: block; margin: 10px 0;\">\n<div style=\"clear: both; width: 100%; display: block; margin: 20px 0; padding: 0; float: none; position: static; text-align: center;\"><img decoding=\"async\"  src=\"https:\/\/a.allegroimg.com\/original\/001bd0\/1f9af3f14fffa077fc6f9699ea33\/4x-235-45R18-NEXEN-WINGUARD-SPORT-2-WU7-98V-XL\" srcset=\"https:\/\/a.allegroimg.com\/original\/001bd0\/1f9af3f14fffa077fc6f9699ea33\/4x-235-45R18-NEXEN-WINGUARD-SPORT-2-WU7-98V-XL 360w,https:\/\/a.allegroimg.com\/original\/001bd0\/1f9af3f14fffa077fc6f9699ea33\/4x-235-45R18-NEXEN-WINGUARD-SPORT-2-WU7-98V-XL 546w,https:\/\/a.allegroimg.com\/original\/001bd0\/1f9af3f14fffa077fc6f9699ea33\/4x-235-45R18-NEXEN-WINGUARD-SPORT-2-WU7-98V-XL 546w\" sizes=\"100vw\" width=\"546px\" alt=\"4x 235\/45R18 NEXEN WINGUARD SPORT 2 WU7 98V XL\"\/ style=\"max-width: 100%; height: auto; display: block; margin: 0 auto;\"><\/div>\n<\/div>\n<\/div>\n<\/div>\n<\/div>\n<\/div>\n<\/div>\n<\/div>\n<\/div>\n<div style=\"clear: both; display: block; margin: 10px 0;\">\n","protected":false},"excerpt":{"rendered":"<p>Opona zimowa Nexen Winguard Sport 2 235\/45R18 98 V przyczepno\u015b\u0107 na \u015bniegu (3PMSF), wzmocnienie (XL)<\/p>\n<p>Opona zimowa Nexen Winguard Sport 2 WU7 235\/45R18 98 V<\/p>\n<p>Cechy produktu:<\/p>\n<p>sezon: zimowe<\/p>\n<p>szeroko\u015b\u0107\/profil\/\u015brednica: 235\/45R18<\/p>\n<p>indeks no\u015bno\u015bci: 98 &#8211; 750 kg<\/p>\n<p>indeks pr\u0119dko\u015bci: V do 240 km\/h<\/p>\n<p>wzmocnienie (XL)<\/p>\n","protected":false},"featured_media":9832,"template":"","meta":{"_uag_custom_page_level_css":""},"product_brand":[392],"product_cat":[414,413,412,415],"product_tag":[],"class_list":{"0":"post-9831","1":"product","2":"type-product","3":"status-publish","4":"has-post-thumbnail","6":"product_brand-nexen","7":"product_cat-do-samochodow-osobowych-i-suv","8":"product_cat-opony","9":"product_cat-opony-i-felgi","10":"product_cat-zimowe","12":"first","13":"instock","14":"sale","15":"shipping-taxable","16":"purchasable","17":"product-type-simple"},"uagb_featured_image_src":{"full":["https:\/\/oponixo.shop\/tire\/wp-content\/uploads\/2025\/12\/allegro-image-9831.jpg",546,500,false],"thumbnail":["https:\/\/oponixo.shop\/tire\/wp-content\/uploads\/2025\/12\/allegro-image-9831-150x150.jpg",150,150,true],"medium":["https:\/\/oponixo.shop\/tire\/wp-content\/uploads\/2025\/12\/allegro-image-9831-300x275.jpg",300,275,true],"medium_large":["https:\/\/oponixo.shop\/tire\/wp-content\/uploads\/2025\/12\/allegro-image-9831.jpg",546,500,false],"large":["https:\/\/oponixo.shop\/tire\/wp-content\/uploads\/2025\/12\/allegro-image-9831.jpg",546,500,false],"1536x1536":["https:\/\/oponixo.shop\/tire\/wp-content\/uploads\/2025\/12\/allegro-image-9831.jpg",546,500,false],"2048x2048":["https:\/\/oponixo.shop\/tire\/wp-content\/uploads\/2025\/12\/allegro-image-9831.jpg",546,500,false],"woocommerce_thumbnail":["https:\/\/oponixo.shop\/tire\/wp-content\/uploads\/2025\/12\/allegro-image-9831-300x300.jpg",300,300,true],"woocommerce_single":["https:\/\/oponixo.shop\/tire\/wp-content\/uploads\/2025\/12\/allegro-image-9831.jpg",546,500,false],"woocommerce_gallery_thumbnail":["https:\/\/oponixo.shop\/tire\/wp-content\/uploads\/2025\/12\/allegro-image-9831-100x100.jpg",100,100,true]},"uagb_author_info":{"display_name":"admin","author_link":"https:\/\/oponixo.shop\/tire\/author\/"},"uagb_comment_info":0,"uagb_excerpt":"Opona zimowa Nexen Winguard Sport 2 235\/45R18 98 V przyczepno\u015b\u0107 na \u015bniegu (3PMSF), wzmocnienie (XL) Opona zimowa Nexen Winguard Sport 2 WU7 235\/45R18 98 V Cechy produktu: sezon: zimowe szeroko\u015b\u0107\/profil\/\u015brednica: 235\/45R18 indeks no\u015bno\u015bci: 98 - 750 kg indeks pr\u0119dko\u015bci: V do 240 km\/h wzmocnienie (XL)","_links":{"self":[{"href":"https:\/\/oponixo.shop\/tire\/wp-json\/wp\/v2\/product\/9831","targetHints":{"allow":["GET"]}}],"collection":[{"href":"https:\/\/oponixo.shop\/tire\/wp-json\/wp\/v2\/product"}],"about":[{"href":"https:\/\/oponixo.shop\/tire\/wp-json\/wp\/v2\/types\/product"}],"wp:featuredmedia":[{"embeddable":true,"href":"https:\/\/oponixo.shop\/tire\/wp-json\/wp\/v2\/media\/9832"}],"wp:attachment":[{"href":"https:\/\/oponixo.shop\/tire\/wp-json\/wp\/v2\/media?parent=9831"}],"wp:term":[{"taxonomy":"product_brand","embeddable":true,"href":"https:\/\/oponixo.shop\/tire\/wp-json\/wp\/v2\/product_brand?post=9831"},{"taxonomy":"product_cat","embeddable":true,"href":"https:\/\/oponixo.shop\/tire\/wp-json\/wp\/v2\/product_cat?post=9831"},{"taxonomy":"product_tag","embeddable":true,"href":"https:\/\/oponixo.shop\/tire\/wp-json\/wp\/v2\/product_tag?post=9831"}],"curies":[{"name":"wp","href":"https:\/\/api.w.org\/{rel}","templated":true}]}}