{"id":9867,"date":"2025-12-25T08:04:59","date_gmt":"2025-12-25T08:04:59","guid":{"rendered":"https:\/\/oponyexpert.shop\/xef5\/produkt\/2-opony-zimowe-235-55r19-105w-bridgestone-blizzak-6\/"},"modified":"2025-12-25T08:05:00","modified_gmt":"2025-12-25T08:05:00","slug":"2-opony-zimowe-235-55r19-105w-bridgestone-blizzak-6","status":"publish","type":"product","link":"https:\/\/oponixo.shop\/tire\/produkt\/2-opony-zimowe-235-55r19-105w-bridgestone-blizzak-6\/","title":{"rendered":"2 opony zimowe 235\/55R19 105W BRIDGESTONE Blizzak 6"},"content":{"rendered":"<div style=\"font-family: Arial, sans-serif; line-height: 1.6; color: #333; padding: 20px; clear: both; display: block; width: 100%; float: none; position: static; overflow: hidden;\">\n<div style=\"clear: both; display: block; margin: 10px 0;\">\n<div style=\"clear: both; display: block; margin: 10px 0;\">\n<div style=\"clear: both; display: block; margin: 10px 0;\">\n<ul style=\"margin: 15px 0; padding-left: 20px; clear: both; display: block; width: 100%; float: none; position: static;\">\n<li style=\"margin: 5px 0; padding: 2px 0; clear: both; display: list-item; float: none; position: static;\">MARKA\/MODEL: <b>BRIDGESTONE Blizzak 6<\/b><\/li>\n<li style=\"margin: 5px 0; padding: 2px 0; clear: both; display: list-item; float: none; position: static;\">ROZMIAR OPON: <b> 235\/55R19<\/b><\/li>\n<li style=\"margin: 5px 0; padding: 2px 0; clear: both; display: list-item; float: none; position: static;\">INDEKS PR\u0118DKO\u015aCI: <b>W<\/b><\/li>\n<li style=\"margin: 5px 0; padding: 2px 0; clear: both; display: list-item; float: none; position: static;\">INDEKS NO\u015aNO\u015aCI: <b>105 XL<\/b><\/li>\n<li style=\"margin: 5px 0; padding: 2px 0; clear: both; display: list-item; float: none; position: static;\">DATA PRODUKCJI: <b>nie starsze ni\u017c 2025<\/b><\/li>\n<li style=\"margin: 5px 0; padding: 2px 0; clear: both; display: list-item; float: none; position: static;\">SEZON: <b>Zimowe<\/b><\/li>\n<li style=\"margin: 5px 0; padding: 2px 0; clear: both; display: list-item; float: none; position: static;\">STAN: <b>Nowy<\/b><\/li>\n<li style=\"margin: 5px 0; padding: 2px 0; clear: both; display: list-item; float: none; position: static;\">RANT OCHRONNY NA FELG\u0118: <b>Brak<\/b><\/li>\n<li style=\"margin: 5px 0; padding: 2px 0; clear: both; display: list-item; float: none; position: static;\">DODATKOWE OZNACZENIA: <\/li>\n<\/ul>\n<\/div>\n<\/div>\n<div style=\"clear: both; display: block; margin: 10px 0;\">\n<div style=\"clear: both; display: block; margin: 10px 0;\">\n<div  style=\"max-width:376px;max-height:499px\">\n<div style=\"clear: both; display: block; margin: 10px 0;\">\n<div style=\"clear: both; width: 100%; display: block; margin: 20px 0; padding: 0; float: none; position: static; text-align: center;\"><img decoding=\"async\"  src=\"https:\/\/a.allegroimg.com\/original\/1178ab\/c8b8f3da48e79e0c9438941bcfd2\/2-opony-zimowe-235-55R19-105W-BRIDGESTONE-Blizzak-6\" srcset=\"https:\/\/a.allegroimg.com\/original\/1178ab\/c8b8f3da48e79e0c9438941bcfd2\/2-opony-zimowe-235-55R19-105W-BRIDGESTONE-Blizzak-6 271w,https:\/\/a.allegroimg.com\/original\/1178ab\/c8b8f3da48e79e0c9438941bcfd2\/2-opony-zimowe-235-55R19-105W-BRIDGESTONE-Blizzak-6 376w,https:\/\/a.allegroimg.com\/original\/1178ab\/c8b8f3da48e79e0c9438941bcfd2\/2-opony-zimowe-235-55R19-105W-BRIDGESTONE-Blizzak-6 376w\" sizes=\"(min-width: 1200px) 560px, (min-width: 992px) 50vw, 100vw\" width=\"376px\" alt=\"2 opony zimowe 235\/55R19 105W BRIDGESTONE Blizzak 6\"\/ style=\"max-width: 100%; height: auto; display: block; margin: 0 auto;\"><\/div>\n<\/div>\n<\/div>\n<\/div>\n<\/div>\n<\/div>\n<div style=\"clear: both; display: block; margin: 10px 0;\">\n<div style=\"clear: both; display: block; margin: 10px 0;\">\n<div style=\"clear: both; display: block; margin: 10px 0;\">\n<div  style=\"max-width:886px;max-height:1299px\">\n<div style=\"clear: both; display: block; margin: 10px 0;\">\n<div style=\"clear: both; width: 100%; display: block; margin: 20px 0; padding: 0; float: none; position: static; text-align: center;\"><img decoding=\"async\"  src=\"https:\/\/a.allegroimg.com\/original\/1198fe\/65615498480f8af1fb353ee25f74\/2-opony-zimowe-235-55R19-105W-BRIDGESTONE-Blizzak-6-Liczba-opon-w-ofercie-2-szt\" srcset=\"https:\/\/a.allegroimg.com\/original\/1198fe\/65615498480f8af1fb353ee25f74\/2-opony-zimowe-235-55R19-105W-BRIDGESTONE-Blizzak-6-Liczba-opon-w-ofercie-2-szt 245w,https:\/\/a.allegroimg.com\/original\/1198fe\/65615498480f8af1fb353ee25f74\/2-opony-zimowe-235-55R19-105W-BRIDGESTONE-Blizzak-6-Liczba-opon-w-ofercie-2-szt 491w,https:\/\/a.allegroimg.com\/original\/1198fe\/65615498480f8af1fb353ee25f74\/2-opony-zimowe-235-55R19-105W-BRIDGESTONE-Blizzak-6-Liczba-opon-w-ofercie-2-szt 698w,https:\/\/a.allegroimg.com\/original\/1198fe\/65615498480f8af1fb353ee25f74\/2-opony-zimowe-235-55R19-105W-BRIDGESTONE-Blizzak-6-Liczba-opon-w-ofercie-2-szt 886w,https:\/\/a.allegroimg.com\/original\/1198fe\/65615498480f8af1fb353ee25f74\/2-opony-zimowe-235-55R19-105W-BRIDGESTONE-Blizzak-6-Liczba-opon-w-ofercie-2-szt 886w\" sizes=\"100vw\" width=\"886px\" alt=\"2 opony zimowe 235\/55R19 105W BRIDGESTONE Blizzak 6 Liczba opon w ofercie 2 szt.\"\/ style=\"max-width: 100%; height: auto; display: block; margin: 0 auto;\"><\/div>\n<\/div>\n<\/div>\n<\/div>\n<\/div>\n<\/div>\n<div style=\"clear: both; display: block; margin: 10px 0;\">\n<div style=\"clear: both; display: block; margin: 10px 0;\">\n<div style=\"clear: both; display: block; margin: 10px 0;\">\n<div  style=\"max-width:1600px;max-height:464px\">\n<div style=\"clear: both; display: block; margin: 10px 0;\">\n<div style=\"clear: both; width: 100%; display: block; margin: 20px 0; padding: 0; float: none; position: static; text-align: center;\"><img decoding=\"async\"  src=\"https:\/\/a.allegroimg.com\/original\/11ed8e\/10e1edb44409a89ed0882319d687\/2-opony-zimowe-235-55R19-105W-BRIDGESTONE-Blizzak-6-Rok-produkcji-2025\" srcset=\"https:\/\/a.allegroimg.com\/original\/11ed8e\/10e1edb44409a89ed0882319d687\/2-opony-zimowe-235-55R19-105W-BRIDGESTONE-Blizzak-6-Rok-produkcji-2025 360w,https:\/\/a.allegroimg.com\/original\/11ed8e\/10e1edb44409a89ed0882319d687\/2-opony-zimowe-235-55R19-105W-BRIDGESTONE-Blizzak-6-Rok-produkcji-2025 720w,https:\/\/a.allegroimg.com\/original\/11ed8e\/10e1edb44409a89ed0882319d687\/2-opony-zimowe-235-55R19-105W-BRIDGESTONE-Blizzak-6-Rok-produkcji-2025 1024w,https:\/\/a.allegroimg.com\/original\/11ed8e\/10e1edb44409a89ed0882319d687\/2-opony-zimowe-235-55R19-105W-BRIDGESTONE-Blizzak-6-Rok-produkcji-2025 1440w,https:\/\/a.allegroimg.com\/original\/11ed8e\/10e1edb44409a89ed0882319d687\/2-opony-zimowe-235-55R19-105W-BRIDGESTONE-Blizzak-6-Rok-produkcji-2025 1600w\" sizes=\"(min-width: 1200px) 560px, (min-width: 992px) 50vw, 100vw\" width=\"1600px\" alt=\"2 opony zimowe 235\/55R19 105W BRIDGESTONE Blizzak 6 Rok produkcji 2025\"\/ style=\"max-width: 100%; height: auto; display: block; margin: 0 auto;\"><\/div>\n<\/div>\n<\/div>\n<\/div>\n<\/div>\n<div style=\"clear: both; display: block; margin: 10px 0;\">\n<div style=\"clear: both; display: block; margin: 10px 0;\">\n<p style=\"margin: 15px 0; line-height: 1.8; clear: both; display: block; width: 100%; float: none; position: static;\"><b>Bridgestone<\/b> &#8211; najwi\u0119kszy producent opon i wyrob\u00f3w gumowych na \u015bwiecie. Przedsi\u0119biorstwo zosta\u0142o za\u0142o\u017cone w 1931 roku w Japonii. W swojej ofercie posiada opony osobowe, 4&#215;4, terenowe, dostawcze, ci\u0119\u017carowe, dla maszyn przemys\u0142owych, rolniczych, autobus\u00f3w, ci\u0105gnik\u00f3w i motocykli. Opr\u00f3cz opon koncern produkuje cz\u0119\u015bci samochodowe, przemys\u0142owe wyroby gumowe, produkty chemiczne i artyku\u0142y sportowe. W 170 zak\u0142adach produkcyjnych na ca\u0142ym \u015bwiecie zatrudnionych jest ponad 140.000 pracownik\u00f3w. Dzi\u0119ki wiod\u0105cej technologii koncern jest g\u0142\u00f3wnym dostawc\u0105 oryginalnego wyposa\u017cenia wszystkich wiod\u0105cych producent\u00f3w samochod\u00f3w osobowych: VW, Ford, BMW, Mercedes, GM, Peugeot, Renault, Toyota, Fiat oraz do producent\u00f3w ci\u0119\u017car\u00f3wek. Do grupy Bridgestone nale\u017c\u0105 marki Firestone oraz Dayton.<\/p>\n<\/div>\n<\/div>\n<\/div>\n<div style=\"clear: both; display: block; margin: 10px 0;\">\n<div style=\"clear: both; display: block; margin: 10px 0;\">\n<div style=\"clear: both; display: block; margin: 10px 0;\">\n<h2>Na naszych innych aukcjach Allegro znajdziesz felgi stalowe i aluminiowe, czujniki (TPMS) oraz \u015bruby i nakr\u0119tki.<\/h2>\n<\/div>\n<\/div>\n<\/div>\n<\/div>\n<\/div>\n<\/div>\n<div style=\"clear: both; display: block; margin: 10px 0;\">\n","protected":false},"excerpt":{"rendered":"<p>MARKA\/MODEL: BRIDGESTONE Blizzak 6<\/p>\n<p>ROZMIAR OPON: 235\/55R19<\/p>\n<p>INDEKS PR\u0118DKO\u015aCI: W<\/p>\n<p>INDEKS NO\u015aNO\u015aCI: 105 XL<\/p>\n<p>DATA PRODUKCJI: nie starsze ni\u017c 2025<\/p>\n<p>SEZON: Zimowe<\/p>\n<p>STAN: Nowy<\/p>\n<p>RANT OCHRONNY NA FELG\u0118: Brak<\/p>\n","protected":false},"featured_media":9868,"template":"","meta":{"_uag_custom_page_level_css":""},"product_brand":[397],"product_cat":[414,413,412,415],"product_tag":[],"class_list":{"0":"post-9867","1":"product","2":"type-product","3":"status-publish","4":"has-post-thumbnail","6":"product_brand-bridgestone","7":"product_cat-do-samochodow-osobowych-i-suv","8":"product_cat-opony","9":"product_cat-opony-i-felgi","10":"product_cat-zimowe","12":"first","13":"instock","14":"sale","15":"shipping-taxable","16":"purchasable","17":"product-type-simple"},"uagb_featured_image_src":{"full":["https:\/\/oponixo.shop\/tire\/wp-content\/uploads\/2025\/12\/allegro-image-9867.jpg",376,499,false],"thumbnail":["https:\/\/oponixo.shop\/tire\/wp-content\/uploads\/2025\/12\/allegro-image-9867-150x150.jpg",150,150,true],"medium":["https:\/\/oponixo.shop\/tire\/wp-content\/uploads\/2025\/12\/allegro-image-9867-226x300.jpg",226,300,true],"medium_large":["https:\/\/oponixo.shop\/tire\/wp-content\/uploads\/2025\/12\/allegro-image-9867.jpg",376,499,false],"large":["https:\/\/oponixo.shop\/tire\/wp-content\/uploads\/2025\/12\/allegro-image-9867.jpg",376,499,false],"1536x1536":["https:\/\/oponixo.shop\/tire\/wp-content\/uploads\/2025\/12\/allegro-image-9867.jpg",376,499,false],"2048x2048":["https:\/\/oponixo.shop\/tire\/wp-content\/uploads\/2025\/12\/allegro-image-9867.jpg",376,499,false],"woocommerce_thumbnail":["https:\/\/oponixo.shop\/tire\/wp-content\/uploads\/2025\/12\/allegro-image-9867-300x300.jpg",300,300,true],"woocommerce_single":["https:\/\/oponixo.shop\/tire\/wp-content\/uploads\/2025\/12\/allegro-image-9867.jpg",376,499,false],"woocommerce_gallery_thumbnail":["https:\/\/oponixo.shop\/tire\/wp-content\/uploads\/2025\/12\/allegro-image-9867-100x100.jpg",100,100,true]},"uagb_author_info":{"display_name":"admin","author_link":"https:\/\/oponixo.shop\/tire\/author\/"},"uagb_comment_info":0,"uagb_excerpt":"MARKA\/MODEL: BRIDGESTONE Blizzak 6 ROZMIAR OPON: 235\/55R19 INDEKS PR\u0118DKO\u015aCI: W INDEKS NO\u015aNO\u015aCI: 105 XL DATA PRODUKCJI: nie starsze ni\u017c 2025 SEZON: Zimowe STAN: Nowy RANT OCHRONNY NA FELG\u0118: Brak","_links":{"self":[{"href":"https:\/\/oponixo.shop\/tire\/wp-json\/wp\/v2\/product\/9867","targetHints":{"allow":["GET"]}}],"collection":[{"href":"https:\/\/oponixo.shop\/tire\/wp-json\/wp\/v2\/product"}],"about":[{"href":"https:\/\/oponixo.shop\/tire\/wp-json\/wp\/v2\/types\/product"}],"wp:featuredmedia":[{"embeddable":true,"href":"https:\/\/oponixo.shop\/tire\/wp-json\/wp\/v2\/media\/9868"}],"wp:attachment":[{"href":"https:\/\/oponixo.shop\/tire\/wp-json\/wp\/v2\/media?parent=9867"}],"wp:term":[{"taxonomy":"product_brand","embeddable":true,"href":"https:\/\/oponixo.shop\/tire\/wp-json\/wp\/v2\/product_brand?post=9867"},{"taxonomy":"product_cat","embeddable":true,"href":"https:\/\/oponixo.shop\/tire\/wp-json\/wp\/v2\/product_cat?post=9867"},{"taxonomy":"product_tag","embeddable":true,"href":"https:\/\/oponixo.shop\/tire\/wp-json\/wp\/v2\/product_tag?post=9867"}],"curies":[{"name":"wp","href":"https:\/\/api.w.org\/{rel}","templated":true}]}}